{"id":10008,"date":"2022-05-12T03:35:09","date_gmt":"2022-05-12T01:35:09","guid":{"rendered":"https:\/\/wegeblw.pl\/index.php\/produkt\/now-foods-c-complex-powder-buffered-227-g\/"},"modified":"2026-04-07T14:56:30","modified_gmt":"2026-04-07T12:56:30","slug":"now-foods-c-complex-powder-buffered-227-g","status":"publish","type":"product","link":"https:\/\/wegeblw.pl\/index.php\/produkt\/now-foods-c-complex-powder-buffered-227-g\/","title":{"rendered":"Now Foods C-Complex Powder Buffered 227 g"},"content":{"rendered":"<p>Wyr\u00f3b medyczny innyProdukt delikatnie usuwa nadmiar woskowiny, kurz i inne zanieczyszczenia z zewn\u0119trznego przewodu s\u0142uchowego. Aidispray wyposa\u017cony jest w dozownik i specjaln\u0105 ko\u0144c\u00f3wk\u0119, kt\u00f3ra chroni przed wytwarzaniem abyt wysokiego ci\u015bnienia. Preparat zosta\u0142 stworzony z my\u015bl\u0105 o wra\u017cliwych uszach dzieci, pozwalaj\u0105c im ju\u017c od 3 roku \u017cycia, przyzwyczai\u0107 si\u0119 do regularnej higieny uszu. Regularne stosowanie Audispray junior zapobiega powstawaniu kork\u00f3w woskowinowych i pozwala unika\u0107 patyczk\u00f3w bawe\u0142nianych, kt\u00f3re po wprowadzeniu do przewodu s\u0142uchowego, powoduj\u0105 przesuwanie woskowiny wg\u0142\u0105b ucha w kierunku b\u0142ony b\u0119benkowej.Zastosowanie: preparat wskazany jest dla os\u00f3b, kt\u00f3re pragn\u0105 zachowa\u0107 higien\u0119 uszu, maj\u0105 problem z zalegaj\u0105c\u0105 w uszach woskowina, kt\u00f3ra utrudnia w\u0142a\u015bciwe s\u0142yszenie.Spos\u00f3b u\u017cycia: produkt stosuje si\u0119 1-2 razy w tygodniu, po jednej do dw\u00f3ch dawek do ka\u017cdego ucha. U dzieci ze zwi\u0119kszonym wytwarzaniem woskowiny w preparat mo\u017cna stosowa\u0107 cz\u0119\u015bciej.- Skierowa\u0107 ko\u0144c\u00f3wk\u0119 do ucha, nastepnie nacisn\u0105\u0107 dozownik trzymaj\u0105c pojemnik w pozycji pionowej. Masowa\u0107 ucho przez kilka sekund.- Przechyli\u0107 g\u0142ow\u0119 na bok, aby usun\u0105\u0107 nadmiar p\u0142ynu, a nast\u0119pnie wytrze\u0107 ucho.- Po ka\u017cdym u\u017cyciu op\u0142uka\u0107 ko\u0144c\u00f3wk\u0119 ciep\u0142\u0105 wod\u0105.Sk\u0142adniki: hipertoniczny roztw\u00f3r wody morskiej.Wa\u017cne wskaz\u00f3wki:Przechowywa\u0107 w spos\u00f3b niedost\u0119pny dla ma\u0142ych dzieci.Producent:Perffarma Sp. z o.o.ul. Kr\u00f3lowej Marysie\u0144ki 13\/11,02-954 Warszawa.<\/p>\n<p>Dzieci i niemowl\u0119ta<\/p>\n<p>jab\u0142ka ze s\u0142oika do szarlotki, arborio, w\u0119giel lekarski, pierniki ozdobne, szynka prosciutto, objawy kamicy p\u0119cherzyka \u017c\u00f3\u0142ciowego, dieta niskoweglowodanowa, m\u0105ki ekologiczne, grzybki moon, pieczywo, jak ugotowa\u0107 amarantus, kambucza, jakie przyprawy do krewetek, olej magnezowy, jaki ryz do risotto, chleb bezglutenowy schar, kasza bulgar, \u017curawina surowa przepisy, wiejski chleb, berberine complex dzia\u0142anie<\/p>\n<p>yyyyy<\/p>\n","protected":false},"excerpt":{"rendered":"<p>Wyr\u00f3b medyczny innyProdukt delikatnie usuwa nadmiar woskowiny, kurz i inne zanieczyszczenia z zewn\u0119trznego przewodu s\u0142uchowego. Aidispray wyposa\u017cony jest w dozownik&hellip;<\/p>\n","protected":false},"featured_media":10009,"comment_status":"closed","ping_status":"open","template":"","meta":[],"product_cat":[28],"product_tag":[763,746,806,823],"class_list":["post-10008","product","type-product","status-publish","has-post-thumbnail","hentry","product_cat-srodki-na-przeziebienie","product_tag-jak-spozywac-kurkume-leczniczo","product_tag-majonez-byodo","product_tag-mieso-ekologiczne","product_tag-olej-z-ryzu"],"_links":{"self":[{"href":"https:\/\/wegeblw.pl\/index.php\/wp-json\/wp\/v2\/product\/10008","targetHints":{"allow":["GET"]}}],"collection":[{"href":"https:\/\/wegeblw.pl\/index.php\/wp-json\/wp\/v2\/product"}],"about":[{"href":"https:\/\/wegeblw.pl\/index.php\/wp-json\/wp\/v2\/types\/product"}],"replies":[{"embeddable":true,"href":"https:\/\/wegeblw.pl\/index.php\/wp-json\/wp\/v2\/comments?post=10008"}],"wp:featuredmedia":[{"embeddable":true,"href":"https:\/\/wegeblw.pl\/index.php\/wp-json\/wp\/v2\/media\/10009"}],"wp:attachment":[{"href":"https:\/\/wegeblw.pl\/index.php\/wp-json\/wp\/v2\/media?parent=10008"}],"wp:term":[{"taxonomy":"product_cat","embeddable":true,"href":"https:\/\/wegeblw.pl\/index.php\/wp-json\/wp\/v2\/product_cat?post=10008"},{"taxonomy":"product_tag","embeddable":true,"href":"https:\/\/wegeblw.pl\/index.php\/wp-json\/wp\/v2\/product_tag?post=10008"}],"curies":[{"name":"wp","href":"https:\/\/api.w.org\/{rel}","templated":true}]}}