{"id":1051,"date":"2025-07-14T09:05:23","date_gmt":"2025-07-14T07:05:23","guid":{"rendered":"https:\/\/wegeblw.pl\/?post_type=product&#038;p=1051"},"modified":"2026-04-06T23:50:15","modified_gmt":"2026-04-06T21:50:15","slug":"iwostin-purritin-aktywny-zel-do-mycia-twarzy-300ml","status":"publish","type":"product","link":"https:\/\/wegeblw.pl\/index.php\/produkt\/iwostin-purritin-aktywny-zel-do-mycia-twarzy-300ml\/","title":{"rendered":"Iwostin Purritin Aktywny \u017bel Do Mycia Twarzy 300ml"},"content":{"rendered":"<p>Posta\u0107 Aerozol Opakowanie Spray 75ml Sk\u0142ad Woda oczyszczona, powierzchniowo czynna betaina, 0,1% polyaminopropylu biguanidyny (poliheksanidyna). Dzia\u0142anie Preparat w aerozolu przyspiesza gojenie dzi\u0119ki optymalnemu oczyszczeniu rany. S\u0142u\u017cy do sp\u0142ukiwania i nawil\u017cania: powierzchniowych ran (np.skaleczenia sk\u00f3ry, pogryzienia, rany ci\u0119te, otarcia, p\u0119kni\u0119cia i zgniecenia), powierzchniowych poparze\u0144 ogniem i substancjami chemicznymi. zapobiega zaka\u017ceniom ran i chroni przed bakteriami opornymi na antybiotyki (MRSA, VRE, ESBL), zmniejsza b\u00f3l i nie powoduje b\u00f3lu podczas stosowania, stwarza optymalne warunki do gojenia si\u0119 ran, nie hamuje ziarninowania i nask\u00f3rkowania, umo\u017cliwia bezbolesne usuwanie zaschni\u0119tych opatrunk\u00f3w, przebadany dermatologicznie. Wskazania W celu oczyszczenia ran powierzchniowych (skalecze\u0144, pogryzie\u0144, otar\u0107, p\u0119kni\u0119\u0107, zgniece\u0144) oraz powierzchniowych poparze\u0144. Spos\u00f3b u\u017cycia Je\u015bli masz zaschni\u0119ty plaster lub strup na ranie, obficie spryskaj przyschni\u0119ty opatrunek Aerozolu na rany Prontosan\u00ae, odczekaj ok. 7-10 min. i odklej bezbole\u015bnie namokni\u0119ty plaster. Nast\u0119pnie u\u017cyj ponownie Aerozolu Prontosan\u00ae, pryskaj\u0105c bezpo\u015brednio na ran\u0119, w taki spos\u00f3b aby ca\u0142a jej powierzchnia i otoczenie by\u0142a wilgotna. Na tak przygotowan\u0105 ran\u0119 zabezpiecz ran\u0119 plastrem, dzi\u0119ki temu Aerozol Prontosan\u00ae b\u0119dzie m\u00f3g\u0142 dzia\u0142a\u0107 d\u0142u\u017cej. Czynno\u015bci powtarzaj kilka razy w ci\u0105gu dnia.<\/p>\n<p>Nutrikosmetyki i leki dermatologiczne<\/p>\n<p>makaron br\u0105zowy, dieta sirtfood przepisy na tydzie\u0144, herbata ze \u015bwietlika, candy zelki, kaczki w warszawie, stynka sma\u017cona, szczoteczka mi\u0119kka, orkla health, siemi\u0119 lniane a leki przeciwzakrzepowe<\/p>\n<p>yyyyy<\/p>\n","protected":false},"excerpt":{"rendered":"<p>Posta\u0107 Aerozol Opakowanie Spray 75ml Sk\u0142ad Woda oczyszczona, powierzchniowo czynna betaina, 0,1% polyaminopropylu biguanidyny (poliheksanidyna). Dzia\u0142anie Preparat w aerozolu przyspiesza&hellip;<\/p>\n","protected":false},"featured_media":1052,"comment_status":"closed","ping_status":"open","template":"","meta":[],"product_cat":[36],"product_tag":[759,666,853,875,792],"class_list":["post-1051","product","type-product","status-publish","has-post-thumbnail","hentry","product_cat-dermokosmetyki","product_tag-kurkuma","product_tag-lody-haagen-dazs","product_tag-makaron-0-kcal","product_tag-miechunka-suszona","product_tag-vigo"],"_links":{"self":[{"href":"https:\/\/wegeblw.pl\/index.php\/wp-json\/wp\/v2\/product\/1051","targetHints":{"allow":["GET"]}}],"collection":[{"href":"https:\/\/wegeblw.pl\/index.php\/wp-json\/wp\/v2\/product"}],"about":[{"href":"https:\/\/wegeblw.pl\/index.php\/wp-json\/wp\/v2\/types\/product"}],"replies":[{"embeddable":true,"href":"https:\/\/wegeblw.pl\/index.php\/wp-json\/wp\/v2\/comments?post=1051"}],"wp:featuredmedia":[{"embeddable":true,"href":"https:\/\/wegeblw.pl\/index.php\/wp-json\/wp\/v2\/media\/1052"}],"wp:attachment":[{"href":"https:\/\/wegeblw.pl\/index.php\/wp-json\/wp\/v2\/media?parent=1051"}],"wp:term":[{"taxonomy":"product_cat","embeddable":true,"href":"https:\/\/wegeblw.pl\/index.php\/wp-json\/wp\/v2\/product_cat?post=1051"},{"taxonomy":"product_tag","embeddable":true,"href":"https:\/\/wegeblw.pl\/index.php\/wp-json\/wp\/v2\/product_tag?post=1051"}],"curies":[{"name":"wp","href":"https:\/\/api.w.org\/{rel}","templated":true}]}}