{"id":1161,"date":"2022-02-05T09:46:13","date_gmt":"2022-02-05T08:46:13","guid":{"rendered":"https:\/\/wegeblw.pl\/index.php\/produkt\/life-prawoslaz-z-porostem-islandzkim-24-szt\/"},"modified":"2026-04-08T04:29:30","modified_gmt":"2026-04-08T02:29:30","slug":"life-prawoslaz-z-porostem-islandzkim-24-szt","status":"publish","type":"product","link":"https:\/\/wegeblw.pl\/index.php\/produkt\/life-prawoslaz-z-porostem-islandzkim-24-szt\/","title":{"rendered":"Life Prawo\u015blaz z Porostem Islandzkim 24 szt."},"content":{"rendered":"<p>Okulary S\u0142oneczne Burberry<\/p>\n<p>Okulary przeciws\u0142oneczne damskie<\/p>\n<p>tapoka, czosnek nied\u017awiedzi kiedy ro\u015bnie, placki dla cukrzyk\u00f3w, fasola mung cena, platki musli, kaczka polska, hunan, imbir na kaszel<\/p>\n<p>yyyyy<\/p>\n","protected":false},"excerpt":{"rendered":"<p>Okulary S\u0142oneczne Burberry Okulary przeciws\u0142oneczne damskie tapoka, czosnek nied\u017awiedzi kiedy ro\u015bnie, placki dla cukrzyk\u00f3w, fasola mung cena, platki musli, kaczka&hellip;<\/p>\n","protected":false},"featured_media":1162,"comment_status":"closed","ping_status":"open","template":"","meta":[],"product_cat":[28],"product_tag":[659,869,799,825],"class_list":["post-1161","product","type-product","status-publish","has-post-thumbnail","hentry","product_cat-srodki-na-przeziebienie","product_tag-jajka-marynowane-po-koreansku","product_tag-kurkuma-w-proszku-jak-stosowac","product_tag-maslo-migdalowe","product_tag-shirataki-noodle"],"_links":{"self":[{"href":"https:\/\/wegeblw.pl\/index.php\/wp-json\/wp\/v2\/product\/1161","targetHints":{"allow":["GET"]}}],"collection":[{"href":"https:\/\/wegeblw.pl\/index.php\/wp-json\/wp\/v2\/product"}],"about":[{"href":"https:\/\/wegeblw.pl\/index.php\/wp-json\/wp\/v2\/types\/product"}],"replies":[{"embeddable":true,"href":"https:\/\/wegeblw.pl\/index.php\/wp-json\/wp\/v2\/comments?post=1161"}],"wp:featuredmedia":[{"embeddable":true,"href":"https:\/\/wegeblw.pl\/index.php\/wp-json\/wp\/v2\/media\/1162"}],"wp:attachment":[{"href":"https:\/\/wegeblw.pl\/index.php\/wp-json\/wp\/v2\/media?parent=1161"}],"wp:term":[{"taxonomy":"product_cat","embeddable":true,"href":"https:\/\/wegeblw.pl\/index.php\/wp-json\/wp\/v2\/product_cat?post=1161"},{"taxonomy":"product_tag","embeddable":true,"href":"https:\/\/wegeblw.pl\/index.php\/wp-json\/wp\/v2\/product_tag?post=1161"}],"curies":[{"name":"wp","href":"https:\/\/api.w.org\/{rel}","templated":true}]}}