{"id":1171,"date":"2016-04-14T18:51:18","date_gmt":"2016-04-14T16:51:18","guid":{"rendered":"https:\/\/wegeblw.pl\/index.php\/produkt\/alessandro-international-delikatny-plyn-do-kapieli-stop-spa-refresh-your-feet-foot-bath-500ml\/"},"modified":"2026-04-08T07:16:16","modified_gmt":"2026-04-08T05:16:16","slug":"alessandro-international-delikatny-plyn-do-kapieli-stop-spa-refresh-your-feet-foot-bath-500ml","status":"publish","type":"product","link":"https:\/\/wegeblw.pl\/index.php\/produkt\/alessandro-international-delikatny-plyn-do-kapieli-stop-spa-refresh-your-feet-foot-bath-500ml\/","title":{"rendered":"Alessandro International Delikatny P\u0142yn Do K\u0105pieli St\u00f3p &#8211; Spa Refresh Your Feet Foot Bath 500ml"},"content":{"rendered":"<p>POCI\u0104G ELEKTRYCZNY ZE \u015aWIAT\u0141EM, D\u0179WI\u0118KIEM I TORAMI<\/p>\n<p>Kolejki<\/p>\n<p>nalewka z propolisu na gronkowca, olej z dziurawca na w\u0142osy, rodzaje cynamonu, fede, komosa ryzowa gdzie kupic, gdzie kupi\u0107 kapary, \u017celazo cena, chronium, bia\u0142ka w diecie, p\u0142atki jaglane jak gotowa\u0107, zacierki bez jajka, czy warto pi\u0107 kolagen, e621 co to, serek violife<\/p>\n<p><a href=\"https:\/\/www.dodrukarki.pl\/category\/tusze-tusze-hp-hp-305-307\">https:\/\/www.dodrukarki.pl\/category\/tusze-tusze-hp-hp-305-307<\/a><\/p>\n","protected":false},"excerpt":{"rendered":"<p>POCI\u0104G ELEKTRYCZNY ZE \u015aWIAT\u0141EM, D\u0179WI\u0118KIEM I TORAMI Kolejki nalewka z propolisu na gronkowca, olej z dziurawca na w\u0142osy, rodzaje cynamonu,&hellip;<\/p>\n","protected":false},"featured_media":1172,"comment_status":"closed","ping_status":"open","template":"","meta":[],"product_cat":[104],"product_tag":[769,700,681],"class_list":["post-1171","product","type-product","status-publish","has-post-thumbnail","hentry","product_cat-kosmetyki-do-stop","product_tag-mieso-mielone-wege","product_tag-przepis-na-sekacza","product_tag-ser-klimek"],"_links":{"self":[{"href":"https:\/\/wegeblw.pl\/index.php\/wp-json\/wp\/v2\/product\/1171","targetHints":{"allow":["GET"]}}],"collection":[{"href":"https:\/\/wegeblw.pl\/index.php\/wp-json\/wp\/v2\/product"}],"about":[{"href":"https:\/\/wegeblw.pl\/index.php\/wp-json\/wp\/v2\/types\/product"}],"replies":[{"embeddable":true,"href":"https:\/\/wegeblw.pl\/index.php\/wp-json\/wp\/v2\/comments?post=1171"}],"wp:featuredmedia":[{"embeddable":true,"href":"https:\/\/wegeblw.pl\/index.php\/wp-json\/wp\/v2\/media\/1172"}],"wp:attachment":[{"href":"https:\/\/wegeblw.pl\/index.php\/wp-json\/wp\/v2\/media?parent=1171"}],"wp:term":[{"taxonomy":"product_cat","embeddable":true,"href":"https:\/\/wegeblw.pl\/index.php\/wp-json\/wp\/v2\/product_cat?post=1171"},{"taxonomy":"product_tag","embeddable":true,"href":"https:\/\/wegeblw.pl\/index.php\/wp-json\/wp\/v2\/product_tag?post=1171"}],"curies":[{"name":"wp","href":"https:\/\/api.w.org\/{rel}","templated":true}]}}