{"id":1173,"date":"2022-02-28T05:43:03","date_gmt":"2022-02-28T04:43:03","guid":{"rendered":"https:\/\/wegeblw.pl\/index.php\/produkt\/delawell-cracked-skin-ointment-50ml-masc-na-sucha-popekana-skore\/"},"modified":"2026-04-11T12:20:09","modified_gmt":"2026-04-11T10:20:09","slug":"delawell-cracked-skin-ointment-50ml-masc-na-sucha-popekana-skore","status":"publish","type":"product","link":"https:\/\/wegeblw.pl\/index.php\/produkt\/delawell-cracked-skin-ointment-50ml-masc-na-sucha-popekana-skore\/","title":{"rendered":"Delawell Cracked Skin Ointment 50Ml &#8211; Ma\u015b\u0107 Na Such\u0105 Pop\u0119kan\u0105 Sk\u00f3r\u0119"},"content":{"rendered":"<p>Optymalny stosunek kwas\u00f3w t\u0142usczowych Omega 3 do Omega 6 (4:1)Olej z siemienia lnianego to doskona\u0142y produkt zawieraj\u0105cy optymalne proporcje (4:1:1) pomi\u0119dzy kwasami Omega-3, Omega-6 i Omega-9. Olej z siemienia lnianego jest doskona\u0142ym \u017ar\u00f3d\u0142em bioaktywnych fitoestrogen\u00f3w zwanymi lignanami ro\u015blinnymi, kt\u00f3re potrafi\u0105 skutecznie na\u015bladowa\u0107 zast\u0119powa\u0107 ludzkie hormony, hamowa\u0107 ich nadmiern\u0105 aktywno\u015b\u0107 w organizmie. Lignany ro\u015blinne s\u0105 jednocze\u015bnie silnymi antyutleniaczami.Sk\u0142adnik 1 kapsu\u0142ka (% RWS) Zalecana dzienna porcja do spo\u017cycia: 3 kapsu\u0142ki (% RWS)Olej z siemienia lnianego (profil t\u0142uszczowy) 1000 mg (*) 3000 mg (*)- Omega 3 &#8211; ALA (kwas alfa linolenowy) 400 &#8211; 600 mg (*) 1200 &#8211; 1800 mg (*)- Omega 6 &#8211; kwas linolowy 120 &#8211; 180 mg (*) 360 &#8211; 540 mg (*)- Omega 9 &#8211; kwas oleinowy 120 &#8211; 180 mg (*) 360 &#8211; 540 mg (*)RWS \u2013 Referencyjna warto\u015b\u0107 spo\u017cycia (dzienna)* \u2013 RWS nie zosta\u0142o okre\u015bloneSk\u0142adniki:Olej z siemienia lnianego, otoczka kapsu\u0142ki: \u017celatyna, substancja utrzymuj\u0105ca wilgo\u0107: glicerol, woda oczyszczona.Spos\u00f3b u\u017cycia:1 kapsu\u0142ka 1 do 3 razy dziennie.Nie przekracza\u0107 zalecanej porcji do spo\u017cycia w ci\u0105gu dnia. Suplement diety nie mo\u017ce by\u0107 stosowany jako substytut prawid\u0142owo zr\u00f3\u017cnicowanej diety. Wa\u017cne jest stosowanie zbilansowanej diety oraz prowadzenie zdrowego trybu \u017cycia.Przechowywanie:Po otwarciu przechowywa\u0107 w temperaturze pokojowej, w suchym i ch\u0142odnym miejscu, w spos\u00f3b niedost\u0119pny dla ma\u0142ych dzieci.Podmiot odpowiedzialny:ProSport s.c. Miko\u0142aj Filarski, Ma\u0142gorzata Majdaniec, ul. Pogodna 18, 71-376 Szczecin<\/p>\n<p>Minera\u0142y i witaminy<\/p>\n<p>papier ksero a4 500 arkuszy, uryte terapie, egzotyczne warzywa, ziele wierzbownicy drobnokwiatowej przeciwwskazania, rodzaje postu, probiotyki na co pomagaja, pude\u0142ko na perfumy, etyrol, zaparcia na keto<\/p>\n<p>yyyyy<\/p>\n","protected":false},"excerpt":{"rendered":"<p>Optymalny stosunek kwas\u00f3w t\u0142usczowych Omega 3 do Omega 6 (4:1)Olej z siemienia lnianego to doskona\u0142y produkt zawieraj\u0105cy optymalne proporcje (4:1:1)&hellip;<\/p>\n","protected":false},"featured_media":1174,"comment_status":"closed","ping_status":"open","template":"","meta":[],"product_cat":[104],"product_tag":[636,820,807,756],"class_list":["post-1173","product","type-product","status-publish","has-post-thumbnail","hentry","product_cat-kosmetyki-do-stop","product_tag-farma-zdrowia","product_tag-produkty-bez-laktozy-sklep","product_tag-siemie-lniane-na-co-pomaga","product_tag-sklep-ekologiczny-warszawa"],"_links":{"self":[{"href":"https:\/\/wegeblw.pl\/index.php\/wp-json\/wp\/v2\/product\/1173","targetHints":{"allow":["GET"]}}],"collection":[{"href":"https:\/\/wegeblw.pl\/index.php\/wp-json\/wp\/v2\/product"}],"about":[{"href":"https:\/\/wegeblw.pl\/index.php\/wp-json\/wp\/v2\/types\/product"}],"replies":[{"embeddable":true,"href":"https:\/\/wegeblw.pl\/index.php\/wp-json\/wp\/v2\/comments?post=1173"}],"wp:featuredmedia":[{"embeddable":true,"href":"https:\/\/wegeblw.pl\/index.php\/wp-json\/wp\/v2\/media\/1174"}],"wp:attachment":[{"href":"https:\/\/wegeblw.pl\/index.php\/wp-json\/wp\/v2\/media?parent=1173"}],"wp:term":[{"taxonomy":"product_cat","embeddable":true,"href":"https:\/\/wegeblw.pl\/index.php\/wp-json\/wp\/v2\/product_cat?post=1173"},{"taxonomy":"product_tag","embeddable":true,"href":"https:\/\/wegeblw.pl\/index.php\/wp-json\/wp\/v2\/product_tag?post=1173"}],"curies":[{"name":"wp","href":"https:\/\/api.w.org\/{rel}","templated":true}]}}