{"id":1179,"date":"2014-04-26T18:58:57","date_gmt":"2014-04-26T16:58:57","guid":{"rendered":"https:\/\/wegeblw.pl\/index.php\/produkt\/4-people-who-care-balsam-w-formie-stalej-do-stop-w-oryginalnej-puszce\/"},"modified":"2026-04-08T09:19:11","modified_gmt":"2026-04-08T07:19:11","slug":"4-people-who-care-balsam-w-formie-stalej-do-stop-w-oryginalnej-puszce","status":"publish","type":"product","link":"https:\/\/wegeblw.pl\/index.php\/produkt\/4-people-who-care-balsam-w-formie-stalej-do-stop-w-oryginalnej-puszce\/","title":{"rendered":"4 People Who Care Balsam w formie sta\u0142ej do st\u00f3p &#8211; W oryginalnej puszce"},"content":{"rendered":"<p>Multiwitamina Junior 20 tabletek musuj\u0105cych o smaku owoc\u00f3w le\u015bnych.Zawiera substancje s\u0142odz\u0105ce.Bez dodatku cukru.Zawiera natualnie wyst\u0119puj\u0105ce cukry.Sk\u0142ad:regulatory kwasowo\u015bci: kwas cytrynowy, w\u0119glany sodu; substancja wype\u0142niaj\u0105ca: sorbitole; maltodekstryna; koncentrat soku buraka czerwonego w proszku (koncentrat soku buraka czerwonego; maltodekstryna; regulator kwasowo\u015bci: kwas cytrynowy); witaminy (kwas L-askorbinowy, amid kwasu nikotynowego, octan DL-alfa-tokoferylu, D-pantotenian wapnia, chlorowodorek pirydoksyny, ryboflawina, monoazotan tiaminy, kwas pteroilomonoglutaminowy, D-biotyna, cyjanokobalamina); aromaty; substancje przeciwzbrylaj\u0105ce: poliwinylopirolidon, glikol polietylenowy; substancje s\u0142odz\u0105ce: cyklaminiany, sacharyny; koncentrat marchwi w proszku; sok owoce le\u015bne w proszku &#8211; 0,1%.<\/p>\n<p>Minera\u0142y i witaminy<\/p>\n<p>co przypomina owoc morwy, li\u015bcie rabarbaru zastosowanie w ogrodzie, bia\u0142a kawa ziarna, witamina c proszek, 10 planeta, mieszanka studencka, rdestowiec pospolity wla\u015bciwo\u015bci, jad\u0142ospis dla os\u00f3b starszych le\u017c\u0105cych, pieprz zio\u0142owy, w\u0142a\u015bciwo\u015bci sza\u0142wi, czy picie kawy jest zdrowe<\/p>\n<p><a href=\"https:\/\/doktor-porady.pl\/\">https:\/\/doktor-porady.pl\/<\/a><\/p>\n","protected":false},"excerpt":{"rendered":"<p>Multiwitamina Junior 20 tabletek musuj\u0105cych o smaku owoc\u00f3w le\u015bnych.Zawiera substancje s\u0142odz\u0105ce.Bez dodatku cukru.Zawiera natualnie wyst\u0119puj\u0105ce cukry.Sk\u0142ad:regulatory kwasowo\u015bci: kwas cytrynowy, w\u0119glany&hellip;<\/p>\n","protected":false},"featured_media":1180,"comment_status":"closed","ping_status":"open","template":"","meta":[],"product_cat":[104],"product_tag":[628,870,781,681,760],"class_list":["post-1179","product","type-product","status-publish","has-post-thumbnail","hentry","product_cat-kosmetyki-do-stop","product_tag-mieso-roslinne","product_tag-oliwa-z-oliwek","product_tag-primabiotic-collagen","product_tag-ser-klimek","product_tag-skyr-bez-laktozy"],"_links":{"self":[{"href":"https:\/\/wegeblw.pl\/index.php\/wp-json\/wp\/v2\/product\/1179","targetHints":{"allow":["GET"]}}],"collection":[{"href":"https:\/\/wegeblw.pl\/index.php\/wp-json\/wp\/v2\/product"}],"about":[{"href":"https:\/\/wegeblw.pl\/index.php\/wp-json\/wp\/v2\/types\/product"}],"replies":[{"embeddable":true,"href":"https:\/\/wegeblw.pl\/index.php\/wp-json\/wp\/v2\/comments?post=1179"}],"wp:featuredmedia":[{"embeddable":true,"href":"https:\/\/wegeblw.pl\/index.php\/wp-json\/wp\/v2\/media\/1180"}],"wp:attachment":[{"href":"https:\/\/wegeblw.pl\/index.php\/wp-json\/wp\/v2\/media?parent=1179"}],"wp:term":[{"taxonomy":"product_cat","embeddable":true,"href":"https:\/\/wegeblw.pl\/index.php\/wp-json\/wp\/v2\/product_cat?post=1179"},{"taxonomy":"product_tag","embeddable":true,"href":"https:\/\/wegeblw.pl\/index.php\/wp-json\/wp\/v2\/product_tag?post=1179"}],"curies":[{"name":"wp","href":"https:\/\/api.w.org\/{rel}","templated":true}]}}