{"id":1195,"date":"2015-11-25T15:14:31","date_gmt":"2015-11-25T14:14:31","guid":{"rendered":"https:\/\/wegeblw.pl\/index.php\/produkt\/konserwa-wek-prepersa-300g-marlej\/"},"modified":"2026-04-08T14:38:03","modified_gmt":"2026-04-08T12:38:03","slug":"konserwa-wek-prepersa-300g-marlej","status":"publish","type":"product","link":"https:\/\/wegeblw.pl\/index.php\/produkt\/konserwa-wek-prepersa-300g-marlej\/","title":{"rendered":"Konserwa Wek Prepersa 300g &#8211; Marlej"},"content":{"rendered":"<p>Herbatka Na Zaparcia Babka Jajowata P\u0142esznik<\/p>\n<p>Herbata<\/p>\n<p>majonez mango, a\u0142un dezodorant opinie, oliwa z oliwek extra vergine, najlepsze proszki do prania, yerba mate w ci\u0105\u017cy, ser bez laktozy, bu\u0142ka pszenno \u017cytnia, przyprawa podlaska, karob w proszku<\/p>\n<p>yyyyy<\/p>\n","protected":false},"excerpt":{"rendered":"<p>Herbatka Na Zaparcia Babka Jajowata P\u0142esznik Herbata majonez mango, a\u0142un dezodorant opinie, oliwa z oliwek extra vergine, najlepsze proszki do&hellip;<\/p>\n","protected":false},"featured_media":1196,"comment_status":"closed","ping_status":"open","template":"","meta":[],"product_cat":[140],"product_tag":[726,697,768],"class_list":["post-1195","product","type-product","status-publish","has-post-thumbnail","hentry","product_cat-mieso-i-wedliny","product_tag-organic","product_tag-osteoporoza-a-banany","product_tag-pasztet-z-soczewicy-z-suszonymi-pomidorami"],"_links":{"self":[{"href":"https:\/\/wegeblw.pl\/index.php\/wp-json\/wp\/v2\/product\/1195","targetHints":{"allow":["GET"]}}],"collection":[{"href":"https:\/\/wegeblw.pl\/index.php\/wp-json\/wp\/v2\/product"}],"about":[{"href":"https:\/\/wegeblw.pl\/index.php\/wp-json\/wp\/v2\/types\/product"}],"replies":[{"embeddable":true,"href":"https:\/\/wegeblw.pl\/index.php\/wp-json\/wp\/v2\/comments?post=1195"}],"wp:featuredmedia":[{"embeddable":true,"href":"https:\/\/wegeblw.pl\/index.php\/wp-json\/wp\/v2\/media\/1196"}],"wp:attachment":[{"href":"https:\/\/wegeblw.pl\/index.php\/wp-json\/wp\/v2\/media?parent=1195"}],"wp:term":[{"taxonomy":"product_cat","embeddable":true,"href":"https:\/\/wegeblw.pl\/index.php\/wp-json\/wp\/v2\/product_cat?post=1195"},{"taxonomy":"product_tag","embeddable":true,"href":"https:\/\/wegeblw.pl\/index.php\/wp-json\/wp\/v2\/product_tag?post=1195"}],"curies":[{"name":"wp","href":"https:\/\/api.w.org\/{rel}","templated":true}]}}