{"id":1404,"date":"2019-03-22T12:47:51","date_gmt":"2019-03-22T11:47:51","guid":{"rendered":"https:\/\/wegeblw.pl\/index.php\/produkt\/elanda-herbatka-dla-matek-karmiacych-herbatka-saszetki-20-sztuk\/"},"modified":"2026-04-08T07:50:03","modified_gmt":"2026-04-08T05:50:03","slug":"elanda-herbatka-dla-matek-karmiacych-herbatka-saszetki-20-sztuk","status":"publish","type":"product","link":"https:\/\/wegeblw.pl\/index.php\/produkt\/elanda-herbatka-dla-matek-karmiacych-herbatka-saszetki-20-sztuk\/","title":{"rendered":"Elanda Herbatka dla matek karmi\u0105cych herbatka saszetki 20 sztuk"},"content":{"rendered":"<p>Okulary do korekcji wzroku. Wada wzroku: 2,0. Kolor br\u0105zowy.<\/p>\n<p>Okulary oprawki i szk\u0142a<\/p>\n<p>palo santo jak pachnie, s\u0142odycze greckie, suszone kwiaty klitorii, sza\u0142wia chia, chleb orkiszowy sk\u0142ad, ciasto tempura, witamina 3<\/p>\n<p>yyyyy<\/p>\n","protected":false},"excerpt":{"rendered":"<p>Okulary do korekcji wzroku. Wada wzroku: 2,0. Kolor br\u0105zowy. Okulary oprawki i szk\u0142a palo santo jak pachnie, s\u0142odycze greckie, suszone&hellip;<\/p>\n","protected":false},"featured_media":1405,"comment_status":"closed","ping_status":"open","template":"","meta":[],"product_cat":[41],"product_tag":[634,726,837],"class_list":["post-1404","product","type-product","status-publish","has-post-thumbnail","hentry","product_cat-ziola-i-herbaty-lecznicze","product_tag-amarantus","product_tag-organic","product_tag-soczewica-czerwona"],"_links":{"self":[{"href":"https:\/\/wegeblw.pl\/index.php\/wp-json\/wp\/v2\/product\/1404","targetHints":{"allow":["GET"]}}],"collection":[{"href":"https:\/\/wegeblw.pl\/index.php\/wp-json\/wp\/v2\/product"}],"about":[{"href":"https:\/\/wegeblw.pl\/index.php\/wp-json\/wp\/v2\/types\/product"}],"replies":[{"embeddable":true,"href":"https:\/\/wegeblw.pl\/index.php\/wp-json\/wp\/v2\/comments?post=1404"}],"wp:featuredmedia":[{"embeddable":true,"href":"https:\/\/wegeblw.pl\/index.php\/wp-json\/wp\/v2\/media\/1405"}],"wp:attachment":[{"href":"https:\/\/wegeblw.pl\/index.php\/wp-json\/wp\/v2\/media?parent=1404"}],"wp:term":[{"taxonomy":"product_cat","embeddable":true,"href":"https:\/\/wegeblw.pl\/index.php\/wp-json\/wp\/v2\/product_cat?post=1404"},{"taxonomy":"product_tag","embeddable":true,"href":"https:\/\/wegeblw.pl\/index.php\/wp-json\/wp\/v2\/product_tag?post=1404"}],"curies":[{"name":"wp","href":"https:\/\/api.w.org\/{rel}","templated":true}]}}