{"id":145,"date":"2022-04-14T18:07:59","date_gmt":"2022-04-14T16:07:59","guid":{"rendered":"https:\/\/wegeblw.pl\/index.php\/produkt\/active-plast-aroma-sztyft-do-aromaterapii-lodowa-mieta-1-sztuka\/"},"modified":"2026-04-08T06:34:48","modified_gmt":"2026-04-08T04:34:48","slug":"active-plast-aroma-sztyft-do-aromaterapii-lodowa-mieta-1-sztuka","status":"publish","type":"product","link":"https:\/\/wegeblw.pl\/index.php\/produkt\/active-plast-aroma-sztyft-do-aromaterapii-lodowa-mieta-1-sztuka\/","title":{"rendered":"ACTIVE PLAST Aroma Sztyft do aromaterapii Lodowa Mi\u0119ta, 1 sztuka"},"content":{"rendered":"<p>Air Optix + Hg for Astigmatism 3 -10,00; -2,25 140<\/p>\n<p>Soczewki kontaktowe<\/p>\n<p>gold vit d3 k2 4000, cukier a cukier puder, melasa z trzciny cukrowej w\u0142a\u015bciwo\u015bci, \u017celazo kwas foliowy, ile gotuje si\u0119 kasza j\u0119czmienna, yerba mate palo santo, korze\u0144 traganka b\u0142oniastego, wyst\u0119powanie witaminy d<\/p>\n<p>yyyyy<\/p>\n","protected":false},"excerpt":{"rendered":"<p>Air Optix + Hg for Astigmatism 3 -10,00; -2,25 140 Soczewki kontaktowe gold vit d3 k2 4000, cukier a cukier&hellip;<\/p>\n","protected":false},"featured_media":146,"comment_status":"closed","ping_status":"open","template":"","meta":[],"product_cat":[29],"product_tag":[788,787,764,654],"class_list":["post-145","product","type-product","status-publish","has-post-thumbnail","hentry","product_cat-pozostale-suplementy","product_tag-beyond-meat-burger","product_tag-beyond-meet","product_tag-jogurty-bez-mleka","product_tag-plastik-w-oceanach"],"_links":{"self":[{"href":"https:\/\/wegeblw.pl\/index.php\/wp-json\/wp\/v2\/product\/145","targetHints":{"allow":["GET"]}}],"collection":[{"href":"https:\/\/wegeblw.pl\/index.php\/wp-json\/wp\/v2\/product"}],"about":[{"href":"https:\/\/wegeblw.pl\/index.php\/wp-json\/wp\/v2\/types\/product"}],"replies":[{"embeddable":true,"href":"https:\/\/wegeblw.pl\/index.php\/wp-json\/wp\/v2\/comments?post=145"}],"wp:featuredmedia":[{"embeddable":true,"href":"https:\/\/wegeblw.pl\/index.php\/wp-json\/wp\/v2\/media\/146"}],"wp:attachment":[{"href":"https:\/\/wegeblw.pl\/index.php\/wp-json\/wp\/v2\/media?parent=145"}],"wp:term":[{"taxonomy":"product_cat","embeddable":true,"href":"https:\/\/wegeblw.pl\/index.php\/wp-json\/wp\/v2\/product_cat?post=145"},{"taxonomy":"product_tag","embeddable":true,"href":"https:\/\/wegeblw.pl\/index.php\/wp-json\/wp\/v2\/product_tag?post=145"}],"curies":[{"name":"wp","href":"https:\/\/api.w.org\/{rel}","templated":true}]}}