{"id":1492,"date":"2016-03-02T05:32:13","date_gmt":"2016-03-02T04:32:13","guid":{"rendered":"https:\/\/wegeblw.pl\/index.php\/produkt\/tablica-narzedziowa-1152-x-780-mm-scianka-garaz\/"},"modified":"2026-04-10T09:54:56","modified_gmt":"2026-04-10T07:54:56","slug":"tablica-narzedziowa-1152-x-780-mm-scianka-garaz","status":"publish","type":"product","link":"https:\/\/wegeblw.pl\/index.php\/produkt\/tablica-narzedziowa-1152-x-780-mm-scianka-garaz\/","title":{"rendered":"Tablica narz\u0119dziowa 1152 x 780 mm \u015bcianka gara\u017c"},"content":{"rendered":"<p>Model okular\u00f3w: RX 6392 2969 53P\u0142e\u0107: UnisexKszta\u0142t: Okr\u0105g\u0142eKolor oprawek: Z\u0142otyMateria\u0142 zausznik\u00f3w: MetaloweMateria\u0142 frontu: MetaloweSzeroko\u015b\u0107 soczewki: 53Szeroko\u015b\u0107 mostka: 20Wysoko\u015b\u0107 opraw: 52,9\u015arednica: 53,1D\u0142ugo\u015b\u0107 zausznika: 145Zestaw zawiera: Okulary, Etui, \u015aciereczka, Certyfikat (je\u015bli wyst\u0119puje)Kolekcja: Aktualna<\/p>\n<p>Okulary oprawki i szk\u0142a<\/p>\n<p>sza\u0142wia bia\u0142a kadzid\u0142o, orzechy nerkowca odchudzanie, czy p\u0142atki owsiane s\u0105 zdrowe, kwas askorbinowy stanlab, witamina d 8000, cytrynowe paznokcie, czosnek nied\u017awiedzi marynowany, zakwasowani, co to jest mas\u0142o klarowane, czym zast\u0105pi\u0107 mi\u00f3d, rozmaryn przepisy, tortilla z ry\u017cem i kurczakiem, paprykarz warzywny, wega\u0144skie sklepy<\/p>\n<p>yyyyy<\/p>\n","protected":false},"excerpt":{"rendered":"<p>Model okular\u00f3w: RX 6392 2969 53P\u0142e\u0107: UnisexKszta\u0142t: Okr\u0105g\u0142eKolor oprawek: Z\u0142otyMateria\u0142 zausznik\u00f3w: MetaloweMateria\u0142 frontu: MetaloweSzeroko\u015b\u0107 soczewki: 53Szeroko\u015b\u0107 mostka: 20Wysoko\u015b\u0107 opraw: 52,9\u015arednica:&hellip;<\/p>\n","protected":false},"featured_media":1493,"comment_status":"closed","ping_status":"open","template":"","meta":[],"product_cat":[183],"product_tag":[662,661,869,690,827,825],"class_list":["post-1492","product","type-product","status-publish","has-post-thumbnail","hentry","product_cat-narzedzia-warsztatowe","product_tag-co-mozna-zrobic-z-kokosa","product_tag-jak-ugotowac-komose-ryzowa","product_tag-kurkuma-w-proszku-jak-stosowac","product_tag-maka-z-cieciorki","product_tag-naturli","product_tag-shirataki-noodle"],"_links":{"self":[{"href":"https:\/\/wegeblw.pl\/index.php\/wp-json\/wp\/v2\/product\/1492","targetHints":{"allow":["GET"]}}],"collection":[{"href":"https:\/\/wegeblw.pl\/index.php\/wp-json\/wp\/v2\/product"}],"about":[{"href":"https:\/\/wegeblw.pl\/index.php\/wp-json\/wp\/v2\/types\/product"}],"replies":[{"embeddable":true,"href":"https:\/\/wegeblw.pl\/index.php\/wp-json\/wp\/v2\/comments?post=1492"}],"wp:featuredmedia":[{"embeddable":true,"href":"https:\/\/wegeblw.pl\/index.php\/wp-json\/wp\/v2\/media\/1493"}],"wp:attachment":[{"href":"https:\/\/wegeblw.pl\/index.php\/wp-json\/wp\/v2\/media?parent=1492"}],"wp:term":[{"taxonomy":"product_cat","embeddable":true,"href":"https:\/\/wegeblw.pl\/index.php\/wp-json\/wp\/v2\/product_cat?post=1492"},{"taxonomy":"product_tag","embeddable":true,"href":"https:\/\/wegeblw.pl\/index.php\/wp-json\/wp\/v2\/product_tag?post=1492"}],"curies":[{"name":"wp","href":"https:\/\/api.w.org\/{rel}","templated":true}]}}