{"id":165,"date":"2025-08-26T19:12:13","date_gmt":"2025-08-26T17:12:13","guid":{"rendered":"https:\/\/wegeblw.pl\/?post_type=product&#038;p=165"},"modified":"2026-04-21T09:33:23","modified_gmt":"2026-04-21T07:33:23","slug":"primabiotic-collagen-shot-10000mg-kolagen-plyn-15buteleczek-x-30ml","status":"publish","type":"product","link":"https:\/\/wegeblw.pl\/index.php\/produkt\/primabiotic-collagen-shot-10000mg-kolagen-plyn-15buteleczek-x-30ml\/","title":{"rendered":"Primabiotic Collagen Shot 10000mg kolagen p\u0142yn 15buteleczek x 30ml"},"content":{"rendered":"<p>&#8211; Usztywniony nosek.- Gumowa podeszwa.- Usztywniony zapi\u0119tek.- Tekstylne wn\u0119trze.- Model z elastyczn\u0105 wstawk\u0105.- D\u0142ugo\u015b\u0107 wk\u0142adki wynosi: 23,5 cm.- Wymiary podane dla rozmiaru: 37.<\/p>\n<p>Botki<\/p>\n<p>zwergenwiese, sklep wedliniarski, dlaczego pistacje takie drogie, zucherro, oliwka opat\u00f3wek, zupa ogorkowa, jak obni\u017cy\u0107 z\u0142y cholesterol, sos sa\u0142atkowy koperkowo zio\u0142owy, zamiennik zelatyny, piotr mi\u0119ta, slodziki, makaron z m\u0105ki kokosowej, awokado owoc czy warzywo, sos bazyliowy, pektyna amidowana co to znaczy, czystek herbata na co<\/p>\n<p>yyyyy<\/p>\n","protected":false},"excerpt":{"rendered":"<p>&#8211; Usztywniony nosek.- Gumowa podeszwa.- Usztywniony zapi\u0119tek.- Tekstylne wn\u0119trze.- Model z elastyczn\u0105 wstawk\u0105.- D\u0142ugo\u015b\u0107 wk\u0142adki wynosi: 23,5 cm.- Wymiary podane&hellip;<\/p>\n","protected":false},"featured_media":166,"comment_status":"closed","ping_status":"open","template":"","meta":[],"product_cat":[26],"product_tag":[704,686,801],"class_list":["post-165","product","type-product","status-publish","has-post-thumbnail","hentry","product_cat-nutrikosmetyki","product_tag-naturgreen","product_tag-sekacz-skad","product_tag-warzywa-ekologiczne"],"_links":{"self":[{"href":"https:\/\/wegeblw.pl\/index.php\/wp-json\/wp\/v2\/product\/165","targetHints":{"allow":["GET"]}}],"collection":[{"href":"https:\/\/wegeblw.pl\/index.php\/wp-json\/wp\/v2\/product"}],"about":[{"href":"https:\/\/wegeblw.pl\/index.php\/wp-json\/wp\/v2\/types\/product"}],"replies":[{"embeddable":true,"href":"https:\/\/wegeblw.pl\/index.php\/wp-json\/wp\/v2\/comments?post=165"}],"wp:featuredmedia":[{"embeddable":true,"href":"https:\/\/wegeblw.pl\/index.php\/wp-json\/wp\/v2\/media\/166"}],"wp:attachment":[{"href":"https:\/\/wegeblw.pl\/index.php\/wp-json\/wp\/v2\/media?parent=165"}],"wp:term":[{"taxonomy":"product_cat","embeddable":true,"href":"https:\/\/wegeblw.pl\/index.php\/wp-json\/wp\/v2\/product_cat?post=165"},{"taxonomy":"product_tag","embeddable":true,"href":"https:\/\/wegeblw.pl\/index.php\/wp-json\/wp\/v2\/product_tag?post=165"}],"curies":[{"name":"wp","href":"https:\/\/api.w.org\/{rel}","templated":true}]}}