{"id":1676,"date":"2013-11-13T08:38:21","date_gmt":"2013-11-13T07:38:21","guid":{"rendered":"https:\/\/wegeblw.pl\/index.php\/produkt\/odzywka-bialkowa-olimp-dominator-mega-strong-protein-700g\/"},"modified":"2026-04-08T18:18:04","modified_gmt":"2026-04-08T16:18:04","slug":"odzywka-bialkowa-olimp-dominator-mega-strong-protein-700g","status":"publish","type":"product","link":"https:\/\/wegeblw.pl\/index.php\/produkt\/odzywka-bialkowa-olimp-dominator-mega-strong-protein-700g\/","title":{"rendered":"Od\u017cywka bia\u0142kowa Olimp Dominator Mega Strong Protein 700g"},"content":{"rendered":"<p>Opis: Urobiox &#8211; suplement diety zawieraj\u0105cy szczepy bakterii probiotycznych Lactobacillus rhamnosus LR05 i Lactobacillus plantarum LR09, kt\u00f3re uzupe\u0142niaj\u0105 mikroflor\u0119 jelitow\u0105. Suplement zosta\u0142 dodatkowo uzupe\u0142niony o witamin\u0119 C. Produkt przeznaczony dla os\u00f3b doros\u0142ych.. Opis: Urobiox &#8211; suplement diety zawieraj\u0105cy szczepy bakterii probiotycznych Lactobacillus rhamnosus LR05 i Lactobacillus plantarum LR09, kt\u00f3re uzupe\u0142niaj\u0105 mikroflor\u0119 jelitow\u0105. Suplement zosta\u0142 dodatkowo uzupe\u0142niony o witamin\u0119 C. Produkt przeznaczony dla os\u00f3b doros\u0142ych.. Sk\u0142adniki: Lactobacillus rhamnosus LR05, Lactobacillus plantarum LR09, kwas l-askorbinowy, substancje pomocnicze: fibregum, substancje przeciwzbrylaj\u0105ce: sole magnezowe kwas\u00f3w t\u0142uszczowych E470b, substancja przeciwzbrylaj\u0105ca: dwutlenek krzemu E551, kapsu\u0142ka: hydroksypropylometyloceluloza E464. Sk\u0142adniki 1 kapsu\u0142ka Lactobacillus rhamnosus LR05 o konsystencji 100 mld CFU\/g 2 mld CFU* Lactobacillus plantarum LR09 o konsystencji 100 mld CFU\/g 2 mld CFU* kwas l-askorbinowy 20 mg . Masa netto: 4,86 g. W\u0142a\u015bciwo\u015bci sk\u0142adnik\u00f3w: Bakterie Lactobacillus rhamnosus LR05 i Lactobacillus plantarum LR09 posiadaj\u0105 w\u0142a\u015bciwo\u015bci przeciwzapalne i immunologiczne. Witamina C wzmacnia uk\u0142ad odporno\u015bciowy. . Zalecane dzienne spo\u017cycie: Doro\u015bli: 1-2 kapsu\u0142ki w trakcie lub po posi\u0142ku.. Ostrze\u017cenia dotycz\u0105ce bezpiecze\u0144stwa: Produkt przeznaczony wy\u0142\u0105cznie dla doros\u0142ych.Nie zaleca si\u0119 stosowania u kobiet w ci\u0105\u017cy i karmi\u0105cych piersi\u0105. Nie nale\u017cy przekracza\u0107 zalecanej dziennej porcji Suplement diety nie mo\u017ce by\u0107 stosowany jako substytut (zamiennik) zr\u00f3\u017cnicowanej diety. Dla utrzymania prawid\u0142owego stanu zdrowia nale\u017cy stosowa\u0107 zr\u00f3\u017cnicowan\u0105 diet\u0119 i prowadzi\u0107 zdrowy tryb \u017cycia Przechowywa\u0107 w temperaturze pokojowej Przechowywa\u0107 w spos\u00f3b niedost\u0119pny dla ma\u0142ych dzieci .<\/p>\n<p>Uk\u0142ad pokarmowy<\/p>\n<p>ksylitol finski, sod\u0105 na uk\u0105szenia, szynka mi\u0119so, ekstrakt cytrynowy, wurst, sos passata, olej z korzenia \u0142opianu, zielony groszek, maslan sodu aliness, liposomalny, siarczan magnezu biomus, ciasto francuskie zabka, kompleks orzecha opinie, pesto cena, any\u017c gwiazdkowy, lekarskiego, krowka sklep, slodki sos chilli<\/p>\n<p>yyyyy<\/p>\n","protected":false},"excerpt":{"rendered":"<p>Opis: Urobiox &#8211; suplement diety zawieraj\u0105cy szczepy bakterii probiotycznych Lactobacillus rhamnosus LR05 i Lactobacillus plantarum LR09, kt\u00f3re uzupe\u0142niaj\u0105 mikroflor\u0119 jelitow\u0105.&hellip;<\/p>\n","protected":false},"featured_media":1677,"comment_status":"closed","ping_status":"open","template":"","meta":[],"product_cat":[107],"product_tag":[847,857,873,708,773,740],"class_list":["post-1676","product","type-product","status-publish","has-post-thumbnail","hentry","product_cat-odzywki-bialkowe","product_tag-czym-zastapic-nabial","product_tag-jablka-ekologiczne","product_tag-jak-przygotowac-komose-ryzowa","product_tag-kurkuma-przyprawa-jak-stosowac","product_tag-organic-sklep","product_tag-siemie-lniane-na-co"],"_links":{"self":[{"href":"https:\/\/wegeblw.pl\/index.php\/wp-json\/wp\/v2\/product\/1676","targetHints":{"allow":["GET"]}}],"collection":[{"href":"https:\/\/wegeblw.pl\/index.php\/wp-json\/wp\/v2\/product"}],"about":[{"href":"https:\/\/wegeblw.pl\/index.php\/wp-json\/wp\/v2\/types\/product"}],"replies":[{"embeddable":true,"href":"https:\/\/wegeblw.pl\/index.php\/wp-json\/wp\/v2\/comments?post=1676"}],"wp:featuredmedia":[{"embeddable":true,"href":"https:\/\/wegeblw.pl\/index.php\/wp-json\/wp\/v2\/media\/1677"}],"wp:attachment":[{"href":"https:\/\/wegeblw.pl\/index.php\/wp-json\/wp\/v2\/media?parent=1676"}],"wp:term":[{"taxonomy":"product_cat","embeddable":true,"href":"https:\/\/wegeblw.pl\/index.php\/wp-json\/wp\/v2\/product_cat?post=1676"},{"taxonomy":"product_tag","embeddable":true,"href":"https:\/\/wegeblw.pl\/index.php\/wp-json\/wp\/v2\/product_tag?post=1676"}],"curies":[{"name":"wp","href":"https:\/\/api.w.org\/{rel}","templated":true}]}}