{"id":1682,"date":"2016-06-30T03:09:58","date_gmt":"2016-06-30T01:09:58","guid":{"rendered":"https:\/\/wegeblw.pl\/index.php\/produkt\/sanbios-rozeniec-bakopa-maka-30-tabl\/"},"modified":"2026-04-07T03:19:40","modified_gmt":"2026-04-07T01:19:40","slug":"sanbios-rozeniec-bakopa-maka-30-tabl","status":"publish","type":"product","link":"https:\/\/wegeblw.pl\/index.php\/produkt\/sanbios-rozeniec-bakopa-maka-30-tabl\/","title":{"rendered":"SANBIOS R\u00f3\u017ceniec Bakopa Maka 30 tabl."},"content":{"rendered":"<p>Ten minimalistyczny plecak w nowym, eleganckim wygl\u0105dzie ma ulepszony system no\u015bny, dzi\u0119ki czemu jest niezwykle wygodny do noszenia przez ca\u0142y dzie\u0144. Zaprojektowany, aby zapewni\u0107 bezpiecze\u0144stwo i porz\u0105dek dla laptopa, tabletu i innych podstawowych urz\u0105dze\u0144, jest wyposa\u017cony w funkcje, kt\u00f3re sprawiaj\u0105, \u017ce jest r\u00f3wnie wygodny, jak stylowy.FlexVentSystem no\u015bny FlexVent ma regulowane, wype\u0142nione piank\u0105 pasy naramienne, wy\u015bcie\u0142ane oparcie z wg\u0142\u0119bieniem na kr\u0119gos\u0142up oraz poch\u0142aniaj\u0105ce wilgo\u0107 wk\u0142adki w okolicy l\u0119d\u017awiowej dla maksymalnego wsparcia i optymalnej wentylacji.Materia\u0142: poliester 600D z t\u0142oczeniemOdblaskowa p\u0119tla na lampk\u0119 rowerow\u0105, paski do mocowania butelek z wod\u0105 i paski na rami\u0119wygodny, wy\u015bcie\u0142any uchwyt do przenoszenia w g\u00f3rnej cz\u0119\u015bciSystem wsparcia: FlexVentPojemno\u015b\u0107 plecaka: 26,5 lWymiary w cm (wys. X szer. X g\u0142.): 49,5 x 33 x 22,2Materia\u0142: 100% poliesterCharakterystyka: Elementy odblaskoweZintegrowany pas piersiowy: z regulacj\u0105 wysoko\u015bci, z gwizdkiemKieszenie wewn\u0119trzne: 1 du\u017ca komora g\u0142\u00f3wna z wy\u015bcie\u0142an\u0105 przegrod\u0105 na laptopa, 1 przednia przegroda z wewn\u0119trzn\u0105 przegrod\u0105 i wy\u015bcie\u0142ana przegroda na pojemnik z \u017cywno\u015bci\u0105Kieszenie zewn\u0119trzne: 2 boczne kieszenie z siatkiuPojemno\u015b\u0107: 1x laptop lub tabletCharakterystyka: wy\u015bcie\u0142anaZamkni\u0119cie: od g\u00f3ry (Toploader)zamkni\u0119cie typu: ZipEkwipunekOpcje mocowania dodatkowego sprz\u0119tu: Uchwyt na butelk\u0119z elementami odblaskowymi: takWaga plecaka: 760 gUnisexRok modelowy2020<\/p>\n<p>Plecaki<\/p>\n<p>irenka, bia\u0142ko bez cukru, mleczko kokosowe light kcal, jak gotowac platki owsiane, bezglutenowe slodycze, gdzie mo\u017cna kupi\u0107 ocet kokosowy, kala namak s\u00f3l, domowe sposoby na infekcje dr\u00f3g moczowych, szcz\u0119scia, owoce noni, zdrowy lizak mniam mniam, zdrowe ciasteczka dla dzieci, majonez na hemoroidy, b\u0142onnik suplement<\/p>\n<p><a href=\"https:\/\/ktclinic.pl\/zabiegi\/\">https:\/\/ktclinic.pl\/zabiegi\/<\/a><\/p>\n","protected":false},"excerpt":{"rendered":"<p>Ten minimalistyczny plecak w nowym, eleganckim wygl\u0105dzie ma ulepszony system no\u015bny, dzi\u0119ki czemu jest niezwykle wygodny do noszenia przez ca\u0142y&hellip;<\/p>\n","protected":false},"featured_media":1683,"comment_status":"closed","ping_status":"open","template":"","meta":[],"product_cat":[81],"product_tag":[758,704,732,702],"class_list":["post-1682","product","type-product","status-publish","has-post-thumbnail","hentry","product_cat-uklad-krazenia-i-serce","product_tag-bulki","product_tag-naturgreen","product_tag-produkty-bez-laktozy","product_tag-przepis-na-sekacz"],"_links":{"self":[{"href":"https:\/\/wegeblw.pl\/index.php\/wp-json\/wp\/v2\/product\/1682","targetHints":{"allow":["GET"]}}],"collection":[{"href":"https:\/\/wegeblw.pl\/index.php\/wp-json\/wp\/v2\/product"}],"about":[{"href":"https:\/\/wegeblw.pl\/index.php\/wp-json\/wp\/v2\/types\/product"}],"replies":[{"embeddable":true,"href":"https:\/\/wegeblw.pl\/index.php\/wp-json\/wp\/v2\/comments?post=1682"}],"wp:featuredmedia":[{"embeddable":true,"href":"https:\/\/wegeblw.pl\/index.php\/wp-json\/wp\/v2\/media\/1683"}],"wp:attachment":[{"href":"https:\/\/wegeblw.pl\/index.php\/wp-json\/wp\/v2\/media?parent=1682"}],"wp:term":[{"taxonomy":"product_cat","embeddable":true,"href":"https:\/\/wegeblw.pl\/index.php\/wp-json\/wp\/v2\/product_cat?post=1682"},{"taxonomy":"product_tag","embeddable":true,"href":"https:\/\/wegeblw.pl\/index.php\/wp-json\/wp\/v2\/product_tag?post=1682"}],"curies":[{"name":"wp","href":"https:\/\/api.w.org\/{rel}","templated":true}]}}