{"id":1724,"date":"2012-10-18T15:26:15","date_gmt":"2012-10-18T13:26:15","guid":{"rendered":"https:\/\/wegeblw.pl\/index.php\/produkt\/olimp-pump-xplode-shot-60ml\/"},"modified":"2026-04-07T01:11:17","modified_gmt":"2026-04-06T23:11:17","slug":"olimp-pump-xplode-shot-60ml","status":"publish","type":"product","link":"https:\/\/wegeblw.pl\/index.php\/produkt\/olimp-pump-xplode-shot-60ml\/","title":{"rendered":"Olimp Pump Xplode Shot 60Ml"},"content":{"rendered":"<p>\u017byjesz wed\u0142ug w\u0142asnych zasad, dumnie zbli\u017caj\u0105c si\u0119 do \u017cycia wyr\u00f3\u017cniaj\u0105cego si\u0119 z t\u0142umu? Wzmocnij sw\u00f3j wizerunek kultowymi okularami. Carrera to synonim pionierskiego wzornictwa i wyj\u0105tkowej jako\u015bci. Dzi\u0119ki kolekcji Sun Summer &#8211; Carrera wprowadza kompletn\u0105 now\u0105 ofert\u0119 produkt\u00f3w, kt\u00f3ra podkre\u015bla jej warto\u015bci, koncentruj\u0105c si\u0119 na jako\u015bci i wyr\u00f3\u017cnieniu, \u0142\u0105cz\u0105c najbardziej kultowe i rozpoznawalne detale marki ze wsp\u00f3\u0142czesnym, ale unikalnym j\u0119zykiem designu. Model 4410 to klasyczne oprawy okularowe. Pe\u0142na oprawa, to najbardziej popularna konstrukcja, zapewniaj\u0105ca stabilno\u015b\u0107 noszenia. Doskonale nadaje si\u0119 r\u00f3wnie\u017c do monta\u017cu szkie\u0142 korekcyjnych z wysok\u0105 wad\u0105 wzroku &#8211; charakterystyczny monta\u017c soczewek, pomo\u017ce w uzyskaniu estetycznego wygl\u0105du okular\u00f3w. Oprawa wykonana jest z plastiku, kt\u00f3ry nadaje modnego, wyrazistego oraz charakterystycznego wygl\u0105du. Tworzywo jest elastycznym i lekkim materia\u0142em, ciesz\u0105cym si\u0119 du\u017cym komfortem noszenia. Kszta\u0142t kwadratowy, w kt\u00f3rym wysoko\u015b\u0107 i szeroko\u015b\u0107 s\u0105 sobie r\u00f3wne, to geometryczna forma, kt\u00f3ra doskonale sprawdzi si\u0119 u os\u00f3b z okr\u0105g\u0142ymi i owalnymi rysami twarzy.<\/p>\n<p>Okulary oprawki i szk\u0142a<\/p>\n<p>porongo, olejek cbd intenson, con, ptys, olej z marchwi, olejek neem ro\u015bliny, makaron sojowy vermicelli, bia\u0142ko ketogeniczne, mleczko pokarmowe<\/p>\n<p>yyyyy<\/p>\n","protected":false},"excerpt":{"rendered":"<p>\u017byjesz wed\u0142ug w\u0142asnych zasad, dumnie zbli\u017caj\u0105c si\u0119 do \u017cycia wyr\u00f3\u017cniaj\u0105cego si\u0119 z t\u0142umu? Wzmocnij sw\u00f3j wizerunek kultowymi okularami. Carrera to&hellip;<\/p>\n","protected":false},"featured_media":1725,"comment_status":"closed","ping_status":"open","template":"","meta":[],"product_cat":[218],"product_tag":[730,829,838,856,772,884],"class_list":["post-1724","product","type-product","status-publish","has-post-thumbnail","hentry","product_cat-przedtreningowki","product_tag-jogody","product_tag-marchew-ekologiczna","product_tag-olej-kokosowy-rafinowany-czy-nierafinowany","product_tag-profilaktyka-cukrzycy","product_tag-ser-owczy","product_tag-zestaw-do-matchy"],"_links":{"self":[{"href":"https:\/\/wegeblw.pl\/index.php\/wp-json\/wp\/v2\/product\/1724","targetHints":{"allow":["GET"]}}],"collection":[{"href":"https:\/\/wegeblw.pl\/index.php\/wp-json\/wp\/v2\/product"}],"about":[{"href":"https:\/\/wegeblw.pl\/index.php\/wp-json\/wp\/v2\/types\/product"}],"replies":[{"embeddable":true,"href":"https:\/\/wegeblw.pl\/index.php\/wp-json\/wp\/v2\/comments?post=1724"}],"wp:featuredmedia":[{"embeddable":true,"href":"https:\/\/wegeblw.pl\/index.php\/wp-json\/wp\/v2\/media\/1725"}],"wp:attachment":[{"href":"https:\/\/wegeblw.pl\/index.php\/wp-json\/wp\/v2\/media?parent=1724"}],"wp:term":[{"taxonomy":"product_cat","embeddable":true,"href":"https:\/\/wegeblw.pl\/index.php\/wp-json\/wp\/v2\/product_cat?post=1724"},{"taxonomy":"product_tag","embeddable":true,"href":"https:\/\/wegeblw.pl\/index.php\/wp-json\/wp\/v2\/product_tag?post=1724"}],"curies":[{"name":"wp","href":"https:\/\/api.w.org\/{rel}","templated":true}]}}