{"id":1783,"date":"2018-01-07T00:06:13","date_gmt":"2018-01-06T23:06:13","guid":{"rendered":"https:\/\/wegeblw.pl\/index.php\/produkt\/swanson-flaxseed-oil-omega-3-6-9-1000mg-100-kaps\/"},"modified":"2026-04-09T21:29:14","modified_gmt":"2026-04-09T19:29:14","slug":"swanson-flaxseed-oil-omega-3-6-9-1000mg-100-kaps","status":"publish","type":"product","link":"https:\/\/wegeblw.pl\/index.php\/produkt\/swanson-flaxseed-oil-omega-3-6-9-1000mg-100-kaps\/","title":{"rendered":"Swanson Flaxseed Oil Omega 3-6-9 1000mg 100 kaps."},"content":{"rendered":"<p>Oprawy Okularowe Burberry<\/p>\n<p>Okulary oprawki i szk\u0142a<\/p>\n<p>szare myd\u0142o, seler naciowy, plaskorka, algi do jedzenia, miodowa galaretka z zielona herbata my cafe, soda i ocet co powstaje, drzewo smoczej krwi, r\u00f3\u017cnica siarczan magnezu jednowodny a siedmiowodny, maca czerwona, vit c 1000 mg, witamina d3+k2mk7, nalesniki na sniadanie, koper w\u0142oski herbata, falafele z czym podawa\u0107, skyr co to jest, cynamon ro\u015blina, bio \u017cywno\u015b\u0107, m\u0105ka i woda ksi\u0105\u017cka<\/p>\n<p><a href=\"https:\/\/www.pracowniakreska.com\/kto-to-jest-introwertyk-czym-cechuja-sie-introwertycy\">introwertyk kto to<\/a><\/p>\n","protected":false},"excerpt":{"rendered":"<p>Oprawy Okularowe Burberry Okulary oprawki i szk\u0142a szare myd\u0142o, seler naciowy, plaskorka, algi do jedzenia, miodowa galaretka z zielona herbata&hellip;<\/p>\n","protected":false},"featured_media":1784,"comment_status":"closed","ping_status":"open","template":"","meta":[],"product_cat":[81],"product_tag":[734,835,729,783,777,668],"class_list":["post-1783","product","type-product","status-publish","has-post-thumbnail","hentry","product_cat-uklad-krazenia-i-serce","product_tag-derma-sklep","product_tag-kurkuma-dzialanie","product_tag-kurkuma-jak-stosowac","product_tag-majonez-vita-pol","product_tag-mieso-wege","product_tag-wolowina-ekologiczna"],"_links":{"self":[{"href":"https:\/\/wegeblw.pl\/index.php\/wp-json\/wp\/v2\/product\/1783","targetHints":{"allow":["GET"]}}],"collection":[{"href":"https:\/\/wegeblw.pl\/index.php\/wp-json\/wp\/v2\/product"}],"about":[{"href":"https:\/\/wegeblw.pl\/index.php\/wp-json\/wp\/v2\/types\/product"}],"replies":[{"embeddable":true,"href":"https:\/\/wegeblw.pl\/index.php\/wp-json\/wp\/v2\/comments?post=1783"}],"wp:featuredmedia":[{"embeddable":true,"href":"https:\/\/wegeblw.pl\/index.php\/wp-json\/wp\/v2\/media\/1784"}],"wp:attachment":[{"href":"https:\/\/wegeblw.pl\/index.php\/wp-json\/wp\/v2\/media?parent=1783"}],"wp:term":[{"taxonomy":"product_cat","embeddable":true,"href":"https:\/\/wegeblw.pl\/index.php\/wp-json\/wp\/v2\/product_cat?post=1783"},{"taxonomy":"product_tag","embeddable":true,"href":"https:\/\/wegeblw.pl\/index.php\/wp-json\/wp\/v2\/product_tag?post=1783"}],"curies":[{"name":"wp","href":"https:\/\/api.w.org\/{rel}","templated":true}]}}