{"id":1866,"date":"2022-08-02T22:51:41","date_gmt":"2022-08-02T20:51:41","guid":{"rendered":"https:\/\/wegeblw.pl\/index.php\/produkt\/herbaya-morwa-biala-prawidlowy-metabolizm-cukrow-60kapsulek\/"},"modified":"2026-04-10T06:27:33","modified_gmt":"2026-04-10T04:27:33","slug":"herbaya-morwa-biala-prawidlowy-metabolizm-cukrow-60kapsulek","status":"publish","type":"product","link":"https:\/\/wegeblw.pl\/index.php\/produkt\/herbaya-morwa-biala-prawidlowy-metabolizm-cukrow-60kapsulek\/","title":{"rendered":"Herbaya Morwa bia\u0142a prawid\u0142owy metabolizm cukr\u00f3w 60kapsu\u0142ek"},"content":{"rendered":"<p>Suplementy na odchudzanie<\/p>\n<p>mleka ro\u015blinne, tortilla pszenna, babalski sklep, zepsuty ocet jab\u0142kowy, chrupki pizza, kostki roso\u0142owe bio<\/p>\n<p>yyyyy<\/p>\n","protected":false},"excerpt":{"rendered":"<p>Suplementy na odchudzanie mleka ro\u015blinne, tortilla pszenna, babalski sklep, zepsuty ocet jab\u0142kowy, chrupki pizza, kostki roso\u0142owe bio yyyyy<\/p>\n","protected":false},"featured_media":1867,"comment_status":"closed","ping_status":"open","template":"","meta":[],"product_cat":[81],"product_tag":[711,728,686,756],"class_list":["post-1866","product","type-product","status-publish","has-post-thumbnail","hentry","product_cat-uklad-krazenia-i-serce","product_tag-pestki-granatu-wlasciwosci","product_tag-roslinne-mieso","product_tag-sekacz-skad","product_tag-sklep-ekologiczny-warszawa"],"_links":{"self":[{"href":"https:\/\/wegeblw.pl\/index.php\/wp-json\/wp\/v2\/product\/1866","targetHints":{"allow":["GET"]}}],"collection":[{"href":"https:\/\/wegeblw.pl\/index.php\/wp-json\/wp\/v2\/product"}],"about":[{"href":"https:\/\/wegeblw.pl\/index.php\/wp-json\/wp\/v2\/types\/product"}],"replies":[{"embeddable":true,"href":"https:\/\/wegeblw.pl\/index.php\/wp-json\/wp\/v2\/comments?post=1866"}],"wp:featuredmedia":[{"embeddable":true,"href":"https:\/\/wegeblw.pl\/index.php\/wp-json\/wp\/v2\/media\/1867"}],"wp:attachment":[{"href":"https:\/\/wegeblw.pl\/index.php\/wp-json\/wp\/v2\/media?parent=1866"}],"wp:term":[{"taxonomy":"product_cat","embeddable":true,"href":"https:\/\/wegeblw.pl\/index.php\/wp-json\/wp\/v2\/product_cat?post=1866"},{"taxonomy":"product_tag","embeddable":true,"href":"https:\/\/wegeblw.pl\/index.php\/wp-json\/wp\/v2\/product_tag?post=1866"}],"curies":[{"name":"wp","href":"https:\/\/api.w.org\/{rel}","templated":true}]}}