{"id":201,"date":"2022-10-14T18:30:37","date_gmt":"2022-10-14T16:30:37","guid":{"rendered":"https:\/\/wegeblw.pl\/?post_type=product&#038;p=201"},"modified":"2026-04-09T17:57:21","modified_gmt":"2026-04-09T15:57:21","slug":"mlyn-oliwski-bene-vobis-witamina-d3-forte-4000iu-k2-mk7-100mcg-120-kaps","status":"publish","type":"product","link":"https:\/\/wegeblw.pl\/index.php\/produkt\/mlyn-oliwski-bene-vobis-witamina-d3-forte-4000iu-k2-mk7-100mcg-120-kaps\/","title":{"rendered":"M\u0142yn Oliwski Bene Vobis Witamina D3 FORTE 4000IU + K2 MK7 100mcg 120 kaps"},"content":{"rendered":"<p>Klocki<\/p>\n<p>rodzaje ry\u017cu, test na sibo, zbyszek nowak cena, glinka bia\u0142a spo\u017cywcza, kawa palona, witamina e jak\u0105 najlepsza, soda cena, jak pszczoly robia miod, gdzie rosn\u0105 banany, grzebie\u0144 do wszy, kwiaty pustyni, guarana tabletki, kiszone warzywa sklep, cena miodu za litr 2022, baton o smaku maseczki, truskawki ekologiczne, g\u0119si smalec, czy piwo bezalkoholowe jest zdrowe, torbiele w jajnikach, ciasteczka orkiszowe<\/p>\n<p>yyyyy<\/p>\n","protected":false},"excerpt":{"rendered":"<p>Klocki rodzaje ry\u017cu, test na sibo, zbyszek nowak cena, glinka bia\u0142a spo\u017cywcza, kawa palona, witamina e jak\u0105 najlepsza, soda cena,&hellip;<\/p>\n","protected":false},"featured_media":202,"comment_status":"closed","ping_status":"open","template":"","meta":[],"product_cat":[18],"product_tag":[823,663,640],"class_list":["post-201","product","type-product","status-publish","has-post-thumbnail","hentry","product_cat-mineraly-i-witaminy","product_tag-olej-z-ryzu","product_tag-sekacz-ciasto","product_tag-siemie-lniane-na-surowo"],"_links":{"self":[{"href":"https:\/\/wegeblw.pl\/index.php\/wp-json\/wp\/v2\/product\/201","targetHints":{"allow":["GET"]}}],"collection":[{"href":"https:\/\/wegeblw.pl\/index.php\/wp-json\/wp\/v2\/product"}],"about":[{"href":"https:\/\/wegeblw.pl\/index.php\/wp-json\/wp\/v2\/types\/product"}],"replies":[{"embeddable":true,"href":"https:\/\/wegeblw.pl\/index.php\/wp-json\/wp\/v2\/comments?post=201"}],"wp:featuredmedia":[{"embeddable":true,"href":"https:\/\/wegeblw.pl\/index.php\/wp-json\/wp\/v2\/media\/202"}],"wp:attachment":[{"href":"https:\/\/wegeblw.pl\/index.php\/wp-json\/wp\/v2\/media?parent=201"}],"wp:term":[{"taxonomy":"product_cat","embeddable":true,"href":"https:\/\/wegeblw.pl\/index.php\/wp-json\/wp\/v2\/product_cat?post=201"},{"taxonomy":"product_tag","embeddable":true,"href":"https:\/\/wegeblw.pl\/index.php\/wp-json\/wp\/v2\/product_tag?post=201"}],"curies":[{"name":"wp","href":"https:\/\/api.w.org\/{rel}","templated":true}]}}