{"id":2070,"date":"2024-09-07T12:55:51","date_gmt":"2024-09-07T10:55:51","guid":{"rendered":"https:\/\/wegeblw.pl\/?post_type=product&#038;p=2070"},"modified":"2026-04-07T09:46:32","modified_gmt":"2026-04-07T07:46:32","slug":"happet-grzalki-serii-aquat-300w","status":"publish","type":"product","link":"https:\/\/wegeblw.pl\/index.php\/produkt\/happet-grzalki-serii-aquat-300w\/","title":{"rendered":"Happet Grza\u0142ki Serii Aquat 300W"},"content":{"rendered":"<p>KO01 HMS &#8211; to obrotowy twister magnetyczny. Produkt doskonale sprawdzi si\u0119 jako przyrz\u0105d do \u0107wicze\u0144 fitness w warunkach domowych.<\/p>\n<p>Twistery<\/p>\n<p>pierogi bezglutenowe z m\u0105ki sch\u00e4r, \u015bmietanka krem\u00f3wka, extra virgin, jogurt cena, siarka do k\u0105pieli w domu gdzie kupi\u0107<\/p>\n<p>yyyyy<\/p>\n","protected":false},"excerpt":{"rendered":"<p>KO01 HMS &#8211; to obrotowy twister magnetyczny. Produkt doskonale sprawdzi si\u0119 jako przyrz\u0105d do \u0107wicze\u0144 fitness w warunkach domowych. Twistery&hellip;<\/p>\n","protected":false},"featured_media":2071,"comment_status":"closed","ping_status":"open","template":"","meta":[],"product_cat":[242],"product_tag":[636,629,678,878,813,776],"class_list":["post-2070","product","type-product","status-publish","has-post-thumbnail","hentry","product_cat-grzalki-akwariowe","product_tag-farma-zdrowia","product_tag-maka-z-ciecierzycy","product_tag-springrolls","product_tag-tahini-do-czego","product_tag-tortilla","product_tag-zamiennik-miesa"],"_links":{"self":[{"href":"https:\/\/wegeblw.pl\/index.php\/wp-json\/wp\/v2\/product\/2070","targetHints":{"allow":["GET"]}}],"collection":[{"href":"https:\/\/wegeblw.pl\/index.php\/wp-json\/wp\/v2\/product"}],"about":[{"href":"https:\/\/wegeblw.pl\/index.php\/wp-json\/wp\/v2\/types\/product"}],"replies":[{"embeddable":true,"href":"https:\/\/wegeblw.pl\/index.php\/wp-json\/wp\/v2\/comments?post=2070"}],"wp:featuredmedia":[{"embeddable":true,"href":"https:\/\/wegeblw.pl\/index.php\/wp-json\/wp\/v2\/media\/2071"}],"wp:attachment":[{"href":"https:\/\/wegeblw.pl\/index.php\/wp-json\/wp\/v2\/media?parent=2070"}],"wp:term":[{"taxonomy":"product_cat","embeddable":true,"href":"https:\/\/wegeblw.pl\/index.php\/wp-json\/wp\/v2\/product_cat?post=2070"},{"taxonomy":"product_tag","embeddable":true,"href":"https:\/\/wegeblw.pl\/index.php\/wp-json\/wp\/v2\/product_tag?post=2070"}],"curies":[{"name":"wp","href":"https:\/\/api.w.org\/{rel}","templated":true}]}}