{"id":2104,"date":"2021-09-30T08:30:41","date_gmt":"2021-09-30T06:30:41","guid":{"rendered":"https:\/\/wegeblw.pl\/index.php\/produkt\/rafex-wezownik-klacze1kg\/"},"modified":"2026-04-08T06:29:52","modified_gmt":"2026-04-08T04:29:52","slug":"rafex-wezownik-klacze1kg","status":"publish","type":"product","link":"https:\/\/wegeblw.pl\/index.php\/produkt\/rafex-wezownik-klacze1kg\/","title":{"rendered":"Rafex W\u0119\u017cownik k\u0142\u0105cze1kg"},"content":{"rendered":"<p>\u015arednia walizka z wytrzyma\u0142ej tkaniny.Ta \u015bredniej wielko\u015bci walizka przyda Ci si\u0119 na kilkudniowy wyjazd. Wykonana zosta\u0142a z wysokiej jako\u015bci poliestru. Nowoczesny charakter podkre\u015blaj\u0105 dopasowane kolorystycznie wstawki. Wewn\u0105trz jest bardzo pakowna, a dzi\u0119ki kieszeni zamykanej na suwak \u0142atwo zachowasz w niej porz\u0105dek. Ma teleskopowy uchwyt i cztery obrotowe k\u00f3\u0142ka. Ten model posiada r\u00f3wnie\u017c zamek TSA, kt\u00f3ry zadba o bezpiecze\u0144stwo Twojego baga\u017cu. Jednokolorowa \u015brednia walizka mi\u0119kka to wygodny i stylowy dodatek na ka\u017cd\u0105 podr\u00f3\u017c.Nasza rada: dobierz do niej ma\u0142\u0105 i du\u017c\u0105 walizk\u0119, i podr\u00f3\u017cuj w jednym stylu.W \u015brodku:szelki zabezpieczaj\u0105ce zawarto\u015b\u0107 przed przesuwaniem si\u0119;kiesze\u0144 zapinana na suwak;ciemna podszewka w logo WITTCHEN.Dodatkowo:poliester;zamek z szyfrem TSA \u2013 bardzo przydatny w przypadku rewizji baga\u017cu przez s\u0142u\u017cby celne \u2013 gwarantuje on bezinwazyjne otwarcie walizki oraz jej ponowne zamkni\u0119cie, bez uszkodzenia zamka;dwie zamykane na suwak kieszenie zewn\u0119trzne;cztery podw\u00f3jne k\u00f3\u0142ka u\u0142atwiaj\u0105ce manewrowanie;teleskopowy uchwyt;dwie r\u0105czki do przenoszenia;suwak umo\u017cliwiaj\u0105cy poszerzenie walizki.Podane wymiary obejmuj\u0105 r\u00f3wnie\u017c elementy wystaj\u0105ce, takie jak r\u0105czki czy k\u00f3\u0142ka. Wymiary s\u0105 przybli\u017cone i mog\u0105 r\u00f3\u017cni\u0107 si\u0119 o +\/- 5%.<\/p>\n<p>Torby i walizki<\/p>\n<p>produkty zbo\u017cowe pe\u0142noziarniste, barszcz czerwony, glinka bentonitowa detox, tartaletki bezglutenowe, vita bella, balsam jerozolimski forte opinie, bu\u0142ka ciabata, syrop z tymianku i sza\u0142wii, mleczko kokosowe light kcal, guma guar czy ksantanowa<\/p>\n<p>yyyyy<\/p>\n","protected":false},"excerpt":{"rendered":"<p>\u015arednia walizka z wytrzyma\u0142ej tkaniny.Ta \u015bredniej wielko\u015bci walizka przyda Ci si\u0119 na kilkudniowy wyjazd. Wykonana zosta\u0142a z wysokiej jako\u015bci poliestru.&hellip;<\/p>\n","protected":false},"featured_media":2105,"comment_status":"closed","ping_status":"open","template":"","meta":[],"product_cat":[41],"product_tag":[650,804,801,683],"class_list":["post-2104","product","type-product","status-publish","has-post-thumbnail","hentry","product_cat-ziola-i-herbaty-lecznicze","product_tag-biala-kielbasa","product_tag-quinoa-jak-gotowac","product_tag-warzywa-ekologiczne","product_tag-ziola-regenerujace-nadnercza"],"_links":{"self":[{"href":"https:\/\/wegeblw.pl\/index.php\/wp-json\/wp\/v2\/product\/2104","targetHints":{"allow":["GET"]}}],"collection":[{"href":"https:\/\/wegeblw.pl\/index.php\/wp-json\/wp\/v2\/product"}],"about":[{"href":"https:\/\/wegeblw.pl\/index.php\/wp-json\/wp\/v2\/types\/product"}],"replies":[{"embeddable":true,"href":"https:\/\/wegeblw.pl\/index.php\/wp-json\/wp\/v2\/comments?post=2104"}],"wp:featuredmedia":[{"embeddable":true,"href":"https:\/\/wegeblw.pl\/index.php\/wp-json\/wp\/v2\/media\/2105"}],"wp:attachment":[{"href":"https:\/\/wegeblw.pl\/index.php\/wp-json\/wp\/v2\/media?parent=2104"}],"wp:term":[{"taxonomy":"product_cat","embeddable":true,"href":"https:\/\/wegeblw.pl\/index.php\/wp-json\/wp\/v2\/product_cat?post=2104"},{"taxonomy":"product_tag","embeddable":true,"href":"https:\/\/wegeblw.pl\/index.php\/wp-json\/wp\/v2\/product_tag?post=2104"}],"curies":[{"name":"wp","href":"https:\/\/api.w.org\/{rel}","templated":true}]}}