{"id":2106,"date":"2022-08-04T05:35:43","date_gmt":"2022-08-04T03:35:43","guid":{"rendered":"https:\/\/wegeblw.pl\/index.php\/produkt\/gelviu-dzika-roza-owoc-dzikiej-rozy-50g-witamina-c\/"},"modified":"2026-04-10T04:21:14","modified_gmt":"2026-04-10T02:21:14","slug":"gelviu-dzika-roza-owoc-dzikiej-rozy-50g-witamina-c","status":"publish","type":"product","link":"https:\/\/wegeblw.pl\/index.php\/produkt\/gelviu-dzika-roza-owoc-dzikiej-rozy-50g-witamina-c\/","title":{"rendered":"Gelviu DZIKA R\u00d3\u017bA owoc dzikiej r\u00f3\u017cy 50g Witamina C"},"content":{"rendered":"<p>100% czystej mocy li\u015bci oliwki! W tej herbacie nie ma nic innego pr\u00f3cz drobno zmielonych li\u015bci oliwek. Mielone s\u0105 w ca\u0142o\u015bci, co pozwala w pe\u0142ni zachowa\u0107 cenne substancje od\u017cywcze, kt\u00f3rych st\u0119\u017cenie jest do 3000 razy wi\u0119ksze ni\u017c w oliwie z oliwek. Dla czystego pi\u0119kna, kt\u00f3re pochodzi z wn\u0119trza i emanuje na zewn\u0105trz. Ma\u0142a wskaz\u00f3wka: Komu nie wystarcza dzia\u0142anie od wewn\u0105trz, mo\u017ce \u0142atwo sporz\u0105dzi\u0107 z mieszanki mask\u0119 na twarz.<\/p>\n<p>Zio\u0142a i herbaty lecznicze<\/p>\n<p>projekt domu mandarynka, gory do g\u00f3ry, market bio, eleuthero, olej w sprayu, co to jest maslanka<\/p>\n<p><a href=\"https:\/\/www.polroll.pl\/rolety-montaz\">monta\u017c rolet zewn\u0119trznych podtynkowych  polroll.pl\/rolety-montaz<\/a><\/p>\n","protected":false},"excerpt":{"rendered":"<p>100% czystej mocy li\u015bci oliwki! W tej herbacie nie ma nic innego pr\u00f3cz drobno zmielonych li\u015bci oliwek. Mielone s\u0105 w&hellip;<\/p>\n","protected":false},"featured_media":2107,"comment_status":"closed","ping_status":"open","template":"","meta":[],"product_cat":[41],"product_tag":[857,743,776],"class_list":["post-2106","product","type-product","status-publish","has-post-thumbnail","hentry","product_cat-ziola-i-herbaty-lecznicze","product_tag-jablka-ekologiczne","product_tag-siemie-lniane","product_tag-zamiennik-miesa"],"_links":{"self":[{"href":"https:\/\/wegeblw.pl\/index.php\/wp-json\/wp\/v2\/product\/2106","targetHints":{"allow":["GET"]}}],"collection":[{"href":"https:\/\/wegeblw.pl\/index.php\/wp-json\/wp\/v2\/product"}],"about":[{"href":"https:\/\/wegeblw.pl\/index.php\/wp-json\/wp\/v2\/types\/product"}],"replies":[{"embeddable":true,"href":"https:\/\/wegeblw.pl\/index.php\/wp-json\/wp\/v2\/comments?post=2106"}],"wp:featuredmedia":[{"embeddable":true,"href":"https:\/\/wegeblw.pl\/index.php\/wp-json\/wp\/v2\/media\/2107"}],"wp:attachment":[{"href":"https:\/\/wegeblw.pl\/index.php\/wp-json\/wp\/v2\/media?parent=2106"}],"wp:term":[{"taxonomy":"product_cat","embeddable":true,"href":"https:\/\/wegeblw.pl\/index.php\/wp-json\/wp\/v2\/product_cat?post=2106"},{"taxonomy":"product_tag","embeddable":true,"href":"https:\/\/wegeblw.pl\/index.php\/wp-json\/wp\/v2\/product_tag?post=2106"}],"curies":[{"name":"wp","href":"https:\/\/api.w.org\/{rel}","templated":true}]}}