{"id":2214,"date":"2023-12-21T16:54:42","date_gmt":"2023-12-21T15:54:42","guid":{"rendered":"https:\/\/wegeblw.pl\/?post_type=product&#038;p=2214"},"modified":"2026-04-08T02:15:48","modified_gmt":"2026-04-08T00:15:48","slug":"filtr-x-kross-running-clear-mirror","status":"publish","type":"product","link":"https:\/\/wegeblw.pl\/index.php\/produkt\/filtr-x-kross-running-clear-mirror\/","title":{"rendered":"Filtr X-KROSS Running Clear Mirror"},"content":{"rendered":"<p>Wyci\u0105g ostropestu 190mg karczoch 100 kaps. Aliness<\/p>\n<p>Pozosta\u0142e preparaty dla sportowc\u00f3w<\/p>\n<p>zinc forte, bajgiel, zamiennik jajka, zupa tajska ostra, macerat z marchwi, jod krystaliczny, olejki relaksacyjne, mleko na keto, fasola czerwona puszka, bataty czy ziemniaki<\/p>\n<p>yyyyy<\/p>\n","protected":false},"excerpt":{"rendered":"<p>Wyci\u0105g ostropestu 190mg karczoch 100 kaps. Aliness Pozosta\u0142e preparaty dla sportowc\u00f3w zinc forte, bajgiel, zamiennik jajka, zupa tajska ostra, macerat&hellip;<\/p>\n","protected":false},"featured_media":2215,"comment_status":"closed","ping_status":"open","template":"","meta":[],"product_cat":[251],"product_tag":[808,762,847,723,744,730],"class_list":["post-2214","product","type-product","status-publish","has-post-thumbnail","hentry","product_cat-akcesoria-do-okularow","product_tag-ciasto-sekacz","product_tag-cynamon-cejlonski","product_tag-czym-zastapic-nabial","product_tag-guar","product_tag-haagen-dazs","product_tag-jogody"],"_links":{"self":[{"href":"https:\/\/wegeblw.pl\/index.php\/wp-json\/wp\/v2\/product\/2214","targetHints":{"allow":["GET"]}}],"collection":[{"href":"https:\/\/wegeblw.pl\/index.php\/wp-json\/wp\/v2\/product"}],"about":[{"href":"https:\/\/wegeblw.pl\/index.php\/wp-json\/wp\/v2\/types\/product"}],"replies":[{"embeddable":true,"href":"https:\/\/wegeblw.pl\/index.php\/wp-json\/wp\/v2\/comments?post=2214"}],"wp:featuredmedia":[{"embeddable":true,"href":"https:\/\/wegeblw.pl\/index.php\/wp-json\/wp\/v2\/media\/2215"}],"wp:attachment":[{"href":"https:\/\/wegeblw.pl\/index.php\/wp-json\/wp\/v2\/media?parent=2214"}],"wp:term":[{"taxonomy":"product_cat","embeddable":true,"href":"https:\/\/wegeblw.pl\/index.php\/wp-json\/wp\/v2\/product_cat?post=2214"},{"taxonomy":"product_tag","embeddable":true,"href":"https:\/\/wegeblw.pl\/index.php\/wp-json\/wp\/v2\/product_tag?post=2214"}],"curies":[{"name":"wp","href":"https:\/\/api.w.org\/{rel}","templated":true}]}}