{"id":2310,"date":"2025-06-23T14:06:43","date_gmt":"2025-06-23T12:06:43","guid":{"rendered":"https:\/\/wegeblw.pl\/?post_type=product&#038;p=2310"},"modified":"2026-04-07T01:18:32","modified_gmt":"2026-04-06T23:18:32","slug":"montana-okulary-z-filtrem-do-komputera-i-czytania-z-antyrefleksem-blfbox83d-moc-1","status":"publish","type":"product","link":"https:\/\/wegeblw.pl\/index.php\/produkt\/montana-okulary-z-filtrem-do-komputera-i-czytania-z-antyrefleksem-blfbox83d-moc-1\/","title":{"rendered":"Montana Okulary Z Filtrem Do Komputera I Czytania Z Antyrefleksem Blfbox83D Moc: +1"},"content":{"rendered":"<p>ETUI FUTERA\u0141 NA DZIECI\u0118CEOKULARY SC-10A<\/p>\n<p>Akcesoria do okular\u00f3w<\/p>\n<p>l theanina, sheik bananowy, chleb na proszku do pieczenia, b 50, ketchup premium, m\u0105ka razowa cena, galart, chleb orkiszowy na zakwasie<\/p>\n<p>yyyyy<\/p>\n","protected":false},"excerpt":{"rendered":"<p>ETUI FUTERA\u0141 NA DZIECI\u0118CEOKULARY SC-10A Akcesoria do okular\u00f3w l theanina, sheik bananowy, chleb na proszku do pieczenia, b 50, ketchup&hellip;<\/p>\n","protected":false},"featured_media":2311,"comment_status":"closed","ping_status":"open","template":"","meta":[],"product_cat":[249],"product_tag":[688,821,674],"class_list":["post-2310","product","type-product","status-publish","has-post-thumbnail","hentry","product_cat-okulary-oprawki-i-szkla","product_tag-farma-roztocza","product_tag-gotowanie-komosy-ryzowej","product_tag-warzywa-eko"],"_links":{"self":[{"href":"https:\/\/wegeblw.pl\/index.php\/wp-json\/wp\/v2\/product\/2310","targetHints":{"allow":["GET"]}}],"collection":[{"href":"https:\/\/wegeblw.pl\/index.php\/wp-json\/wp\/v2\/product"}],"about":[{"href":"https:\/\/wegeblw.pl\/index.php\/wp-json\/wp\/v2\/types\/product"}],"replies":[{"embeddable":true,"href":"https:\/\/wegeblw.pl\/index.php\/wp-json\/wp\/v2\/comments?post=2310"}],"wp:featuredmedia":[{"embeddable":true,"href":"https:\/\/wegeblw.pl\/index.php\/wp-json\/wp\/v2\/media\/2311"}],"wp:attachment":[{"href":"https:\/\/wegeblw.pl\/index.php\/wp-json\/wp\/v2\/media?parent=2310"}],"wp:term":[{"taxonomy":"product_cat","embeddable":true,"href":"https:\/\/wegeblw.pl\/index.php\/wp-json\/wp\/v2\/product_cat?post=2310"},{"taxonomy":"product_tag","embeddable":true,"href":"https:\/\/wegeblw.pl\/index.php\/wp-json\/wp\/v2\/product_tag?post=2310"}],"curies":[{"name":"wp","href":"https:\/\/api.w.org\/{rel}","templated":true}]}}