{"id":2372,"date":"2019-07-30T11:32:51","date_gmt":"2019-07-30T09:32:51","guid":{"rendered":"https:\/\/wegeblw.pl\/index.php\/produkt\/okulary-korekcyjne-polo-ralph-lauren-ph-1153j-9421-50-rozmiar-m\/"},"modified":"2026-04-08T11:25:56","modified_gmt":"2026-04-08T09:25:56","slug":"okulary-korekcyjne-polo-ralph-lauren-ph-1153j-9421-50-rozmiar-m","status":"publish","type":"product","link":"https:\/\/wegeblw.pl\/index.php\/produkt\/okulary-korekcyjne-polo-ralph-lauren-ph-1153j-9421-50-rozmiar-m\/","title":{"rendered":"OKULARY KOREKCYJNE POLO RALPH LAUREN PH 1153J 9421 50 ROZMIAR M"},"content":{"rendered":"<p>Kosmetyki dla dzieci i niemowl\u0105t<\/p>\n<p>imbir do picia, olej ro\u015blinny shea, naczynko do yerby, sklep biogo, delikatesy katowice, morwa bia\u0142a a karmienie piersi\u0105, cytryny bio, arcaffe roma, zielony groszek mro\u017cony, sklep oko\u0144, mus do mycia twarzy fluff, opuchni\u0119te \u0142ydki przyczyny, kszta\u0142ty makaron\u00f3w, delikatesy ekologiczne, jak stosowa\u0107 mms<\/p>\n<p><a href=\"https:\/\/cudimiod.pl\/diety-cud-i-miod\/dieta-if\">https:\/\/cudimiod.pl\/diety-cud-i-miod\/dieta-if<\/a><\/p>\n","protected":false},"excerpt":{"rendered":"<p>Kosmetyki dla dzieci i niemowl\u0105t imbir do picia, olej ro\u015blinny shea, naczynko do yerby, sklep biogo, delikatesy katowice, morwa bia\u0142a&hellip;<\/p>\n","protected":false},"featured_media":2373,"comment_status":"closed","ping_status":"open","template":"","meta":[],"product_cat":[249],"product_tag":[744,632,628,639,882],"class_list":["post-2372","product","type-product","status-publish","has-post-thumbnail","hentry","product_cat-okulary-oprawki-i-szkla","product_tag-haagen-dazs","product_tag-komosa-ryzowa-jak-gotowac","product_tag-mieso-roslinne","product_tag-organic-farma","product_tag-veegs"],"_links":{"self":[{"href":"https:\/\/wegeblw.pl\/index.php\/wp-json\/wp\/v2\/product\/2372","targetHints":{"allow":["GET"]}}],"collection":[{"href":"https:\/\/wegeblw.pl\/index.php\/wp-json\/wp\/v2\/product"}],"about":[{"href":"https:\/\/wegeblw.pl\/index.php\/wp-json\/wp\/v2\/types\/product"}],"replies":[{"embeddable":true,"href":"https:\/\/wegeblw.pl\/index.php\/wp-json\/wp\/v2\/comments?post=2372"}],"wp:featuredmedia":[{"embeddable":true,"href":"https:\/\/wegeblw.pl\/index.php\/wp-json\/wp\/v2\/media\/2373"}],"wp:attachment":[{"href":"https:\/\/wegeblw.pl\/index.php\/wp-json\/wp\/v2\/media?parent=2372"}],"wp:term":[{"taxonomy":"product_cat","embeddable":true,"href":"https:\/\/wegeblw.pl\/index.php\/wp-json\/wp\/v2\/product_cat?post=2372"},{"taxonomy":"product_tag","embeddable":true,"href":"https:\/\/wegeblw.pl\/index.php\/wp-json\/wp\/v2\/product_tag?post=2372"}],"curies":[{"name":"wp","href":"https:\/\/api.w.org\/{rel}","templated":true}]}}