{"id":269,"date":"2025-09-30T20:34:40","date_gmt":"2025-09-30T18:34:40","guid":{"rendered":"https:\/\/wegeblw.pl\/?post_type=product&#038;p=269"},"modified":"2026-04-06T23:49:37","modified_gmt":"2026-04-06T21:49:37","slug":"colostrum-immun-125-kaps","status":"publish","type":"product","link":"https:\/\/wegeblw.pl\/index.php\/produkt\/colostrum-immun-125-kaps\/","title":{"rendered":"Colostrum Immun 125 kaps"},"content":{"rendered":"<p>Colostrum Immun Dr.Wolz pozyskiwany jest z pierwszego mleka nowozelandzkich kr\u00f3w. Preparat zawiera koncentrat bia\u0142ek odporno\u015bciowych i innych warto\u015bciowych sk\u0142adnik\u00f3w od\u017cywczych wspomagaj\u0105cych dzia\u0142anie uk\u0142adu odporno\u015bciowego. Colostrumm Immun zawiera ponad 20% immunoglobulin odporno\u015bciowych typu G. Kwas foliowy dodatkowo wspomaga funkcj\u0119 uk\u0142adu odporno\u015bciowego i mo\u017ce wp\u0142ywa\u0107 na zmniejszenia objaw\u00f3w zm\u0119czenia i wyczerpania.Wskazania: uzupe\u0142nienie codziennej diety w sk\u0142adniki wspomagaj\u0105ce prawid\u0142owe funkcjonowanie uk\u0142adu odporno\u015bciowego.Dawkowanie: 5 kapsu\u0142ek dziennie w trackie posi\u0142ku lub w dawce jednorazowej. Zawarto\u015b\u0107 mo\u017cna r\u00f3wnie\u017c wysypa\u0107 z kapsu\u0142ki. Nie miesza\u0107 z gor\u0105cymi napojami. Nie przekracza\u0107 dziennej zalecanej porcji do spo\u017cycia.Sk\u0142ad: 5 kapsu\u0142ek zawiera: 950mg koncentratu colostrum (w tym: 190mg immunoglobuliny G), kwas foliowy 200mcg; substancje pomocnicze.<\/p>\n<p>Preparaty medycyny naturalnej<\/p>\n<p>mleko kokosowe ecomil, co na popraw\u0119 pami\u0119ci, keto panierka do schabowego, w\u0142a\u015bciwo\u015bci octu, pasta z batatow, par\u00f3wki na zatoki, mleczko kokosowe<\/p>\n<p>yyyyy<\/p>\n","protected":false},"excerpt":{"rendered":"<p>Colostrum Immun Dr.Wolz pozyskiwany jest z pierwszego mleka nowozelandzkich kr\u00f3w. Preparat zawiera koncentrat bia\u0142ek odporno\u015bciowych i innych warto\u015bciowych sk\u0142adnik\u00f3w od\u017cywczych&hellip;<\/p>\n","protected":false},"featured_media":270,"comment_status":"closed","ping_status":"open","template":"","meta":[],"product_cat":[20],"product_tag":[627,766,781,702,757],"class_list":["post-269","product","type-product","status-publish","has-post-thumbnail","hentry","product_cat-preparaty-medycyny-naturalnej","product_tag-agnieszka-cegielska-blog","product_tag-jablko-jonaprince","product_tag-primabiotic-collagen","product_tag-przepis-na-sekacz","product_tag-roslinny-qurczak"],"_links":{"self":[{"href":"https:\/\/wegeblw.pl\/index.php\/wp-json\/wp\/v2\/product\/269","targetHints":{"allow":["GET"]}}],"collection":[{"href":"https:\/\/wegeblw.pl\/index.php\/wp-json\/wp\/v2\/product"}],"about":[{"href":"https:\/\/wegeblw.pl\/index.php\/wp-json\/wp\/v2\/types\/product"}],"replies":[{"embeddable":true,"href":"https:\/\/wegeblw.pl\/index.php\/wp-json\/wp\/v2\/comments?post=269"}],"wp:featuredmedia":[{"embeddable":true,"href":"https:\/\/wegeblw.pl\/index.php\/wp-json\/wp\/v2\/media\/270"}],"wp:attachment":[{"href":"https:\/\/wegeblw.pl\/index.php\/wp-json\/wp\/v2\/media?parent=269"}],"wp:term":[{"taxonomy":"product_cat","embeddable":true,"href":"https:\/\/wegeblw.pl\/index.php\/wp-json\/wp\/v2\/product_cat?post=269"},{"taxonomy":"product_tag","embeddable":true,"href":"https:\/\/wegeblw.pl\/index.php\/wp-json\/wp\/v2\/product_tag?post=269"}],"curies":[{"name":"wp","href":"https:\/\/api.w.org\/{rel}","templated":true}]}}