{"id":2693,"date":"2021-12-14T02:50:17","date_gmt":"2021-12-14T01:50:17","guid":{"rendered":"https:\/\/wegeblw.pl\/index.php\/produkt\/marc-jacobs-marc578-s-xlt-70-one-size-56\/"},"modified":"2026-04-07T04:32:17","modified_gmt":"2026-04-07T02:32:17","slug":"marc-jacobs-marc578-s-xlt-70-one-size-56","status":"publish","type":"product","link":"https:\/\/wegeblw.pl\/index.php\/produkt\/marc-jacobs-marc578-s-xlt-70-one-size-56\/","title":{"rendered":"Marc Jacobs MARC578\/S XLT\/70 ONE SIZE (56)"},"content":{"rendered":"<p>Protectiva Soft 60&#215;90<\/p>\n<p>Podk\u0142ady higieniczne Protectiva Soft doskonale spe\u0142niaj\u0105 swoj\u0105 funkcj\u0119 \u2013 szybko wch\u0142aniaj\u0105 wilgo\u0107, nie przesi\u0105kaj\u0105 i daj\u0105 poczucie komfortu. S\u0105 mi\u0119kkie i delikatne dla sk\u00f3ry. Zastosowany wewn\u0105trz podk\u0142adu superabsorbent w kilka sekund zamienia p\u0142yn w \u017cel, daj\u0105c poczucie sucho\u015bci, a zawarty w nim ekstrakt z zielonej herbaty ma w\u0142a\u015bciwo\u015bci bakteriob\u00f3jcze i antyseptyczne. Stanowi dodatkow\u0105 ochron\u0119 przed odparzeniami i odle\u017cynami jak r\u00f3wnie\u017c eliminuje nieprzyjemny zapach.                            <\/p>\n<p>Podk\u0142ady higieniczne Protectiva Soft idealnie wspomog\u0105 podczas:piel\u0119gnacji os\u00f3b chorychpiel\u0119gnacji os\u00f3b starszychproblem\u00f3w zwi\u0105zanych z nietrzymaniem moczuzabieg\u00f3w piel\u0119gnacyjnychpobytu w szpitaluzabezpieczenia w\u00f3zka inwalidzkiegozabezpieczenia \u0142\u00f3\u017ckaRozmiar: 60x90ilo\u015b\u0107 sztuk w opakowaniu: 30<\/p>\n<p>Higiena os\u00f3b starszych i niepe\u0142nosprawnych<\/p>\n<p>equilibra szampon, plyn do prania eko, croissant do wypieku, polskie m\u0142yny, jak zrobi\u0107 detoks, dynie cena, jogurt waniliowy, witamina d3 k2 dla dzieci, vianek balsam do ciala, orzechy nerkowca 1kg, paczkomat lekka paczka, suszone li\u015bcie chrzanu na herbatk\u0119, ala, plastry detoksykacyjne, czosnek nied\u017awiedzi a konwalia, oliwki nadziewane<\/p>\n<p><a href=\"https:\/\/krolewskie-miody.pl\/falszywy-miod\/\">https:\/\/krolewskie-miody.pl\/falszywy-miod\/<\/a><\/p>\n","protected":false},"excerpt":{"rendered":"<p>Protectiva Soft 60&#215;90 Podk\u0142ady higieniczne Protectiva Soft doskonale spe\u0142niaj\u0105 swoj\u0105 funkcj\u0119 \u2013 szybko wch\u0142aniaj\u0105 wilgo\u0107, nie przesi\u0105kaj\u0105 i daj\u0105 poczucie&hellip;<\/p>\n","protected":false},"featured_media":2694,"comment_status":"closed","ping_status":"open","template":"","meta":[],"product_cat":[250],"product_tag":[650,631,784,797],"class_list":["post-2693","product","type-product","status-publish","has-post-thumbnail","hentry","product_cat-okulary-przeciwsloneczne-damskie","product_tag-biala-kielbasa","product_tag-isola-bio","product_tag-mieso-weganskie","product_tag-organic-farma-zdrowia"],"_links":{"self":[{"href":"https:\/\/wegeblw.pl\/index.php\/wp-json\/wp\/v2\/product\/2693","targetHints":{"allow":["GET"]}}],"collection":[{"href":"https:\/\/wegeblw.pl\/index.php\/wp-json\/wp\/v2\/product"}],"about":[{"href":"https:\/\/wegeblw.pl\/index.php\/wp-json\/wp\/v2\/types\/product"}],"replies":[{"embeddable":true,"href":"https:\/\/wegeblw.pl\/index.php\/wp-json\/wp\/v2\/comments?post=2693"}],"wp:featuredmedia":[{"embeddable":true,"href":"https:\/\/wegeblw.pl\/index.php\/wp-json\/wp\/v2\/media\/2694"}],"wp:attachment":[{"href":"https:\/\/wegeblw.pl\/index.php\/wp-json\/wp\/v2\/media?parent=2693"}],"wp:term":[{"taxonomy":"product_cat","embeddable":true,"href":"https:\/\/wegeblw.pl\/index.php\/wp-json\/wp\/v2\/product_cat?post=2693"},{"taxonomy":"product_tag","embeddable":true,"href":"https:\/\/wegeblw.pl\/index.php\/wp-json\/wp\/v2\/product_tag?post=2693"}],"curies":[{"name":"wp","href":"https:\/\/api.w.org\/{rel}","templated":true}]}}