{"id":2857,"date":"2016-05-03T19:28:21","date_gmt":"2016-05-03T17:28:21","guid":{"rendered":"https:\/\/wegeblw.pl\/index.php\/produkt\/rodenstock-ramki-do-okularow-damski-r4701-a-o-49-mm\/"},"modified":"2026-04-10T07:34:20","modified_gmt":"2026-04-10T05:34:20","slug":"rodenstock-ramki-do-okularow-damski-r4701-a-o-49-mm","status":"publish","type":"product","link":"https:\/\/wegeblw.pl\/index.php\/produkt\/rodenstock-ramki-do-okularow-damski-r4701-a-o-49-mm\/","title":{"rendered":"Rodenstock Ramki Do Okular\u00f3w Damski R4701-A (\u00d8 49 Mm)"},"content":{"rendered":"<p>Thorne Iso-Phos Izolat Fosfatydyloseryny 60Vkaps<\/p>\n<p>Uk\u0142ad nerwowy i pami\u0119\u0107<\/p>\n<p>schab w plastrach, nerkowiec orzech, olej z pestek dyni t\u0142oczony na zimno, tu\u0144czyk po angielsku, acai jagody, piwo bezalkoholowe a zdrowie, any\u017c w ci\u0105\u017cy, m\u0105ka z semoliny<\/p>\n<p>yyyyy<\/p>\n","protected":false},"excerpt":{"rendered":"<p>Thorne Iso-Phos Izolat Fosfatydyloseryny 60Vkaps Uk\u0142ad nerwowy i pami\u0119\u0107 schab w plastrach, nerkowiec orzech, olej z pestek dyni t\u0142oczony na&hellip;<\/p>\n","protected":false},"featured_media":2858,"comment_status":"closed","ping_status":"open","template":"","meta":[],"product_cat":[249],"product_tag":[730,815,752,732,702],"class_list":["post-2857","product","type-product","status-publish","has-post-thumbnail","hentry","product_cat-okulary-oprawki-i-szkla","product_tag-jogody","product_tag-margaryny-bez-oleju-palmowego","product_tag-mleko-bez-laktozy","product_tag-produkty-bez-laktozy","product_tag-przepis-na-sekacz"],"_links":{"self":[{"href":"https:\/\/wegeblw.pl\/index.php\/wp-json\/wp\/v2\/product\/2857","targetHints":{"allow":["GET"]}}],"collection":[{"href":"https:\/\/wegeblw.pl\/index.php\/wp-json\/wp\/v2\/product"}],"about":[{"href":"https:\/\/wegeblw.pl\/index.php\/wp-json\/wp\/v2\/types\/product"}],"replies":[{"embeddable":true,"href":"https:\/\/wegeblw.pl\/index.php\/wp-json\/wp\/v2\/comments?post=2857"}],"wp:featuredmedia":[{"embeddable":true,"href":"https:\/\/wegeblw.pl\/index.php\/wp-json\/wp\/v2\/media\/2858"}],"wp:attachment":[{"href":"https:\/\/wegeblw.pl\/index.php\/wp-json\/wp\/v2\/media?parent=2857"}],"wp:term":[{"taxonomy":"product_cat","embeddable":true,"href":"https:\/\/wegeblw.pl\/index.php\/wp-json\/wp\/v2\/product_cat?post=2857"},{"taxonomy":"product_tag","embeddable":true,"href":"https:\/\/wegeblw.pl\/index.php\/wp-json\/wp\/v2\/product_tag?post=2857"}],"curies":[{"name":"wp","href":"https:\/\/api.w.org\/{rel}","templated":true}]}}