{"id":3155,"date":"2012-11-15T19:58:08","date_gmt":"2012-11-15T18:58:08","guid":{"rendered":"https:\/\/wegeblw.pl\/index.php\/produkt\/askato-mata-podlogowa-sensoryczna-6-el-baby-1b-pastel-mfk-023-2\/"},"modified":"2026-04-08T03:48:55","modified_gmt":"2026-04-08T01:48:55","slug":"askato-mata-podlogowa-sensoryczna-6-el-baby-1b-pastel-mfk-023-2","status":"publish","type":"product","link":"https:\/\/wegeblw.pl\/index.php\/produkt\/askato-mata-podlogowa-sensoryczna-6-el-baby-1b-pastel-mfk-023-2\/","title":{"rendered":"Askato Mata Pod\u0142ogowa Sensoryczna &#8211; 6 El. Baby 1B Pastel (Mfk-023-2)"},"content":{"rendered":"<p>Multiwitamina Junior 20 tabletek musuj\u0105cych o smaku owoc\u00f3w le\u015bnych.Zawiera substancje s\u0142odz\u0105ce.Bez dodatku cukru.Zawiera natualnie wyst\u0119puj\u0105ce cukry.Sk\u0142ad:regulatory kwasowo\u015bci: kwas cytrynowy, w\u0119glany sodu; substancja wype\u0142niaj\u0105ca: sorbitole; maltodekstryna; koncentrat soku buraka czerwonego w proszku (koncentrat soku buraka czerwonego; maltodekstryna; regulator kwasowo\u015bci: kwas cytrynowy); witaminy (kwas L-askorbinowy, amid kwasu nikotynowego, octan DL-alfa-tokoferylu, D-pantotenian wapnia, chlorowodorek pirydoksyny, ryboflawina, monoazotan tiaminy, kwas pteroilomonoglutaminowy, D-biotyna, cyjanokobalamina); aromaty; substancje przeciwzbrylaj\u0105ce: poliwinylopirolidon, glikol polietylenowy; substancje s\u0142odz\u0105ce: cyklaminiany, sacharyny; koncentrat marchwi w proszku; sok owoce le\u015bne w proszku &#8211; 0,1%.<\/p>\n<p>Minera\u0142y i witaminy<\/p>\n<p>co przypomina owoc morwy, li\u015bcie rabarbaru zastosowanie w ogrodzie, bia\u0142a kawa ziarna, witamina c proszek, 10 planeta, mieszanka studencka, rdestowiec pospolity wla\u015bciwo\u015bci, jad\u0142ospis dla os\u00f3b starszych le\u017c\u0105cych, pieprz zio\u0142owy, w\u0142a\u015bciwo\u015bci sza\u0142wi, czy picie kawy jest zdrowe<\/p>\n<p>yyyyy<\/p>\n","protected":false},"excerpt":{"rendered":"<p>Multiwitamina Junior 20 tabletek musuj\u0105cych o smaku owoc\u00f3w le\u015bnych.Zawiera substancje s\u0142odz\u0105ce.Bez dodatku cukru.Zawiera natualnie wyst\u0119puj\u0105ce cukry.Sk\u0142ad:regulatory kwasowo\u015bci: kwas cytrynowy, w\u0119glany&hellip;<\/p>\n","protected":false},"featured_media":3156,"comment_status":"closed","ping_status":"open","template":"","meta":[],"product_cat":[292],"product_tag":[642,843,858,739],"class_list":["post-3155","product","type-product","status-publish","has-post-thumbnail","hentry","product_cat-akcesoria-do-rehabilitacji","product_tag-granat","product_tag-jak-gotowac-komose-ryzowa","product_tag-majonez-vitapol","product_tag-makaron-sojowy-indeks-glikemiczny"],"_links":{"self":[{"href":"https:\/\/wegeblw.pl\/index.php\/wp-json\/wp\/v2\/product\/3155","targetHints":{"allow":["GET"]}}],"collection":[{"href":"https:\/\/wegeblw.pl\/index.php\/wp-json\/wp\/v2\/product"}],"about":[{"href":"https:\/\/wegeblw.pl\/index.php\/wp-json\/wp\/v2\/types\/product"}],"replies":[{"embeddable":true,"href":"https:\/\/wegeblw.pl\/index.php\/wp-json\/wp\/v2\/comments?post=3155"}],"wp:featuredmedia":[{"embeddable":true,"href":"https:\/\/wegeblw.pl\/index.php\/wp-json\/wp\/v2\/media\/3156"}],"wp:attachment":[{"href":"https:\/\/wegeblw.pl\/index.php\/wp-json\/wp\/v2\/media?parent=3155"}],"wp:term":[{"taxonomy":"product_cat","embeddable":true,"href":"https:\/\/wegeblw.pl\/index.php\/wp-json\/wp\/v2\/product_cat?post=3155"},{"taxonomy":"product_tag","embeddable":true,"href":"https:\/\/wegeblw.pl\/index.php\/wp-json\/wp\/v2\/product_tag?post=3155"}],"curies":[{"name":"wp","href":"https:\/\/api.w.org\/{rel}","templated":true}]}}