{"id":3195,"date":"2018-08-09T18:36:31","date_gmt":"2018-08-09T16:36:31","guid":{"rendered":"https:\/\/wegeblw.pl\/index.php\/produkt\/4yh-mata-do-akupresury-z-kolcami-poduszka-eko-bezowo-biala\/"},"modified":"2026-04-08T19:15:39","modified_gmt":"2026-04-08T17:15:39","slug":"4yh-mata-do-akupresury-z-kolcami-poduszka-eko-bezowo-biala","status":"publish","type":"product","link":"https:\/\/wegeblw.pl\/index.php\/produkt\/4yh-mata-do-akupresury-z-kolcami-poduszka-eko-bezowo-biala\/","title":{"rendered":"4YH Mata do akupresury z kolcami + poduszka EKO be\u017cowo &#8211; bia\u0142a"},"content":{"rendered":"<p>Charakteristika:P\u00fazdro &#8211; oce\u013eVodotesnos\u0165 &#8211; 3 ATMRemienok &#8211; ko\u017eaSklo &#8211; miner\u00e1lneRozmery &#8211; 26&#215;9 mmTvar p\u00fazdra &#8211; okr\u00fahlyFarba cifern\u00edku &#8211; vi\u010f foto\u0160t\u00fdl &#8211; elegantn\u00e9Stav &#8211; nov\u00fd<\/p>\n<p>Zegarki<\/p>\n<p>kleik ryzowy, ranking sklep\u00f3w ze zdrow\u0105 \u017cywno\u015bci\u0105, cukier z agawy, lukrecja herbapol, vegaup, herbatki dla niemowl\u0105t od 2 miesiaca, p\u0142atki, orzesznice, cha\u0142wa baton, mleko 1,5<\/p>\n<p><a href=\"https:\/\/doktor-porady.pl\/\">https:\/\/doktor-porady.pl\/<\/a><\/p>\n","protected":false},"excerpt":{"rendered":"<p>Charakteristika:P\u00fazdro &#8211; oce\u013eVodotesnos\u0165 &#8211; 3 ATMRemienok &#8211; ko\u017eaSklo &#8211; miner\u00e1lneRozmery &#8211; 26&#215;9 mmTvar p\u00fazdra &#8211; okr\u00fahlyFarba cifern\u00edku &#8211; vi\u010f foto\u0160t\u00fdl&hellip;<\/p>\n","protected":false},"featured_media":3196,"comment_status":"closed","ping_status":"open","template":"","meta":[],"product_cat":[292],"product_tag":[677,722,648,622,695],"class_list":["post-3195","product","type-product","status-publish","has-post-thumbnail","hentry","product_cat-akcesoria-do-rehabilitacji","product_tag-health-labs","product_tag-kurkuma-ile-dziennie","product_tag-maki-ekologiczne","product_tag-vege-mieso","product_tag-zupa-krem-pomidorowa"],"_links":{"self":[{"href":"https:\/\/wegeblw.pl\/index.php\/wp-json\/wp\/v2\/product\/3195","targetHints":{"allow":["GET"]}}],"collection":[{"href":"https:\/\/wegeblw.pl\/index.php\/wp-json\/wp\/v2\/product"}],"about":[{"href":"https:\/\/wegeblw.pl\/index.php\/wp-json\/wp\/v2\/types\/product"}],"replies":[{"embeddable":true,"href":"https:\/\/wegeblw.pl\/index.php\/wp-json\/wp\/v2\/comments?post=3195"}],"wp:featuredmedia":[{"embeddable":true,"href":"https:\/\/wegeblw.pl\/index.php\/wp-json\/wp\/v2\/media\/3196"}],"wp:attachment":[{"href":"https:\/\/wegeblw.pl\/index.php\/wp-json\/wp\/v2\/media?parent=3195"}],"wp:term":[{"taxonomy":"product_cat","embeddable":true,"href":"https:\/\/wegeblw.pl\/index.php\/wp-json\/wp\/v2\/product_cat?post=3195"},{"taxonomy":"product_tag","embeddable":true,"href":"https:\/\/wegeblw.pl\/index.php\/wp-json\/wp\/v2\/product_tag?post=3195"}],"curies":[{"name":"wp","href":"https:\/\/api.w.org\/{rel}","templated":true}]}}