{"id":3217,"date":"2024-01-04T01:05:27","date_gmt":"2024-01-04T00:05:27","guid":{"rendered":"https:\/\/wegeblw.pl\/?post_type=product&#038;p=3217"},"modified":"2026-04-07T01:21:04","modified_gmt":"2026-04-06T23:21:04","slug":"activeshop-mata-do-akupresury-activfizjo-duza-basic-czarno-rozowa-z-poduszka","status":"publish","type":"product","link":"https:\/\/wegeblw.pl\/index.php\/produkt\/activeshop-mata-do-akupresury-activfizjo-duza-basic-czarno-rozowa-z-poduszka\/","title":{"rendered":"Activeshop Mata Do Akupresury Activfizjo Du\u017ca Basic Czarno R\u00f3\u017cowa Z Poduszk\u0105"},"content":{"rendered":"<p>A wi\u0119c rz\u0105dzi Wami najwi\u0119kszy wr\u00f3g cz\u0142owieka &#8211; strach. Wiem, \u017ce niekt\u00f3rzy z Was boj\u0105 si\u0119 us\u0142ysze\u0107 prawd\u0119 &#8211; wychowano Was w strachu i k\u0142amstwie. Ale ja b\u0119d\u0119 g\u0142osi\u0142 Wam prawd\u0119, a\u017c wreszcie uwolnicie si\u0119 od swojego strachu&#8230;Malcolm XPozw\u00f3lcie, \u017ce wyra\u017c\u0119 swoje niezbite przekonanie, i\u017c jedyna rzecz, kt\u00f3rej powinni\u015bmy si\u0119 ba\u0107, to l\u0119k &#8211; bezimienne, irracjonalne, bezpodstawne przera\u017cenie, parali\u017cuj\u0105ce wysi\u0142ki, kt\u00f3re trzeba podj\u0105\u0107, \u017ceby zamieni\u0107 odwr\u00f3t w natarcie.Franklin Delano RooseveltJeste\u015bmy zwierz\u0119tami, kt\u00f3re nie potrafi\u0105 pozby\u0107 si\u0119 swoich l\u0119k\u00f3w, wp\u0142ywaj\u0105cych destrukcyjnie na postrzeganie otaczaj\u0105cego nas \u015bwiata. Niemal ka\u017cde wydarzenie os\u0105dzamy w kategoriach ryzyka. Wyolbrzymiamy niebezpiecze\u0144stwa i w\u0142asn\u0105 s\u0142abo\u015b\u0107. Ci\u0105gle koncentrujemy si\u0119 na przeciwno\u015bciach, kt\u00f3re mog\u0105 si\u0119 zdarzy\u0107. W okresie pomy\u015blno\u015bci to nie problem &#8211; mo\u017cemy pozwoli\u0107 sobie na luksus zmartwie\u0144. Jednak gdy dopadaj\u0105 nas prawdziwe problemy, postawa l\u0119kowa bywa wyj\u0105tkowo niebezpieczna. W takich chwilach trzeba dzia\u0142a\u0107 &#8211; stawi\u0107 czo\u0142a rzeczywisto\u015bci, rozwi\u0105za\u0107 problem i rusza\u0107 \u015bmia\u0142o przed siebie!To ksi\u0105\u017cka o filozofii \u017cyciowej, wed\u0142ug kt\u00f3rej Twoje l\u0119ki to wi\u0119zienie zamykaj\u0105ce Ci\u0119 w obr\u0119bie ograniczonych dzia\u0142a\u0144. Im mniej b\u0119dziesz si\u0119 ba\u0107, tym b\u0119dziesz silniejszy i tym pe\u0142niejsze b\u0119dzie Twoje \u017cycie. Ksi\u0105\u017cka Prawo odwagi. Wkrocz bez strachu na drog\u0119 sukcesu powsta\u0142a po to, by zainspirowa\u0107 Ci\u0119 do odnalezienia w sobie umiej\u0119tno\u015bci przezwyci\u0119\u017cenia strachu.Je\u015bli pokonasz ograniczaj\u0105ce Ci\u0119 l\u0119ki i zaczniesz podchodzi\u0107 do \u017cycia z odwag\u0105, rozpadn\u0105 si\u0119 \u015bciany Twojego wewn\u0119trznego wi\u0119zienia i zaczniesz kontrolowa\u0107 wydarzenia, porzucaj\u0105c rol\u0119 biernego ich uczestnika. Zdob\u0105d\u017a si\u0119 na skrajn\u0105 odwag\u0119, niekonwencjonalno\u015b\u0107, elastyczno\u015b\u0107. Niech prowadzi Ci\u0119 niezaspokojony g\u0142\u00f3d \u015bwiata.<\/p>\n<p>Poradniki psychologiczne<\/p>\n<p>rutyna wit c, mleko prosto od krowy, na co jest dobre siemi\u0119 lniane, przepis z nasionami chia, cha\u0142wa kcal, ma\u015b\u0107 z li\u015bci laurowych opinie, li\u015b\u0107 laurowy do prania, niskow\u0119glowodanowa dieta, t\u0142uszcz palmowy nieutwardzony, co zrobi\u0107 z m\u0105ki gryczanej, czarna fasola w puszce, p\u0142atki kukurydziane bio, make me bio beautiful face krem dla sk\u00f3ry sk\u0142onnej do wyprysk\u00f3w, dom w bazylii 2 g, pianka do mycia twarzy dla dzieci, gdzie kupi\u0107 ksylitol, peeling kawowy na w\u0142osy, produkty przemiany materii, makaron kukurydziany indeks glikemiczny, chlorofil opinie negatywne<\/p>\n<p>yyyyy<\/p>\n","protected":false},"excerpt":{"rendered":"<p>A wi\u0119c rz\u0105dzi Wami najwi\u0119kszy wr\u00f3g cz\u0142owieka &#8211; strach. Wiem, \u017ce niekt\u00f3rzy z Was boj\u0105 si\u0119 us\u0142ysze\u0107 prawd\u0119 &#8211; wychowano&hellip;<\/p>\n","protected":false},"featured_media":3218,"comment_status":"closed","ping_status":"open","template":"","meta":[],"product_cat":[292],"product_tag":[723,836,680],"class_list":["post-3217","product","type-product","status-publish","has-post-thumbnail","hentry","product_cat-akcesoria-do-rehabilitacji","product_tag-guar","product_tag-senkacz","product_tag-smietana-kwasna"],"_links":{"self":[{"href":"https:\/\/wegeblw.pl\/index.php\/wp-json\/wp\/v2\/product\/3217","targetHints":{"allow":["GET"]}}],"collection":[{"href":"https:\/\/wegeblw.pl\/index.php\/wp-json\/wp\/v2\/product"}],"about":[{"href":"https:\/\/wegeblw.pl\/index.php\/wp-json\/wp\/v2\/types\/product"}],"replies":[{"embeddable":true,"href":"https:\/\/wegeblw.pl\/index.php\/wp-json\/wp\/v2\/comments?post=3217"}],"wp:featuredmedia":[{"embeddable":true,"href":"https:\/\/wegeblw.pl\/index.php\/wp-json\/wp\/v2\/media\/3218"}],"wp:attachment":[{"href":"https:\/\/wegeblw.pl\/index.php\/wp-json\/wp\/v2\/media?parent=3217"}],"wp:term":[{"taxonomy":"product_cat","embeddable":true,"href":"https:\/\/wegeblw.pl\/index.php\/wp-json\/wp\/v2\/product_cat?post=3217"},{"taxonomy":"product_tag","embeddable":true,"href":"https:\/\/wegeblw.pl\/index.php\/wp-json\/wp\/v2\/product_tag?post=3217"}],"curies":[{"name":"wp","href":"https:\/\/api.w.org\/{rel}","templated":true}]}}