{"id":3359,"date":"2025-08-21T16:23:10","date_gmt":"2025-08-21T14:23:10","guid":{"rendered":"https:\/\/wegeblw.pl\/?post_type=product&#038;p=3359"},"modified":"2026-04-07T01:33:36","modified_gmt":"2026-04-06T23:33:36","slug":"burberry-be2201-3002","status":"publish","type":"product","link":"https:\/\/wegeblw.pl\/index.php\/produkt\/burberry-be2201-3002\/","title":{"rendered":"Burberry BE2201 3002"},"content":{"rendered":"<p>NEAUVIA SKIN SENSITIVE VIAL Fiolka o st\u0119\u017ceniu witaminy C, wyci\u0105g z bor\u00f3wek czarnych, \u015brodki koj\u0105ce i czynniki wzrostu. SK\u0141AD: Glycosaminoglycans Ascophyllum Nosodum extract, Asparagopsis Armata extract Palmitoyl Tripeptide Vaccinum Myrtillus Extract Vitamin C Sh \u2013 Polypeptide-9 (VEGF) KORZY\u015aCI POPRAWA KOLORYTU I TEKSTURY SK\u00d3RY WYG\u0141ADZENIE DROBNYCH ZMARSZCZEK I NIER\u00d3WNO\u015aCI HYDRATACJA I ODM\u0141ODZENIE SK\u00d3RY JASNO\u015a\u0106 SK\u00d3RY POPRAWA GRUBO\u015aCI SK\u00d3RY Glikosaminoglikany syntetyczne: redukuj\u0105 rumie\u0144 spowodowany uszkodzeniami naczynek; przeciwdzia\u0142aj\u0105 uszkodzeniom powodowanym przez nadmierne wystawienie si\u0119 na promienie UV Polisacharydy Siarczku (enzymy): zapobiegaj\u0105 integralno\u015bci mikronaczynek; dzia\u0142anie koj\u0105ce na sk\u00f3r\u0119 wra\u017cliw\u0105, wzrost elastyczno\u015bci i odporno\u015bci sk\u00f3rnej. Peptydy biomimetyczne (palmitoil tripeptide: anti-inflammatory): zapobiegaj\u0105 i konwertuj\u0105 oznaki zapalenia neurogenicznego; \u0142agodz\u0105 podra\u017cnion\u0105 sk\u00f3r\u0119; pomagaj\u0105 przywr\u00f3ci\u0107 poprawny pr\u00f3g wra\u017cliwo\u015bci sk\u00f3ry normalnej. Wyci\u0105g z bor\u00f3wki: w\u0142a\u015bciwo\u015bci antyoksydacyjne o dzia\u0142aniu naczynkowo troficznym i ochronnym. Zalecenia:wla\u0107 zawarto\u015b\u0107 fiolek do maski (Delivery Mask). Wszystkie sk\u0142adniki wymiesza\u0107 szpatu\u0142k\u0105 i na\u0142o\u017cy\u0107 p\u0119dzlem na twarz,szyj\u0119,dekolt i\/lub d\u0142onie. Pozostawi\u0107 na 35-40minut i delikatnie usun\u0105\u0107 mask\u0119 rozpoczynaj\u0105c od bok\u00f3w. Po zabiegu na\u0142o\u017cy\u0107 krem od\u017cywczy (najlepiej Neauvia 3D HA Fractional Cream). Wy\u0142\u0105cznie do u\u017cytku zewn\u0119trznego. Do u\u017cytku wy\u0142\u0105cznie w po\u0142\u0105czeniu z mask\u0105 (Delivery Mask). W razie kontaktu z oczami i b\u0142onami \u015bluzowymi, niezw\u0142ocznie sp\u0142uka\u0107 wod\u0105. Po zabiegu zastosowa\u0107 krem z filtrem przeciws\u0142onecznym.<\/p>\n<p>Sprz\u0119t do salon\u00f3w fryzjerskich i kosmetycznych<\/p>\n<p>len na co pomaga, nasiona ro\u015blin, sok cytrynowy, mleko z ry\u017cu, czym zast\u0105pi\u0107 zio\u0142a prowansalskie, czy makaron jest zdrowy, sen a odchudzanie<\/p>\n<p>yyyyy<\/p>\n","protected":false},"excerpt":{"rendered":"<p>NEAUVIA SKIN SENSITIVE VIAL Fiolka o st\u0119\u017ceniu witaminy C, wyci\u0105g z bor\u00f3wek czarnych, \u015brodki koj\u0105ce i czynniki wzrostu. SK\u0141AD: Glycosaminoglycans&hellip;<\/p>\n","protected":false},"featured_media":3360,"comment_status":"closed","ping_status":"open","template":"","meta":[],"product_cat":[249],"product_tag":[880,716,689,853,676,740],"class_list":["post-3359","product","type-product","status-publish","has-post-thumbnail","hentry","product_cat-okulary-oprawki-i-szkla","product_tag-kotlet-weganski-linda-mccartney","product_tag-leckers","product_tag-maka-orkiszowa-wlasciwosci","product_tag-makaron-0-kcal","product_tag-owoc-granatu-jak-jesc","product_tag-siemie-lniane-na-co"],"_links":{"self":[{"href":"https:\/\/wegeblw.pl\/index.php\/wp-json\/wp\/v2\/product\/3359","targetHints":{"allow":["GET"]}}],"collection":[{"href":"https:\/\/wegeblw.pl\/index.php\/wp-json\/wp\/v2\/product"}],"about":[{"href":"https:\/\/wegeblw.pl\/index.php\/wp-json\/wp\/v2\/types\/product"}],"replies":[{"embeddable":true,"href":"https:\/\/wegeblw.pl\/index.php\/wp-json\/wp\/v2\/comments?post=3359"}],"wp:featuredmedia":[{"embeddable":true,"href":"https:\/\/wegeblw.pl\/index.php\/wp-json\/wp\/v2\/media\/3360"}],"wp:attachment":[{"href":"https:\/\/wegeblw.pl\/index.php\/wp-json\/wp\/v2\/media?parent=3359"}],"wp:term":[{"taxonomy":"product_cat","embeddable":true,"href":"https:\/\/wegeblw.pl\/index.php\/wp-json\/wp\/v2\/product_cat?post=3359"},{"taxonomy":"product_tag","embeddable":true,"href":"https:\/\/wegeblw.pl\/index.php\/wp-json\/wp\/v2\/product_tag?post=3359"}],"curies":[{"name":"wp","href":"https:\/\/api.w.org\/{rel}","templated":true}]}}