{"id":363,"date":"2022-01-02T07:29:16","date_gmt":"2022-01-02T06:29:16","guid":{"rendered":"https:\/\/wegeblw.pl\/index.php\/produkt\/la-roche-lipikar-huile-lavante-ap-olejek-myjacy-200-ml\/"},"modified":"2026-04-07T01:29:08","modified_gmt":"2026-04-06T23:29:08","slug":"la-roche-lipikar-huile-lavante-ap-olejek-myjacy-200-ml","status":"publish","type":"product","link":"https:\/\/wegeblw.pl\/index.php\/produkt\/la-roche-lipikar-huile-lavante-ap-olejek-myjacy-200-ml\/","title":{"rendered":"La Roche Lipikar Huile Lavante AP+ olejek myj\u0105cy 200 ml"},"content":{"rendered":"<p>Darmowa dostawa przy zam\u00f3wieniach od 6 sztuk Wybierz 6 sztuk dowolnych mat (ciernie, szyszki, grzyby, trawa, kamyki, lotos, piramidy, morskie dno)Mata do masa\u017cu Ortek to pod\u0142o\u017ce, kt\u00f3re sk\u0142ada si\u0119 z r\u00f3\u017cnorodnych puzzli o r\u00f3\u017cnej powierzchni. Mata przeznaczona jest dla dzieci i doros\u0142ych, sprawdza si\u0119 w walce z p\u0142askostopiem, ko\u015blawo\u015bci\u0105, szpotawo\u015bci\u0105. Puzzle do masa\u017cu \u0107wicz\u0105 i masuj\u0105 stopy, \u0142agodz\u0105 dyskomfort i zm\u0119czenie wyst\u0119puj\u0105ce podczas d\u0142ugiego chodzenia lub stania.Mata sk\u0142ada si\u0119 z 1 modu\u0142u. Opcje i kolory mog\u0105 r\u00f3\u017cni\u0107 si\u0119 od tych przedstawionych na stronie.W asortymencie znajduj\u0105 si\u0119 elementy o r\u00f3\u017cnych kszta\u0142tach i kolorach:ciernieszyszkitrawakamykipiramidymorskie dnolotosDo czego s\u0142u\u017c\u0105 maty ortopedyczne przeznaczone do masa\u017cu:do masa\u017cu, treningu i wzmacniania st\u00f3p;do zapobiegania p\u0142askostopiu i innym deformacjom st\u00f3p;do rozwoju zmys\u0142\u00f3w i kszta\u0142towania harmonijnego postrzegania \u015bwiata przez dziecko.Maty dobrze eliminuj\u0105 zm\u0119czenie wyst\u0119puj\u0105ce po d\u0142ugotrwa\u0142ych obci\u0105\u017ceniach statycznych, pomagaj\u0105 przy obrz\u0119kach i uczuciu ci\u0119\u017cko\u015bci n\u00f3g.Efekt ten uzyskuje si\u0119 dzi\u0119ki r\u00f3\u017cnym wystaj\u0105cym detalom &#8211; sprawiaj\u0105 one, \u017ce mi\u0119\u015bnie pracuj\u0105 i trenuj\u0105, stymulowany jest przep\u0142yw krwi, aktywnie wp\u0142ywaj\u0105 na strefy refleksogenne stopy.Wymiary modu\u0142u: 26x26cmMateria\u0142: PCV (bezpieczny, bez szkodliwych substancji, hipoalergiczny)Przeciwwskazania: uszkodzenie lub choroby zapalne sk\u00f3ry, urazy, zesp\u00f3\u0142 stopy cukrzycowejPiel\u0119gnacja: mata nie jest wymagaj\u0105ca, jest \u0142atwa do czyszczenia pod bie\u017c\u0105c\u0105 wod\u0105. W razie potrzeby mo\u017cna j\u0105 pra\u0107 w detergentach i naturalnie suszy\u0107.Nagrali\u015bmy pe\u0142ne wideo demonstracyjne wykonywania \u0107wicze\u0144 na macie do masa\u017cu Ortek. Dziecko bawi si\u0119 puzzlami, a ogl\u0105daj\u0105c wideo i powtarzaj\u0105c pokazane na nim ruchy &#8211; wzmacnia swoje zdrowie! \u0106wiczenia nale\u017cy wykonywa\u0107 3-5 razy w tygodniu. Po miesi\u0105cu treningu mo\u017cna zauwa\u017cy\u0107 efekty. Mi\u0119\u015bnie stan\u0105 si\u0119 silniejsze, a ch\u00f3d b\u0119dzie pewniejszy.1. Chodzenie po macie do przodu i z powrotem (7-9 powt\u00f3rze\u0144).2. Pozycja wyj\u015bciowa &#8211; stanie, kolejno wznoszenie si\u0119 na palcach (7-9 powt\u00f3rze\u0144).3. Pozycja wyj\u015bciowa &#8211; stanie, przenoszenie ci\u0119\u017caru cia\u0142a z pi\u0119ty na palce (7-9 powt\u00f3rze\u0144).4. Chodzenie po macie krokiem krzy\u017cowym (7-9 powt\u00f3rze\u0144).5. Chodzenie na wewn\u0119trznej stronie stopy (7-9 powt\u00f3rze\u0144).6. Chodzenie na zewn\u0119trznej stronie stopy (7-9 powt\u00f3rze\u0144).7. Chodzenie na palcach (30-60 sekund).8. Pozycja wyj\u015bciowa &#8211; stanie, nast\u0119pnie przysiady z naciskiem na ca\u0142\u0105 stop\u0119, bez podnoszenia pi\u0119t z maty (7-9 powt\u00f3rze\u0144).9. Pozycja wyj\u015bciowa &#8211; stanie, kolejno utrzymywanie r\u00f3wnowagi na jednej nodze (7-9 powt\u00f3rze\u0144).10. Przeskakiwanie z jednego elementu puzzli na inny (7-9 powt\u00f3rze\u0144).11. Pozycja wyj\u015bciowa &#8211; przeskakiwanie z nogi na nog\u0119 (6-8 powt\u00f3rze\u0144).12. Pozycja wyj\u015bciowa &#8211; p\u00f3\u0142siedz\u0105ca, kolejno chodzenie po macie (6-8 powt\u00f3rze\u0144).<\/p>\n<p>Akcesoria do rehabilitacji<\/p>\n<p>levit c 1500, naturalne kosmetyki do twarzy, maltitol ig, vegetella, czekolada gorzka kcal<\/p>\n<p>yyyyy<\/p>\n","protected":false},"excerpt":{"rendered":"<p>Darmowa dostawa przy zam\u00f3wieniach od 6 sztuk Wybierz 6 sztuk dowolnych mat (ciernie, szyszki, grzyby, trawa, kamyki, lotos, piramidy, morskie&hellip;<\/p>\n","protected":false},"featured_media":364,"comment_status":"closed","ping_status":"open","template":"","meta":[],"product_cat":[36],"product_tag":[652,737,729,833,803,825],"class_list":["post-363","product","type-product","status-publish","has-post-thumbnail","hentry","product_cat-dermokosmetyki","product_tag-farmy-roztocza","product_tag-jablka-jonaprince","product_tag-kurkuma-jak-stosowac","product_tag-maka-orkiszowa","product_tag-rodzaje-orzechow","product_tag-shirataki-noodle"],"_links":{"self":[{"href":"https:\/\/wegeblw.pl\/index.php\/wp-json\/wp\/v2\/product\/363","targetHints":{"allow":["GET"]}}],"collection":[{"href":"https:\/\/wegeblw.pl\/index.php\/wp-json\/wp\/v2\/product"}],"about":[{"href":"https:\/\/wegeblw.pl\/index.php\/wp-json\/wp\/v2\/types\/product"}],"replies":[{"embeddable":true,"href":"https:\/\/wegeblw.pl\/index.php\/wp-json\/wp\/v2\/comments?post=363"}],"wp:featuredmedia":[{"embeddable":true,"href":"https:\/\/wegeblw.pl\/index.php\/wp-json\/wp\/v2\/media\/364"}],"wp:attachment":[{"href":"https:\/\/wegeblw.pl\/index.php\/wp-json\/wp\/v2\/media?parent=363"}],"wp:term":[{"taxonomy":"product_cat","embeddable":true,"href":"https:\/\/wegeblw.pl\/index.php\/wp-json\/wp\/v2\/product_cat?post=363"},{"taxonomy":"product_tag","embeddable":true,"href":"https:\/\/wegeblw.pl\/index.php\/wp-json\/wp\/v2\/product_tag?post=363"}],"curies":[{"name":"wp","href":"https:\/\/api.w.org\/{rel}","templated":true}]}}