{"id":3691,"date":"2016-09-17T12:24:52","date_gmt":"2016-09-17T10:24:52","guid":{"rendered":"https:\/\/wegeblw.pl\/index.php\/produkt\/icberlin-dennis-n-large-m1568\/"},"modified":"2026-04-07T06:44:35","modified_gmt":"2026-04-07T04:44:35","slug":"icberlin-dennis-n-large-m1568","status":"publish","type":"product","link":"https:\/\/wegeblw.pl\/index.php\/produkt\/icberlin-dennis-n-large-m1568\/","title":{"rendered":"IC!Berlin Dennis N. Large M1568"},"content":{"rendered":"<p>Lancety uniwersalne Mylife (30G) &#8211; 200 sztukProducentYpsomed AGCH-3401 BurgdorfSzwajcariaDystrybutorYpsomed Polska Sp. z o.o.ul. Mangalia 2a02-758 Warszawainfo@ypsomed.pl<\/p>\n<p>Glukometry i akcesoria dla diabetyk\u00f3w<\/p>\n<p>superfood przepisy, eko\u0142ukta, teksturowane bia\u0142ko pszenicy, co to jest piperyna, czym zmieli\u0107 siemie lniane, buzdyganek naziemny zio\u0142a, uk\u0142ad krwionosny, krewetki w oleju biedronka, tapioka warto\u015bci od\u017cywcze, szparagi sklep<\/p>\n<p><a href=\"https:\/\/zegarkistrojny.pl\/pl\/c\/Tissot-Classic-Dream\/150\">zegarkistrojny.pl\/pl\/c\/Tissot-Classic-Dream\/150<\/a><\/p>\n","protected":false},"excerpt":{"rendered":"<p>Lancety uniwersalne Mylife (30G) &#8211; 200 sztukProducentYpsomed AGCH-3401 BurgdorfSzwajcariaDystrybutorYpsomed Polska Sp. z o.o.ul. Mangalia 2a02-758 Warszawainfo@ypsomed.pl Glukometry i akcesoria dla&hellip;<\/p>\n","protected":false},"featured_media":3692,"comment_status":"closed","ping_status":"open","template":"","meta":[],"product_cat":[249],"product_tag":[749,854,659,661,831],"class_list":["post-3691","product","type-product","status-publish","has-post-thumbnail","hentry","product_cat-okulary-oprawki-i-szkla","product_tag-cynamon-cejlonski-wlasciwosci","product_tag-ecomil","product_tag-jajka-marynowane-po-koreansku","product_tag-jak-ugotowac-komose-ryzowa","product_tag-rozgryzanie-pestek-granatu"],"_links":{"self":[{"href":"https:\/\/wegeblw.pl\/index.php\/wp-json\/wp\/v2\/product\/3691","targetHints":{"allow":["GET"]}}],"collection":[{"href":"https:\/\/wegeblw.pl\/index.php\/wp-json\/wp\/v2\/product"}],"about":[{"href":"https:\/\/wegeblw.pl\/index.php\/wp-json\/wp\/v2\/types\/product"}],"replies":[{"embeddable":true,"href":"https:\/\/wegeblw.pl\/index.php\/wp-json\/wp\/v2\/comments?post=3691"}],"wp:featuredmedia":[{"embeddable":true,"href":"https:\/\/wegeblw.pl\/index.php\/wp-json\/wp\/v2\/media\/3692"}],"wp:attachment":[{"href":"https:\/\/wegeblw.pl\/index.php\/wp-json\/wp\/v2\/media?parent=3691"}],"wp:term":[{"taxonomy":"product_cat","embeddable":true,"href":"https:\/\/wegeblw.pl\/index.php\/wp-json\/wp\/v2\/product_cat?post=3691"},{"taxonomy":"product_tag","embeddable":true,"href":"https:\/\/wegeblw.pl\/index.php\/wp-json\/wp\/v2\/product_tag?post=3691"}],"curies":[{"name":"wp","href":"https:\/\/api.w.org\/{rel}","templated":true}]}}