{"id":3709,"date":"2018-04-13T13:47:31","date_gmt":"2018-04-13T11:47:31","guid":{"rendered":"https:\/\/wegeblw.pl\/index.php\/produkt\/kannastar-olej-do-waporyzacji-kartridz-cbg-40-vape-oil-1ml\/"},"modified":"2026-04-10T08:10:26","modified_gmt":"2026-04-10T06:10:26","slug":"kannastar-olej-do-waporyzacji-kartridz-cbg-40-vape-oil-1ml","status":"publish","type":"product","link":"https:\/\/wegeblw.pl\/index.php\/produkt\/kannastar-olej-do-waporyzacji-kartridz-cbg-40-vape-oil-1ml\/","title":{"rendered":"Kannastar Olej do Waporyzacji Kartrid\u017c CBG 40% Vape Oil 1ml"},"content":{"rendered":"<p>Wskazania:Homeopatyczny produkt leczniczy bez wskaza\u0144 leczniczych.W\u0142a\u015bciwo\u015bci:Homeopatyczny produkt leczniczy bez wskaza\u0144 leczniczych. Ten sam lek mo\u017cna stosowa\u0107 w leczeniu r\u00f3\u017cnych chor\u00f3b, a jego wskazania terapeutyczne s\u0105 bardzo szerokie, dlatego te\u017c do leku nie do\u0142\u0105cza si\u0119 ulotki informacyjnej i nie umieszcza si\u0119 na opakowaniu informacji dotycz\u0105cych sposobu dawkowania.Spos\u00f3b u\u017cycia:Lek przyjmowa\u0107 drog\u0105 podj\u0119zykow\u0105, trzymaj\u0105c w jamie ustnej do rozpuszczenia (ok. 2-3 minuty).W przypadku ma\u0142ych dzieci lek rozpu\u015bci\u0107 w niewielkiej ilo\u015bci wody i poda\u0107 dziecku.Lek przyjmowa\u0107 najp\u00f3\u017aniej 15 minut przed lub nie wcze\u015bniej ni\u017c 0,5h po posi\u0142ku.Opakowanie: granulki 4 g (ok. 80 granulek)<\/p>\n<p>Homeopatia<\/p>\n<p>vetements.pl, wege mi\u0119so mielone, relaksacja na stres, s\u00f3l k\u0142odawska niejodowana, mata bambusowa do sushi, orzeszki w papryce, dania bezglutenowe i bezmleczne<\/p>\n<p>yyyyy<\/p>\n","protected":false},"excerpt":{"rendered":"<p>Wskazania:Homeopatyczny produkt leczniczy bez wskaza\u0144 leczniczych.W\u0142a\u015bciwo\u015bci:Homeopatyczny produkt leczniczy bez wskaza\u0144 leczniczych. Ten sam lek mo\u017cna stosowa\u0107 w leczeniu r\u00f3\u017cnych chor\u00f3b,&hellip;<\/p>\n","protected":false},"featured_media":3710,"comment_status":"closed","ping_status":"open","template":"","meta":[],"product_cat":[20],"product_tag":[670,843,809,825,724],"class_list":["post-3709","product","type-product","status-publish","has-post-thumbnail","hentry","product_cat-preparaty-medycyny-naturalnej","product_tag-czeslaw-lang-choroba","product_tag-jak-gotowac-komose-ryzowa","product_tag-produkty-bez-cukru","product_tag-shirataki-noodle","product_tag-siarczyny-w-winie"],"_links":{"self":[{"href":"https:\/\/wegeblw.pl\/index.php\/wp-json\/wp\/v2\/product\/3709","targetHints":{"allow":["GET"]}}],"collection":[{"href":"https:\/\/wegeblw.pl\/index.php\/wp-json\/wp\/v2\/product"}],"about":[{"href":"https:\/\/wegeblw.pl\/index.php\/wp-json\/wp\/v2\/types\/product"}],"replies":[{"embeddable":true,"href":"https:\/\/wegeblw.pl\/index.php\/wp-json\/wp\/v2\/comments?post=3709"}],"wp:featuredmedia":[{"embeddable":true,"href":"https:\/\/wegeblw.pl\/index.php\/wp-json\/wp\/v2\/media\/3710"}],"wp:attachment":[{"href":"https:\/\/wegeblw.pl\/index.php\/wp-json\/wp\/v2\/media?parent=3709"}],"wp:term":[{"taxonomy":"product_cat","embeddable":true,"href":"https:\/\/wegeblw.pl\/index.php\/wp-json\/wp\/v2\/product_cat?post=3709"},{"taxonomy":"product_tag","embeddable":true,"href":"https:\/\/wegeblw.pl\/index.php\/wp-json\/wp\/v2\/product_tag?post=3709"}],"curies":[{"name":"wp","href":"https:\/\/api.w.org\/{rel}","templated":true}]}}