{"id":3735,"date":"2025-03-18T22:47:05","date_gmt":"2025-03-18T21:47:05","guid":{"rendered":"https:\/\/wegeblw.pl\/?post_type=product&#038;p=3735"},"modified":"2026-04-08T20:14:46","modified_gmt":"2026-04-08T18:14:46","slug":"lorus-rm395fx9","status":"publish","type":"product","link":"https:\/\/wegeblw.pl\/index.php\/produkt\/lorus-rm395fx9\/","title":{"rendered":"LORUS RM395FX9"},"content":{"rendered":"<p>Dr Jacobs Sanacolon Na trawienie i zaparcia (324g) Nowa formu\u0142a \u2013 Sanacolon ze szlachetnymi odmianami owoc\u00f3w i b\u0142onnikiem Z b\u0142onnikiem z babki p\u0142esznik (Psyllium) Sproszkowane jagody stosowanych w medycynie staroindyjskiej Smaczny, owocowy smak, s\u0142odzony stewi\u0105 Z magnezem, mleczanem wapnia, cynkiem i biotyn\u0105 Co warto wiedzie\u0107 o Sanacolon Na trawienie i zaparcia (324g) Sanacolon jest dobrze tolerowany. Zrobisz z niego smaczny nap\u00f3j o smaku owocowym. Jest on bogaty w b\u0142onnik z okryw nasiennych babki p\u0142esznik (Psyllium) oraz sk\u0142adniki witalne z owoc\u00f3w stosowanych w ajurwedzie (medycyna staroindyjska): amla, migda\u0142ecznik chebu\u0142owiec, widanga i bahera. Receptur\u0119 dope\u0142niaj\u0105 witaminy i minera\u0142y, kt\u00f3re przyczyniaj\u0105 si\u0119 do prawid\u0142owych funkcji organizmu: praca uk\u0142adu odporno\u015bciowego \u2013 cynk, ochrona kom\u00f3rek przed stresem oksydacyjnym \u2013 cynk ,utrzymywanie zdrowej b\u0142ony \u015bluzowej \u2013 biotyna ,wspieranie dzia\u0142ania enzym\u00f3w trawiennych \u2013 wap\u0144 ,zmniejszenie poczucia zm\u0119czenia \u2013 magnez Jelito jest domem ogromnej ilo\u015bci bakterii probiotycznych oraz najwi\u0119ksz\u0105 b\u0142on\u0105 \u015bluzow\u0105 organizmu. Jest ono najwa\u017cniejsze dla trawienia i wymaga sk\u0142adnik\u00f3w od\u017cywczych oraz wspomagaj\u0105cych trawienie Sk\u0142adniki Sanacolon zalecane s\u0105: przy zaburzeniach pracy jelit (gazy, zaparcia, biegunki) , w celu od\u017cywienia i wzmocnienia jelit , w kuracjach oczyszczaj\u0105cych jelita , w kuracjach spowalniaj\u0105cych procesy starzenia Sk\u0142adniki: okrywy nasienne babki p\u0142esznik Psyllium (55,2%), sproszkowany owoc bor\u00f3wki czarnej Vaccinium myrtillus (8,9%), mleczan wapnia (8,9%), siarczan magnezu, sproszkowane owoce (6,7%) (Emblica officinalis, Terminalia chebula, Ribes Embelia, Terminalia belerica), regulator kwasowo\u015bci \u2013 kwas askorbinowy (4,4%), w\u0119glanu magnezu (3,3%), dwutlenek krzemu, sproszkowany korze\u0144 imbiru, substancja s\u0142odz\u0105ca \u2013 glikozydy stewiolowe, cytrynian cynku, aromaty naturalne (olejek any\u017cowy, olejek kminkowy, olejek kopru w\u0142oskiego), biotyna. Informacja dla alergik\u00f3w: produkt mo\u017ce zawiera\u0107 \u015bladowe ilo\u015bci orzech\u00f3w. Zalecane dawkowanie: 1 miarka (9 g) rozpuszczona w 200 ml wody przed obiadem lub przed snem. Podczas przyjmowania Sanacolonu pi\u0107 du\u017co oboj\u0119tnych p\u0142yn\u00f3w (woda, herbaty zio\u0142owe)! Nie nale\u017cy przekracza\u0107 zalecanej porcji do spo\u017cycia w ci\u0105gu dnia. Przechowywa\u0107 w spos\u00f3b niedost\u0119pny dla ma\u0142ych dzieci. Suplement diety nie mo\u017ce by\u0107 stosowany jako substytut (zamiennik) zr\u00f3wnowa\u017conej diety. Wa\u017cna jest zr\u00f3wnowa\u017cona dieta oraz zdrowy tryb \u017cycia. Informacje o producencie: Dr. Jacob\u2018s zosta\u0142a za\u0142o\u017cona w 1997r. przez doktor\u00f3w medycyny L.M. Jacoba i K.O.Sukces innowacyjnych receptur Dr. Jacob\u2018s polega przede wszystkim na wykorzystywaniu wzajemnego uzupe\u0142niania si\u0119 dzia\u0142ania biologicznego poszczeg\u00f3lnych sk\u0142adnik\u00f3w. Fachowo\u015b\u0107, kompetencja, rygorystyczne normy oraz najwy\u017cszej jako\u015bci sk\u0142adniki naturalne sk\u0142adaj\u0105 si\u0119 na wyj\u0105tkowy charakter produkt\u00f3w Dr. Jacob\u2019s.<\/p>\n<p>Uk\u0142ad pokarmowy i trawienie<\/p>\n<p>oishii, m\u0105ka orkiszowa z czego, potas nadmanganian, kuchnia \u015br\u00f3dziemnomorska, keiat lotosu, rukiew, kasze bezglutenowe, paracelsus pij i chudnij, dmso apteka, witamina d3 junior, k\u00f3\u0142ko na brzuch, melisa herbata w\u0142a\u015bciwo\u015bci, zio\u0142a czystek, herbata z pokrzywy przeciwwskazania, p\u0142yn lugola 1, linguine makaron, jak odstraszy\u0107 komary domowe sposoby, ciel\u0119cina cena, ile kalorii ma s\u0142onecznik \u0142uskany<\/p>\n<p>yyyyy<\/p>\n","protected":false},"excerpt":{"rendered":"<p>Dr Jacobs Sanacolon Na trawienie i zaparcia (324g) Nowa formu\u0142a \u2013 Sanacolon ze szlachetnymi odmianami owoc\u00f3w i b\u0142onnikiem Z b\u0142onnikiem&hellip;<\/p>\n","protected":false},"featured_media":3736,"comment_status":"closed","ping_status":"open","template":"","meta":[],"product_cat":[254],"product_tag":[864,722,716,833,795],"class_list":["post-3735","product","type-product","status-publish","has-post-thumbnail","hentry","product_cat-zegarki","product_tag-benjamissimo-happy-edition-curcuma-ginger-lemon","product_tag-kurkuma-ile-dziennie","product_tag-leckers","product_tag-maka-orkiszowa","product_tag-wino-bez-siarczanow"],"_links":{"self":[{"href":"https:\/\/wegeblw.pl\/index.php\/wp-json\/wp\/v2\/product\/3735","targetHints":{"allow":["GET"]}}],"collection":[{"href":"https:\/\/wegeblw.pl\/index.php\/wp-json\/wp\/v2\/product"}],"about":[{"href":"https:\/\/wegeblw.pl\/index.php\/wp-json\/wp\/v2\/types\/product"}],"replies":[{"embeddable":true,"href":"https:\/\/wegeblw.pl\/index.php\/wp-json\/wp\/v2\/comments?post=3735"}],"wp:featuredmedia":[{"embeddable":true,"href":"https:\/\/wegeblw.pl\/index.php\/wp-json\/wp\/v2\/media\/3736"}],"wp:attachment":[{"href":"https:\/\/wegeblw.pl\/index.php\/wp-json\/wp\/v2\/media?parent=3735"}],"wp:term":[{"taxonomy":"product_cat","embeddable":true,"href":"https:\/\/wegeblw.pl\/index.php\/wp-json\/wp\/v2\/product_cat?post=3735"},{"taxonomy":"product_tag","embeddable":true,"href":"https:\/\/wegeblw.pl\/index.php\/wp-json\/wp\/v2\/product_tag?post=3735"}],"curies":[{"name":"wp","href":"https:\/\/api.w.org\/{rel}","templated":true}]}}