{"id":3985,"date":"2014-03-02T13:26:52","date_gmt":"2014-03-02T12:26:52","guid":{"rendered":"https:\/\/wegeblw.pl\/index.php\/produkt\/mykita-ulla-44-22-135-bordowy\/"},"modified":"2026-04-08T21:30:33","modified_gmt":"2026-04-08T19:30:33","slug":"mykita-ulla-44-22-135-bordowy","status":"publish","type":"product","link":"https:\/\/wegeblw.pl\/index.php\/produkt\/mykita-ulla-44-22-135-bordowy\/","title":{"rendered":"Mykita Ulla &#8211; 44\/22\/135 Bordowy"},"content":{"rendered":"<p>BishEffect Biszofit Po\u0142tawski Venovasin 75ml<\/p>\n<p>Preparaty medycyny naturalnej<\/p>\n<p>luteina forte, ga\u0142ka muszkata\u0142owa, olejek z drzewa herbacianego 100, wege mas\u0142o<\/p>\n<p>yyyyy<\/p>\n","protected":false},"excerpt":{"rendered":"<p>BishEffect Biszofit Po\u0142tawski Venovasin 75ml Preparaty medycyny naturalnej luteina forte, ga\u0142ka muszkata\u0142owa, olejek z drzewa herbacianego 100, wege mas\u0142o yyyyy<\/p>\n","protected":false},"featured_media":3986,"comment_status":"closed","ping_status":"open","template":"","meta":[],"product_cat":[249],"product_tag":[762,883,785,831,686,878],"class_list":["post-3985","product","type-product","status-publish","has-post-thumbnail","hentry","product_cat-okulary-oprawki-i-szkla","product_tag-cynamon-cejlonski","product_tag-ekologiczne-warzywa","product_tag-riyal-green","product_tag-rozgryzanie-pestek-granatu","product_tag-sekacz-skad","product_tag-tahini-do-czego"],"_links":{"self":[{"href":"https:\/\/wegeblw.pl\/index.php\/wp-json\/wp\/v2\/product\/3985","targetHints":{"allow":["GET"]}}],"collection":[{"href":"https:\/\/wegeblw.pl\/index.php\/wp-json\/wp\/v2\/product"}],"about":[{"href":"https:\/\/wegeblw.pl\/index.php\/wp-json\/wp\/v2\/types\/product"}],"replies":[{"embeddable":true,"href":"https:\/\/wegeblw.pl\/index.php\/wp-json\/wp\/v2\/comments?post=3985"}],"wp:featuredmedia":[{"embeddable":true,"href":"https:\/\/wegeblw.pl\/index.php\/wp-json\/wp\/v2\/media\/3986"}],"wp:attachment":[{"href":"https:\/\/wegeblw.pl\/index.php\/wp-json\/wp\/v2\/media?parent=3985"}],"wp:term":[{"taxonomy":"product_cat","embeddable":true,"href":"https:\/\/wegeblw.pl\/index.php\/wp-json\/wp\/v2\/product_cat?post=3985"},{"taxonomy":"product_tag","embeddable":true,"href":"https:\/\/wegeblw.pl\/index.php\/wp-json\/wp\/v2\/product_tag?post=3985"}],"curies":[{"name":"wp","href":"https:\/\/api.w.org\/{rel}","templated":true}]}}