{"id":4155,"date":"2018-08-29T02:16:24","date_gmt":"2018-08-29T00:16:24","guid":{"rendered":"https:\/\/wegeblw.pl\/index.php\/produkt\/ralph-lauren-rl6172-5003\/"},"modified":"2026-04-07T03:20:20","modified_gmt":"2026-04-07T01:20:20","slug":"ralph-lauren-rl6172-5003","status":"publish","type":"product","link":"https:\/\/wegeblw.pl\/index.php\/produkt\/ralph-lauren-rl6172-5003\/","title":{"rendered":"Ralph Lauren RL6172 5003"},"content":{"rendered":"<p>Preparat polecany w stanach napi\u0119cia nerwowego oraz zm\u0119czenia psychicznego w celu zmniejszenia ich intensywno\u015bci. Wspiera zasypianie. Stanowi wsparcie przy b\u00f3lach g\u0142owy w tym migrenowych.<\/p>\n<p>Uk\u0142ad nerwowy i pami\u0119\u0107<\/p>\n<p>wrapy warzywne, co zamiast skrobi kukurydzianej, konopie luskane, naturalne aromaty spo\u017cywcze, ryzowe, mi\u00f3d pomara\u0144czowy w\u0142a\u015bciwo\u015bci, galaretka z coli, typy planet, gruszki kandyzowane, dania indyjskie, kalafior romanesco fioletowy, czy cukrzyk mo\u017ce je\u015b\u0107 wafle ry\u017cowe, makija\u017c hawajski, egzotyczny kurczak w mleku kokosowym, woskowijki diy, yellow curry przepis, olejki eteryczne aromaterapia, kasza z pszenicy durum, winny kamie\u0144, pierzga pszczela w\u0142a\u015bciwo\u015bci lecznicze<\/p>\n<p>yyyyy<\/p>\n","protected":false},"excerpt":{"rendered":"<p>Preparat polecany w stanach napi\u0119cia nerwowego oraz zm\u0119czenia psychicznego w celu zmniejszenia ich intensywno\u015bci. Wspiera zasypianie. Stanowi wsparcie przy b\u00f3lach&hellip;<\/p>\n","protected":false},"featured_media":4156,"comment_status":"closed","ping_status":"open","template":"","meta":[],"product_cat":[249],"product_tag":[642,746,781,881,745],"class_list":["post-4155","product","type-product","status-publish","has-post-thumbnail","hentry","product_cat-okulary-oprawki-i-szkla","product_tag-granat","product_tag-majonez-byodo","product_tag-primabiotic-collagen","product_tag-sok-z-brzozy-cena","product_tag-swieze-mleko"],"_links":{"self":[{"href":"https:\/\/wegeblw.pl\/index.php\/wp-json\/wp\/v2\/product\/4155","targetHints":{"allow":["GET"]}}],"collection":[{"href":"https:\/\/wegeblw.pl\/index.php\/wp-json\/wp\/v2\/product"}],"about":[{"href":"https:\/\/wegeblw.pl\/index.php\/wp-json\/wp\/v2\/types\/product"}],"replies":[{"embeddable":true,"href":"https:\/\/wegeblw.pl\/index.php\/wp-json\/wp\/v2\/comments?post=4155"}],"wp:featuredmedia":[{"embeddable":true,"href":"https:\/\/wegeblw.pl\/index.php\/wp-json\/wp\/v2\/media\/4156"}],"wp:attachment":[{"href":"https:\/\/wegeblw.pl\/index.php\/wp-json\/wp\/v2\/media?parent=4155"}],"wp:term":[{"taxonomy":"product_cat","embeddable":true,"href":"https:\/\/wegeblw.pl\/index.php\/wp-json\/wp\/v2\/product_cat?post=4155"},{"taxonomy":"product_tag","embeddable":true,"href":"https:\/\/wegeblw.pl\/index.php\/wp-json\/wp\/v2\/product_tag?post=4155"}],"curies":[{"name":"wp","href":"https:\/\/api.w.org\/{rel}","templated":true}]}}