{"id":4195,"date":"2023-10-15T03:18:04","date_gmt":"2023-10-15T01:18:04","guid":{"rendered":"https:\/\/wegeblw.pl\/?post_type=product&#038;p=4195"},"modified":"2026-04-08T07:48:12","modified_gmt":"2026-04-08T05:48:12","slug":"okulary-korekcyjne-ralph-lauren-rl-6215-5003-7054549","status":"publish","type":"product","link":"https:\/\/wegeblw.pl\/index.php\/produkt\/okulary-korekcyjne-ralph-lauren-rl-6215-5003-7054549\/","title":{"rendered":"Okulary korekcyjne Ralph Lauren RL 6215 5003 (7054549)"},"content":{"rendered":"<p>Ci\u015bnieniomierze i akcesoria<\/p>\n<p>kasza jaglana ca\u0142y dzie\u0144, chrupki bezglutenowe, czy cukier trzcinowy jest zdrowszy od bia\u0142ego, vitamin c, rodzaje ser\u00f3w 96<\/p>\n<p>yyyyy<\/p>\n","protected":false},"excerpt":{"rendered":"<p>Ci\u015bnieniomierze i akcesoria kasza jaglana ca\u0142y dzie\u0144, chrupki bezglutenowe, czy cukier trzcinowy jest zdrowszy od bia\u0142ego, vitamin c, rodzaje ser\u00f3w&hellip;<\/p>\n","protected":false},"featured_media":4196,"comment_status":"closed","ping_status":"open","template":"","meta":[],"product_cat":[249],"product_tag":[742,784,687,665],"class_list":["post-4195","product","type-product","status-publish","has-post-thumbnail","hentry","product_cat-okulary-oprawki-i-szkla","product_tag-beyond-meat-warszawa","product_tag-mieso-weganskie","product_tag-produkty-bez-bialka","product_tag-weganskie-mieso"],"_links":{"self":[{"href":"https:\/\/wegeblw.pl\/index.php\/wp-json\/wp\/v2\/product\/4195","targetHints":{"allow":["GET"]}}],"collection":[{"href":"https:\/\/wegeblw.pl\/index.php\/wp-json\/wp\/v2\/product"}],"about":[{"href":"https:\/\/wegeblw.pl\/index.php\/wp-json\/wp\/v2\/types\/product"}],"replies":[{"embeddable":true,"href":"https:\/\/wegeblw.pl\/index.php\/wp-json\/wp\/v2\/comments?post=4195"}],"wp:featuredmedia":[{"embeddable":true,"href":"https:\/\/wegeblw.pl\/index.php\/wp-json\/wp\/v2\/media\/4196"}],"wp:attachment":[{"href":"https:\/\/wegeblw.pl\/index.php\/wp-json\/wp\/v2\/media?parent=4195"}],"wp:term":[{"taxonomy":"product_cat","embeddable":true,"href":"https:\/\/wegeblw.pl\/index.php\/wp-json\/wp\/v2\/product_cat?post=4195"},{"taxonomy":"product_tag","embeddable":true,"href":"https:\/\/wegeblw.pl\/index.php\/wp-json\/wp\/v2\/product_tag?post=4195"}],"curies":[{"name":"wp","href":"https:\/\/api.w.org\/{rel}","templated":true}]}}