{"id":4199,"date":"2022-03-24T08:33:56","date_gmt":"2022-03-24T07:33:56","guid":{"rendered":"https:\/\/wegeblw.pl\/index.php\/produkt\/okulary-korekcyjne-ralph-lauren-rl-6209q-5007-70486133\/"},"modified":"2026-04-15T09:16:45","modified_gmt":"2026-04-15T07:16:45","slug":"okulary-korekcyjne-ralph-lauren-rl-6209q-5007-70486133","status":"publish","type":"product","link":"https:\/\/wegeblw.pl\/index.php\/produkt\/okulary-korekcyjne-ralph-lauren-rl-6209q-5007-70486133\/","title":{"rendered":"Okulary korekcyjne Ralph Lauren RL 6209Q 5007 (70486133)"},"content":{"rendered":"<p>Carrera 2012 086 Rozmiar: 52<\/p>\n<p>Okulary oprawki i szk\u0142a<\/p>\n<p>cytrynian magnezu tabletki, na dzie\u0144 dobry, ry\u017c br\u0105zowy przepis, wybielanie zebow weglem aktywnym, skrobia ziemniaczana kcal, aktywna piana do czyszczenia, erythritol, olejek z gojnikiem<\/p>\n<p>yyyyy<\/p>\n","protected":false},"excerpt":{"rendered":"<p>Carrera 2012 086 Rozmiar: 52 Okulary oprawki i szk\u0142a cytrynian magnezu tabletki, na dzie\u0144 dobry, ry\u017c br\u0105zowy przepis, wybielanie zebow&hellip;<\/p>\n","protected":false},"featured_media":4200,"comment_status":"closed","ping_status":"open","template":"","meta":[],"product_cat":[249],"product_tag":[667,824,809],"class_list":["post-4199","product","type-product","status-publish","has-post-thumbnail","hentry","product_cat-okulary-oprawki-i-szkla","product_tag-makaron-sojowy-ig","product_tag-miso-pasta","product_tag-produkty-bez-cukru"],"_links":{"self":[{"href":"https:\/\/wegeblw.pl\/index.php\/wp-json\/wp\/v2\/product\/4199","targetHints":{"allow":["GET"]}}],"collection":[{"href":"https:\/\/wegeblw.pl\/index.php\/wp-json\/wp\/v2\/product"}],"about":[{"href":"https:\/\/wegeblw.pl\/index.php\/wp-json\/wp\/v2\/types\/product"}],"replies":[{"embeddable":true,"href":"https:\/\/wegeblw.pl\/index.php\/wp-json\/wp\/v2\/comments?post=4199"}],"wp:featuredmedia":[{"embeddable":true,"href":"https:\/\/wegeblw.pl\/index.php\/wp-json\/wp\/v2\/media\/4200"}],"wp:attachment":[{"href":"https:\/\/wegeblw.pl\/index.php\/wp-json\/wp\/v2\/media?parent=4199"}],"wp:term":[{"taxonomy":"product_cat","embeddable":true,"href":"https:\/\/wegeblw.pl\/index.php\/wp-json\/wp\/v2\/product_cat?post=4199"},{"taxonomy":"product_tag","embeddable":true,"href":"https:\/\/wegeblw.pl\/index.php\/wp-json\/wp\/v2\/product_tag?post=4199"}],"curies":[{"name":"wp","href":"https:\/\/api.w.org\/{rel}","templated":true}]}}