{"id":4207,"date":"2021-05-10T18:39:34","date_gmt":"2021-05-10T16:39:34","guid":{"rendered":"https:\/\/wegeblw.pl\/index.php\/produkt\/okulary-korekcyjne-ralph-lauren-rl-6214-5003-70497220\/"},"modified":"2026-04-10T04:46:45","modified_gmt":"2026-04-10T02:46:45","slug":"okulary-korekcyjne-ralph-lauren-rl-6214-5003-70497220","status":"publish","type":"product","link":"https:\/\/wegeblw.pl\/index.php\/produkt\/okulary-korekcyjne-ralph-lauren-rl-6214-5003-70497220\/","title":{"rendered":"Okulary korekcyjne Ralph Lauren RL 6214 5003 (70497220)"},"content":{"rendered":"<p>Carrera 2012 086 Rozmiar: 52<\/p>\n<p>Okulary oprawki i szk\u0142a<\/p>\n<p>cytrynian magnezu tabletki, na dzie\u0144 dobry, ry\u017c br\u0105zowy przepis, wybielanie zebow weglem aktywnym, skrobia ziemniaczana kcal, aktywna piana do czyszczenia, erythritol, olejek z gojnikiem<\/p>\n<p>yyyyy<\/p>\n","protected":false},"excerpt":{"rendered":"<p>Carrera 2012 086 Rozmiar: 52 Okulary oprawki i szk\u0142a cytrynian magnezu tabletki, na dzie\u0144 dobry, ry\u017c br\u0105zowy przepis, wybielanie zebow&hellip;<\/p>\n","protected":false},"featured_media":4208,"comment_status":"closed","ping_status":"open","template":"","meta":[],"product_cat":[249],"product_tag":[650,698,869,756],"class_list":["post-4207","product","type-product","status-publish","has-post-thumbnail","hentry","product_cat-okulary-oprawki-i-szkla","product_tag-biala-kielbasa","product_tag-kurczak-ekologiczny","product_tag-kurkuma-w-proszku-jak-stosowac","product_tag-sklep-ekologiczny-warszawa"],"_links":{"self":[{"href":"https:\/\/wegeblw.pl\/index.php\/wp-json\/wp\/v2\/product\/4207","targetHints":{"allow":["GET"]}}],"collection":[{"href":"https:\/\/wegeblw.pl\/index.php\/wp-json\/wp\/v2\/product"}],"about":[{"href":"https:\/\/wegeblw.pl\/index.php\/wp-json\/wp\/v2\/types\/product"}],"replies":[{"embeddable":true,"href":"https:\/\/wegeblw.pl\/index.php\/wp-json\/wp\/v2\/comments?post=4207"}],"wp:featuredmedia":[{"embeddable":true,"href":"https:\/\/wegeblw.pl\/index.php\/wp-json\/wp\/v2\/media\/4208"}],"wp:attachment":[{"href":"https:\/\/wegeblw.pl\/index.php\/wp-json\/wp\/v2\/media?parent=4207"}],"wp:term":[{"taxonomy":"product_cat","embeddable":true,"href":"https:\/\/wegeblw.pl\/index.php\/wp-json\/wp\/v2\/product_cat?post=4207"},{"taxonomy":"product_tag","embeddable":true,"href":"https:\/\/wegeblw.pl\/index.php\/wp-json\/wp\/v2\/product_tag?post=4207"}],"curies":[{"name":"wp","href":"https:\/\/api.w.org\/{rel}","templated":true}]}}