{"id":4417,"date":"2020-04-16T14:04:30","date_gmt":"2020-04-16T12:04:30","guid":{"rendered":"https:\/\/wegeblw.pl\/index.php\/produkt\/chicco-thermo-eco-0m\/"},"modified":"2026-05-01T05:40:40","modified_gmt":"2026-05-01T03:40:40","slug":"chicco-thermo-eco-0m","status":"publish","type":"product","link":"https:\/\/wegeblw.pl\/index.php\/produkt\/chicco-thermo-eco-0m\/","title":{"rendered":"Chicco Thermo Eco 0M+"},"content":{"rendered":"<p>Air Optix + Hg for Astigmatism 3 -10,00; -2,25 140<\/p>\n<p>Soczewki kontaktowe<\/p>\n<p>gold vit d3 k2 4000, cukier a cukier puder, melasa z trzciny cukrowej w\u0142a\u015bciwo\u015bci, \u017celazo kwas foliowy, ile gotuje si\u0119 kasza j\u0119czmienna, yerba mate palo santo, korze\u0144 traganka b\u0142oniastego, wyst\u0119powanie witaminy d<\/p>\n<p>yyyyy<\/p>\n","protected":false},"excerpt":{"rendered":"<p>Air Optix + Hg for Astigmatism 3 -10,00; -2,25 140 Soczewki kontaktowe gold vit d3 k2 4000, cukier a cukier&hellip;<\/p>\n","protected":false},"featured_media":4418,"comment_status":"closed","ping_status":"open","template":"","meta":[],"product_cat":[336],"product_tag":[779,770,728,846,665],"class_list":["post-4417","product","type-product","status-publish","has-post-thumbnail","hentry","product_cat-termometry","product_tag-jak-gotowac-komose","product_tag-komosa-ryzowa-gotowanie","product_tag-roslinne-mieso","product_tag-sekacz","product_tag-weganskie-mieso"],"_links":{"self":[{"href":"https:\/\/wegeblw.pl\/index.php\/wp-json\/wp\/v2\/product\/4417","targetHints":{"allow":["GET"]}}],"collection":[{"href":"https:\/\/wegeblw.pl\/index.php\/wp-json\/wp\/v2\/product"}],"about":[{"href":"https:\/\/wegeblw.pl\/index.php\/wp-json\/wp\/v2\/types\/product"}],"replies":[{"embeddable":true,"href":"https:\/\/wegeblw.pl\/index.php\/wp-json\/wp\/v2\/comments?post=4417"}],"wp:featuredmedia":[{"embeddable":true,"href":"https:\/\/wegeblw.pl\/index.php\/wp-json\/wp\/v2\/media\/4418"}],"wp:attachment":[{"href":"https:\/\/wegeblw.pl\/index.php\/wp-json\/wp\/v2\/media?parent=4417"}],"wp:term":[{"taxonomy":"product_cat","embeddable":true,"href":"https:\/\/wegeblw.pl\/index.php\/wp-json\/wp\/v2\/product_cat?post=4417"},{"taxonomy":"product_tag","embeddable":true,"href":"https:\/\/wegeblw.pl\/index.php\/wp-json\/wp\/v2\/product_tag?post=4417"}],"curies":[{"name":"wp","href":"https:\/\/api.w.org\/{rel}","templated":true}]}}