{"id":4471,"date":"2014-09-09T17:28:08","date_gmt":"2014-09-09T15:28:08","guid":{"rendered":"https:\/\/wegeblw.pl\/index.php\/produkt\/now-foods-beta-glukany-13-16-100mg-90-kaps\/"},"modified":"2026-04-08T00:26:35","modified_gmt":"2026-04-07T22:26:35","slug":"now-foods-beta-glukany-13-16-100mg-90-kaps","status":"publish","type":"product","link":"https:\/\/wegeblw.pl\/index.php\/produkt\/now-foods-beta-glukany-13-16-100mg-90-kaps\/","title":{"rendered":"NOW FOODS Beta glukany 1,3 1,6 100mg, 90 kaps"},"content":{"rendered":"<p>Toryczne soczewki jednodniowe Atrea Excellence to soczewki dla u\u017cytkownik\u00f3w \u017cyj\u0105cych wpo\u015bpiechu. Dzi\u0119ki najnowocze\u015bniejszej technologii mi\u0119kki ielastyczny materia\u0142 silikonowo-hydro\u017celowy zapewnia wysok\u0105 przepuszczalno\u015b\u0107 tlenu, atym samym zdrowe noszenie soczewek kontaktowych, r\u00f3wnie\u017c, albo szczeg\u00f3lnie wdni, kiedy zaj\u0119cia si\u0119 przeci\u0105gaj\u0105.<\/p>\n<p>Soczewki kontaktowe<\/p>\n<p>ma\u015b\u0107 \u017cywokostowa na b\u00f3l kolana, 80g, babka p\u0142asznik, sklep ekologiczny gda\u0144sk, czarna tapioka, maja k\u0142odawska, czekolada gorzka wedel sk\u0142ad, mas\u0142o shea do jedzenia, alpro barista coconut, mozzarella sk\u0142ad, cukier cytrynowy, solana pl, herbatka rooibos, olej z nasion pokrzywy<\/p>\n<p>yyyyy<\/p>\n","protected":false},"excerpt":{"rendered":"<p>Toryczne soczewki jednodniowe Atrea Excellence to soczewki dla u\u017cytkownik\u00f3w \u017cyj\u0105cych wpo\u015bpiechu. Dzi\u0119ki najnowocze\u015bniejszej technologii mi\u0119kki ielastyczny materia\u0142 silikonowo-hydro\u017celowy zapewnia wysok\u0105&hellip;<\/p>\n","protected":false},"featured_media":4472,"comment_status":"closed","ping_status":"open","template":"","meta":[],"product_cat":[18],"product_tag":[650,750,809],"class_list":["post-4471","product","type-product","status-publish","has-post-thumbnail","hentry","product_cat-mineraly-i-witaminy","product_tag-biala-kielbasa","product_tag-pasta-tahini-do-czego","product_tag-produkty-bez-cukru"],"_links":{"self":[{"href":"https:\/\/wegeblw.pl\/index.php\/wp-json\/wp\/v2\/product\/4471","targetHints":{"allow":["GET"]}}],"collection":[{"href":"https:\/\/wegeblw.pl\/index.php\/wp-json\/wp\/v2\/product"}],"about":[{"href":"https:\/\/wegeblw.pl\/index.php\/wp-json\/wp\/v2\/types\/product"}],"replies":[{"embeddable":true,"href":"https:\/\/wegeblw.pl\/index.php\/wp-json\/wp\/v2\/comments?post=4471"}],"wp:featuredmedia":[{"embeddable":true,"href":"https:\/\/wegeblw.pl\/index.php\/wp-json\/wp\/v2\/media\/4472"}],"wp:attachment":[{"href":"https:\/\/wegeblw.pl\/index.php\/wp-json\/wp\/v2\/media?parent=4471"}],"wp:term":[{"taxonomy":"product_cat","embeddable":true,"href":"https:\/\/wegeblw.pl\/index.php\/wp-json\/wp\/v2\/product_cat?post=4471"},{"taxonomy":"product_tag","embeddable":true,"href":"https:\/\/wegeblw.pl\/index.php\/wp-json\/wp\/v2\/product_tag?post=4471"}],"curies":[{"name":"wp","href":"https:\/\/api.w.org\/{rel}","templated":true}]}}