{"id":4497,"date":"2022-07-13T10:52:18","date_gmt":"2022-07-13T08:52:18","guid":{"rendered":"https:\/\/wegeblw.pl\/index.php\/produkt\/natrol-glukozamina-chondroityna-i-msm-90-tabl\/"},"modified":"2026-04-09T18:18:28","modified_gmt":"2026-04-09T16:18:28","slug":"natrol-glukozamina-chondroityna-i-msm-90-tabl","status":"publish","type":"product","link":"https:\/\/wegeblw.pl\/index.php\/produkt\/natrol-glukozamina-chondroityna-i-msm-90-tabl\/","title":{"rendered":"Natrol Glukozamina, Chondroityna I Msm 90 Tabl"},"content":{"rendered":"<p>Mega Food Immune Defense Shelf-Stable Probiotics 15 szczep\u00f3w probiotycznych suplement diety 30 tabletek to zestaw 15 unikalnych szczep\u00f3w bakterii odpornych na soki trawienne w ilo\u015bci 20mld jtk \u017cywych bakterii.<\/p>\n<p>Uk\u0142ad pokarmowy i trawienie<\/p>\n<p>jodowanie soli, zupa \u015bwi\u0119conka, tempeh co to, witamina b12 najlepiej przyswajalna, gulaszowe wieprzowe, antyrak nowy styl \u017cycia, bezmleczne, p\u0142atki dro\u017cd\u017cowe w\u0142a\u015bciwo\u015bci<\/p>\n<p><a href=\"https:\/\/www.wizytylekarskie-slask.pl\/kategorie\/placowka-ruda-slaska\">https:\/\/www.wizytylekarskie-slask.pl\/kategorie\/placowka-ruda-slaska<\/a><\/p>\n","protected":false},"excerpt":{"rendered":"<p>Mega Food Immune Defense Shelf-Stable Probiotics 15 szczep\u00f3w probiotycznych suplement diety 30 tabletek to zestaw 15 unikalnych szczep\u00f3w bakterii odpornych&hellip;<\/p>\n","protected":false},"featured_media":4498,"comment_status":"closed","ping_status":"open","template":"","meta":[],"product_cat":[17],"product_tag":[793,774,655,631,873,838],"class_list":["post-4497","product","type-product","status-publish","has-post-thumbnail","hentry","product_cat-stawy-miesnie-i-kosci","product_tag-bio-planet-sklep","product_tag-cytryny-ekologiczne","product_tag-eko-warzywa","product_tag-isola-bio","product_tag-jak-przygotowac-komose-ryzowa","product_tag-olej-kokosowy-rafinowany-czy-nierafinowany"],"_links":{"self":[{"href":"https:\/\/wegeblw.pl\/index.php\/wp-json\/wp\/v2\/product\/4497","targetHints":{"allow":["GET"]}}],"collection":[{"href":"https:\/\/wegeblw.pl\/index.php\/wp-json\/wp\/v2\/product"}],"about":[{"href":"https:\/\/wegeblw.pl\/index.php\/wp-json\/wp\/v2\/types\/product"}],"replies":[{"embeddable":true,"href":"https:\/\/wegeblw.pl\/index.php\/wp-json\/wp\/v2\/comments?post=4497"}],"wp:featuredmedia":[{"embeddable":true,"href":"https:\/\/wegeblw.pl\/index.php\/wp-json\/wp\/v2\/media\/4498"}],"wp:attachment":[{"href":"https:\/\/wegeblw.pl\/index.php\/wp-json\/wp\/v2\/media?parent=4497"}],"wp:term":[{"taxonomy":"product_cat","embeddable":true,"href":"https:\/\/wegeblw.pl\/index.php\/wp-json\/wp\/v2\/product_cat?post=4497"},{"taxonomy":"product_tag","embeddable":true,"href":"https:\/\/wegeblw.pl\/index.php\/wp-json\/wp\/v2\/product_tag?post=4497"}],"curies":[{"name":"wp","href":"https:\/\/api.w.org\/{rel}","templated":true}]}}