{"id":455,"date":"2014-06-27T16:08:16","date_gmt":"2014-06-27T14:08:16","guid":{"rendered":"https:\/\/wegeblw.pl\/index.php\/produkt\/zeastaw-palmolive-men-citrus-crush-zel-pod-prysznic-3w1-dla-mezczyzn-3x-750ml\/"},"modified":"2026-04-08T02:14:40","modified_gmt":"2026-04-08T00:14:40","slug":"zeastaw-palmolive-men-citrus-crush-zel-pod-prysznic-3w1-dla-mezczyzn-3x-750ml","status":"publish","type":"product","link":"https:\/\/wegeblw.pl\/index.php\/produkt\/zeastaw-palmolive-men-citrus-crush-zel-pod-prysznic-3w1-dla-mezczyzn-3x-750ml\/","title":{"rendered":"Zeastaw PALMOLIVE MEN Citrus Crush \u017bel pod prysznic 3w1 dla m\u0119\u017cczyzn, 3x 750ml"},"content":{"rendered":"<p>COSTA COFFEE Signature Blend Medium kawa mielona 200gBracia Costa podj\u0119li a\u017c 112 pr\u00f3b, by uzyska\u0107 perfekcyjny smak Signature Blend \u2013 i uwierzcie nam, by\u0142o warto.\u00a0Wolno palona w celu uzyskania \u0142agodnego smaku i bogatego, orzechowego aromatu. Idealna do codziennej konsumpcji. W po\u0142\u0105czeniu z mlekiem przypomina ma\u015blane ciasteczka.W formie espresso oraz innych kaw czarnych charakteryzuje si\u0119 nutami karmelu i orzech\u00f3w.Sk\u0142ad: Autorska mieszanka arabiki oraz robustyStopie\u0144 palenia: \u015aredniProfil smakowy: Aksamitna, orzechowaMoc: 8\/12Opakowanie: 200 gTyp: Kawa mielona<\/p>\n<p>Kawa<\/p>\n<p>ochraniacz na materac 90&#215;200, semulina, wege mielone, ks. dolindo, polska r\u00f3\u017ca sklep, gotowanie czarnego ry\u017cu, pasztet z ciecierzycy przepis, jajka przepi\u00f3rcze w\u0142a\u015bciwo\u015bci, krem ch\u0142odz\u0105cy, keto suplementy, syrop z agawy zamiennik, sklep z \u017cywno\u015bci\u0105 ekologiczn\u0105<\/p>\n<p><a href=\"https:\/\/doktor-porady.pl\/\">https:\/\/doktor-porady.pl\/<\/a><\/p>\n","protected":false},"excerpt":{"rendered":"<p>COSTA COFFEE Signature Blend Medium kawa mielona 200gBracia Costa podj\u0119li a\u017c 112 pr\u00f3b, by uzyska\u0107 perfekcyjny smak Signature Blend \u2013&hellip;<\/p>\n","protected":false},"featured_media":456,"comment_status":"closed","ping_status":"open","template":"","meta":[],"product_cat":[70],"product_tag":[847,632,858,741],"class_list":["post-455","product","type-product","status-publish","has-post-thumbnail","hentry","product_cat-zele-i-balsamy-pod-prysznic","product_tag-czym-zastapic-nabial","product_tag-komosa-ryzowa-jak-gotowac","product_tag-majonez-vitapol","product_tag-rafinowany-olej-kokosowy"],"_links":{"self":[{"href":"https:\/\/wegeblw.pl\/index.php\/wp-json\/wp\/v2\/product\/455","targetHints":{"allow":["GET"]}}],"collection":[{"href":"https:\/\/wegeblw.pl\/index.php\/wp-json\/wp\/v2\/product"}],"about":[{"href":"https:\/\/wegeblw.pl\/index.php\/wp-json\/wp\/v2\/types\/product"}],"replies":[{"embeddable":true,"href":"https:\/\/wegeblw.pl\/index.php\/wp-json\/wp\/v2\/comments?post=455"}],"wp:featuredmedia":[{"embeddable":true,"href":"https:\/\/wegeblw.pl\/index.php\/wp-json\/wp\/v2\/media\/456"}],"wp:attachment":[{"href":"https:\/\/wegeblw.pl\/index.php\/wp-json\/wp\/v2\/media?parent=455"}],"wp:term":[{"taxonomy":"product_cat","embeddable":true,"href":"https:\/\/wegeblw.pl\/index.php\/wp-json\/wp\/v2\/product_cat?post=455"},{"taxonomy":"product_tag","embeddable":true,"href":"https:\/\/wegeblw.pl\/index.php\/wp-json\/wp\/v2\/product_tag?post=455"}],"curies":[{"name":"wp","href":"https:\/\/api.w.org\/{rel}","templated":true}]}}