{"id":461,"date":"2016-05-22T05:16:10","date_gmt":"2016-05-22T03:16:10","guid":{"rendered":"https:\/\/wegeblw.pl\/index.php\/produkt\/olaplex-no-4-bond-maintenance-szampon-odbudowujacy-do-wlosow-250ml\/"},"modified":"2026-04-08T07:01:22","modified_gmt":"2026-04-08T05:01:22","slug":"olaplex-no-4-bond-maintenance-szampon-odbudowujacy-do-wlosow-250ml","status":"publish","type":"product","link":"https:\/\/wegeblw.pl\/index.php\/produkt\/olaplex-no-4-bond-maintenance-szampon-odbudowujacy-do-wlosow-250ml\/","title":{"rendered":"Olaplex No.4 Bond Maintenance Szampon Odbudowuj\u0105cy Do W\u0142os\u00f3w 250ml"},"content":{"rendered":"<p>Suplementy na odchudzanie<\/p>\n<p>mleka ro\u015blinne, tortilla pszenna, babalski sklep, zepsuty ocet jab\u0142kowy, chrupki pizza, kostki roso\u0142owe bio<\/p>\n<p><a href=\"https:\/\/www.rehabilitacja-beactive.pl\/\/zdrowa-joga.html\">https:\/\/www.rehabilitacja-beactive.pl\/\/zdrowa-joga.html<\/a><\/p>\n","protected":false},"excerpt":{"rendered":"<p>Suplementy na odchudzanie mleka ro\u015blinne, tortilla pszenna, babalski sklep, zepsuty ocet jab\u0142kowy, chrupki pizza, kostki roso\u0142owe bio https:\/\/www.rehabilitacja-beactive.pl\/\/zdrowa-joga.html<\/p>\n","protected":false},"featured_media":462,"comment_status":"closed","ping_status":"open","template":"","meta":[],"product_cat":[48],"product_tag":[764,797,654,804],"class_list":["post-461","product","type-product","status-publish","has-post-thumbnail","hentry","product_cat-szampony-do-wlosow","product_tag-jogurty-bez-mleka","product_tag-organic-farma-zdrowia","product_tag-plastik-w-oceanach","product_tag-quinoa-jak-gotowac"],"_links":{"self":[{"href":"https:\/\/wegeblw.pl\/index.php\/wp-json\/wp\/v2\/product\/461","targetHints":{"allow":["GET"]}}],"collection":[{"href":"https:\/\/wegeblw.pl\/index.php\/wp-json\/wp\/v2\/product"}],"about":[{"href":"https:\/\/wegeblw.pl\/index.php\/wp-json\/wp\/v2\/types\/product"}],"replies":[{"embeddable":true,"href":"https:\/\/wegeblw.pl\/index.php\/wp-json\/wp\/v2\/comments?post=461"}],"wp:featuredmedia":[{"embeddable":true,"href":"https:\/\/wegeblw.pl\/index.php\/wp-json\/wp\/v2\/media\/462"}],"wp:attachment":[{"href":"https:\/\/wegeblw.pl\/index.php\/wp-json\/wp\/v2\/media?parent=461"}],"wp:term":[{"taxonomy":"product_cat","embeddable":true,"href":"https:\/\/wegeblw.pl\/index.php\/wp-json\/wp\/v2\/product_cat?post=461"},{"taxonomy":"product_tag","embeddable":true,"href":"https:\/\/wegeblw.pl\/index.php\/wp-json\/wp\/v2\/product_tag?post=461"}],"curies":[{"name":"wp","href":"https:\/\/api.w.org\/{rel}","templated":true}]}}