{"id":4619,"date":"2021-01-16T01:06:44","date_gmt":"2021-01-16T00:06:44","guid":{"rendered":"https:\/\/wegeblw.pl\/index.php\/produkt\/bioderma-sensibio-eye-kremowy-zel-pod-oczy-15ml-sensibio-ds-gel-moussant-200ml-h2o-plyn-micelarny-250ml\/"},"modified":"2026-04-08T07:32:45","modified_gmt":"2026-04-08T05:32:45","slug":"bioderma-sensibio-eye-kremowy-zel-pod-oczy-15ml-sensibio-ds-gel-moussant-200ml-h2o-plyn-micelarny-250ml","status":"publish","type":"product","link":"https:\/\/wegeblw.pl\/index.php\/produkt\/bioderma-sensibio-eye-kremowy-zel-pod-oczy-15ml-sensibio-ds-gel-moussant-200ml-h2o-plyn-micelarny-250ml\/","title":{"rendered":"Bioderma Sensibio Eye Kremowy \u017bel Pod Oczy 15ml + Sensibio Ds + Gel Moussant 200ml + H2O P\u0142yn Micelarny 250ml"},"content":{"rendered":"<p>Literatura sensacyjna i grozy<\/p>\n<p>chlebowy do picia, barszcz z butelki, sza\u0142wia na b\u00f3l brzucha, mucha w uchu, herbata zielona z mi\u0119t\u0105, przyprawa do ryb, dieta przyk\u0142adowa, makaron duze muszle, pomys\u0142 na makaron ry\u017cowy, czym zast\u0105pi\u0107 skrobi\u0119 ziemniaczan\u0105<\/p>\n<p>yyyyy<\/p>\n","protected":false},"excerpt":{"rendered":"<p>Literatura sensacyjna i grozy chlebowy do picia, barszcz z butelki, sza\u0142wia na b\u00f3l brzucha, mucha w uchu, herbata zielona z&hellip;<\/p>\n","protected":false},"featured_media":4620,"comment_status":"closed","ping_status":"open","template":"","meta":[],"product_cat":[58],"product_tag":[883,829,769,693,646],"class_list":["post-4619","product","type-product","status-publish","has-post-thumbnail","hentry","product_cat-zestawy-dla-kobiet","product_tag-ekologiczne-warzywa","product_tag-marchew-ekologiczna","product_tag-mieso-mielone-wege","product_tag-serek-kremowy","product_tag-slodycze-weganskie"],"_links":{"self":[{"href":"https:\/\/wegeblw.pl\/index.php\/wp-json\/wp\/v2\/product\/4619","targetHints":{"allow":["GET"]}}],"collection":[{"href":"https:\/\/wegeblw.pl\/index.php\/wp-json\/wp\/v2\/product"}],"about":[{"href":"https:\/\/wegeblw.pl\/index.php\/wp-json\/wp\/v2\/types\/product"}],"replies":[{"embeddable":true,"href":"https:\/\/wegeblw.pl\/index.php\/wp-json\/wp\/v2\/comments?post=4619"}],"wp:featuredmedia":[{"embeddable":true,"href":"https:\/\/wegeblw.pl\/index.php\/wp-json\/wp\/v2\/media\/4620"}],"wp:attachment":[{"href":"https:\/\/wegeblw.pl\/index.php\/wp-json\/wp\/v2\/media?parent=4619"}],"wp:term":[{"taxonomy":"product_cat","embeddable":true,"href":"https:\/\/wegeblw.pl\/index.php\/wp-json\/wp\/v2\/product_cat?post=4619"},{"taxonomy":"product_tag","embeddable":true,"href":"https:\/\/wegeblw.pl\/index.php\/wp-json\/wp\/v2\/product_tag?post=4619"}],"curies":[{"name":"wp","href":"https:\/\/api.w.org\/{rel}","templated":true}]}}