{"id":4643,"date":"2014-04-01T06:12:01","date_gmt":"2014-04-01T04:12:01","guid":{"rendered":"https:\/\/wegeblw.pl\/index.php\/produkt\/odmladzajacy-resweratrol-70-krem-odbudowujacy-na-dzien-i-noc-50ml\/"},"modified":"2026-04-08T04:19:51","modified_gmt":"2026-04-08T02:19:51","slug":"odmladzajacy-resweratrol-70-krem-odbudowujacy-na-dzien-i-noc-50ml","status":"publish","type":"product","link":"https:\/\/wegeblw.pl\/index.php\/produkt\/odmladzajacy-resweratrol-70-krem-odbudowujacy-na-dzien-i-noc-50ml\/","title":{"rendered":"Odm\u0142adzaj\u0105cy Resweratrol 70+ Krem Odbudowuj\u0105cy Na Dzie\u0144 I Noc 50Ml"},"content":{"rendered":"<p>Ma\u015b\u0107 ko\u0144ska polecana przy b\u00f3lach mi\u0119\u015bni, staw\u00f3w, kr\u0119gos\u0142upa, nadwyr\u0119\u017ceniach i problemach z kr\u0105\u017ceniem.Idealna na reumatyzm i dla os\u00f3b uprawiaj\u0105cych sport jako \u015brodek zapobiegawczy &#8211; rozgrzewaj\u0105cy mi\u0119\u015bnie przez wysi\u0142kiem fizycznym.W\u0142a\u015bciwo\u015bci produktu:oryginalna, tradycyjna szwajcarska recepturaszeroki zakres i du\u017ca skuteczno\u015b\u0107 dzia\u0142aniadzia\u0142anie koj\u0105ce i przeciwb\u00f3lowerozgrzewa i przynosi ulg\u0119mo\u017ce by\u0107 stosowana do masa\u017cuprzyjemny zio\u0142owy zapachszybko wch\u0142aniaj\u0105ca si\u0119 konsystencjaSk\u0142adniki aktywneowoce i kwiat kasztanu ko\u0144skiego &#8211; sprawdzony \u015brodek w walce z \u017cylakamikamfora &#8211; dzia\u0142anie odpr\u0119\u017caj\u0105ce i rozgrzewaj\u0105cerozmaryn &#8211; dzia\u0142a \u015bci\u0105gaj\u0105co i pobudzaj\u0105co, uelastycznia i napr\u0119\u017ca zm\u0119czon\u0105 sk\u00f3r\u0119, od\u015bwie\u017cy j\u0105 i sprawi, \u017ce b\u0119dzie wygl\u0105da\u0107 na m\u0142odsz\u0105papryka chili &#8211; w\u0142a\u015bciwo\u015bci silnie rozgrzewaj\u0105ce, powoduje wzrost ukrwienia i dzia\u0142ania substancji biologicznych<\/p>\n<p>Przeciwb\u00f3lowe<\/p>\n<p>majonez wega\u0144ski, ciasta i ciasteczka, dieta keto obiad, ma\u015b\u0107 rozgrzewaj\u0105ca z kapsaicyna, zabarwienie moczu po burakach, kwasek cytrynowy 1 kg, detox natures, kozi ser lidl, kod rabatowy, m\u0105ka ry\u017cowa zastosowanie, olej spozywczy, witamina b, sklepy ze zdrowa zywnoscia, erytrol intenson, gojnik sza\u0142wia liba\u0144ska, py\u0142ek pszczeli z miodem przepis, hagen das, p\u0142atk\u00f3w, zdrowe ciasteczka z kawa\u0142kami czekolady, mro\u017cone bu\u0142ki, f.army<\/p>\n<p><a href=\"https:\/\/krolewskie-miody.pl\/kategoria-produktu\/miody\/akacjowy\/\">mi\u00f3d akacjowy na co<\/a><\/p>\n","protected":false},"excerpt":{"rendered":"<p>Ma\u015b\u0107 ko\u0144ska polecana przy b\u00f3lach mi\u0119\u015bni, staw\u00f3w, kr\u0119gos\u0142upa, nadwyr\u0119\u017ceniach i problemach z kr\u0105\u017ceniem.Idealna na reumatyzm i dla os\u00f3b uprawiaj\u0105cych sport&hellip;<\/p>\n","protected":false},"featured_media":4644,"comment_status":"closed","ping_status":"open","template":"","meta":[],"product_cat":[39],"product_tag":[780,645,843],"class_list":["post-4643","product","type-product","status-publish","has-post-thumbnail","hentry","product_cat-kremy-do-twarzy","product_tag-b12","product_tag-fioletowe-bataty","product_tag-jak-gotowac-komose-ryzowa"],"_links":{"self":[{"href":"https:\/\/wegeblw.pl\/index.php\/wp-json\/wp\/v2\/product\/4643","targetHints":{"allow":["GET"]}}],"collection":[{"href":"https:\/\/wegeblw.pl\/index.php\/wp-json\/wp\/v2\/product"}],"about":[{"href":"https:\/\/wegeblw.pl\/index.php\/wp-json\/wp\/v2\/types\/product"}],"replies":[{"embeddable":true,"href":"https:\/\/wegeblw.pl\/index.php\/wp-json\/wp\/v2\/comments?post=4643"}],"wp:featuredmedia":[{"embeddable":true,"href":"https:\/\/wegeblw.pl\/index.php\/wp-json\/wp\/v2\/media\/4644"}],"wp:attachment":[{"href":"https:\/\/wegeblw.pl\/index.php\/wp-json\/wp\/v2\/media?parent=4643"}],"wp:term":[{"taxonomy":"product_cat","embeddable":true,"href":"https:\/\/wegeblw.pl\/index.php\/wp-json\/wp\/v2\/product_cat?post=4643"},{"taxonomy":"product_tag","embeddable":true,"href":"https:\/\/wegeblw.pl\/index.php\/wp-json\/wp\/v2\/product_tag?post=4643"}],"curies":[{"name":"wp","href":"https:\/\/api.w.org\/{rel}","templated":true}]}}