{"id":4745,"date":"2019-10-24T13:48:48","date_gmt":"2019-10-24T11:48:48","guid":{"rendered":"https:\/\/wegeblw.pl\/index.php\/produkt\/antar-balkonik-rehabilitacyjny-kroczacy-4-kola-obrotowe-at02001\/"},"modified":"2026-04-08T08:03:04","modified_gmt":"2026-04-08T06:03:04","slug":"antar-balkonik-rehabilitacyjny-kroczacy-4-kola-obrotowe-at02001","status":"publish","type":"product","link":"https:\/\/wegeblw.pl\/index.php\/produkt\/antar-balkonik-rehabilitacyjny-kroczacy-4-kola-obrotowe-at02001\/","title":{"rendered":"Antar Balkonik Rehabilitacyjny Krocz\u0105cy 4 Ko\u0142a Obrotowe At02001"},"content":{"rendered":"<p>Oprawy okularowe Burberry<\/p>\n<p>Okulary oprawki i szk\u0142a<\/p>\n<p>rurki do napoj\u00f3w, grzyby boczniaki cena, kolagen zieba, auga, ostropest plamisty gdzie kupi\u0107, cytrusy sklep na 5<\/p>\n<p><a href=\"https:\/\/aft.pl\/grupy-produktowe\/zasuwy\">zasuwa kana\u0142owa<\/a><\/p>\n","protected":false},"excerpt":{"rendered":"<p>Oprawy okularowe Burberry Okulary oprawki i szk\u0142a rurki do napoj\u00f3w, grzyby boczniaki cena, kolagen zieba, auga, ostropest plamisty gdzie kupi\u0107,&hellip;<\/p>\n","protected":false},"featured_media":4746,"comment_status":"closed","ping_status":"open","template":"","meta":[],"product_cat":[291],"product_tag":[688,880,790,639],"class_list":["post-4745","product","type-product","status-publish","has-post-thumbnail","hentry","product_cat-wozki-inwalidzkie-balkoniki-i-laski","product_tag-farma-roztocza","product_tag-kotlet-weganski-linda-mccartney","product_tag-majonez-vitapol-domowy","product_tag-organic-farma"],"_links":{"self":[{"href":"https:\/\/wegeblw.pl\/index.php\/wp-json\/wp\/v2\/product\/4745","targetHints":{"allow":["GET"]}}],"collection":[{"href":"https:\/\/wegeblw.pl\/index.php\/wp-json\/wp\/v2\/product"}],"about":[{"href":"https:\/\/wegeblw.pl\/index.php\/wp-json\/wp\/v2\/types\/product"}],"replies":[{"embeddable":true,"href":"https:\/\/wegeblw.pl\/index.php\/wp-json\/wp\/v2\/comments?post=4745"}],"wp:featuredmedia":[{"embeddable":true,"href":"https:\/\/wegeblw.pl\/index.php\/wp-json\/wp\/v2\/media\/4746"}],"wp:attachment":[{"href":"https:\/\/wegeblw.pl\/index.php\/wp-json\/wp\/v2\/media?parent=4745"}],"wp:term":[{"taxonomy":"product_cat","embeddable":true,"href":"https:\/\/wegeblw.pl\/index.php\/wp-json\/wp\/v2\/product_cat?post=4745"},{"taxonomy":"product_tag","embeddable":true,"href":"https:\/\/wegeblw.pl\/index.php\/wp-json\/wp\/v2\/product_tag?post=4745"}],"curies":[{"name":"wp","href":"https:\/\/api.w.org\/{rel}","templated":true}]}}