{"id":5103,"date":"2023-09-01T05:34:08","date_gmt":"2023-09-01T03:34:08","guid":{"rendered":"https:\/\/wegeblw.pl\/?post_type=product&#038;p=5103"},"modified":"2026-04-27T15:53:48","modified_gmt":"2026-04-27T13:53:48","slug":"mapa-tur-worek-bieszczadzki-tarnica-w-2022","status":"publish","type":"product","link":"https:\/\/wegeblw.pl\/index.php\/produkt\/mapa-tur-worek-bieszczadzki-tarnica-w-2022\/","title":{"rendered":"Mapa tur. &#8211; Worek Bieszczadzki, Tarnica&#8230; w.2022"},"content":{"rendered":"<p>Zio\u0142owy p\u0142yn do higieny intymnej. Przeznaczony szczeg\u00f3lnie dla kobiet dojrza\u0142ych i w okresie menopauzy.dla kobiet dojrza\u0142ychDzia\u0142anieReguluje naturalne funkcje wydzielnicze b\u0142on \u015bluzowych.Intensywnie nawil\u017ca \u015bluz\u00f3wk\u0119 oraz skutecznie \u0142agodzi podra\u017cnienia.Wspomaga system ochronny b\u0142on \u015bluzowych, zmniejszaj\u0105c ryzyko wyst\u0119powania infekcji.Delikatnie myje oraz zapewnia d\u0142ugotrwa\u0142e uczucie czysto\u015bci i \u015bwie\u017co\u015bci.W\u0142a\u015bciwo\u015bciMa doskona\u0142e w\u0142asno\u015bci myj\u0105ce, dobrze si\u0119 pieni i jest bardzo wydajny w u\u017cyciu.Substancje aktywneekstrakt z nagietka lekarskiego &#8211; \u0142agodzi stany zapalne, dzia\u0142a przeciwbakteryjne.prowitamina B5 (D-panthenol) &#8211; nawil\u017ca oraz wp\u0142ywa os\u0142aniaj\u0105co na \u015bluz\u00f3wk\u0119.kwas mlekowy &#8211; wzmacnia naturaln\u0105 flor\u0119 bakteryjn\u0105, przywraca fizjologiczne pH.Wskazaniapolecany szczeg\u00f3lnie dla kobiet dojrza\u0142ych i w okresie menopauzy.Spos\u00f3b u\u017cyciastosowa\u0107 do mycia niewielk\u0105 ilo\u015b\u0107 p\u0142ynu, nast\u0119pnie dok\u0142adnie sp\u0142uka\u0107.<\/p>\n<p>P\u0142yny do higieny intymnej<\/p>\n<p>olejki eteryczne sklep, olejek tamanu nacomi, m\u0105ka 500, platki jeczmienne, wafle z mlekiem w proszku bez kakao, m\u0105ka orkiszowa jasna w\u0142a\u015bciwo\u015bci, wafle ry\u017cowe s\u0142ony karmel, makaron z ry\u017cu br\u0105zowego, kaszka helpa jaglana<\/p>\n<p>yyyyy<\/p>\n","protected":false},"excerpt":{"rendered":"<p>Zio\u0142owy p\u0142yn do higieny intymnej. Przeznaczony szczeg\u00f3lnie dla kobiet dojrza\u0142ych i w okresie menopauzy.dla kobiet dojrza\u0142ychDzia\u0142anieReguluje naturalne funkcje wydzielnicze b\u0142on&hellip;<\/p>\n","protected":false},"featured_media":5104,"comment_status":"closed","ping_status":"open","template":"","meta":[],"product_cat":[393],"product_tag":[682,819,716,781,809,856,680],"class_list":["post-5103","product","type-product","status-publish","has-post-thumbnail","hentry","product_cat-literatura-podroznicza-i-przewodniki","product_tag-food-organic-store","product_tag-kosze-prezentowe","product_tag-leckers","product_tag-primabiotic-collagen","product_tag-produkty-bez-cukru","product_tag-profilaktyka-cukrzycy","product_tag-smietana-kwasna"],"_links":{"self":[{"href":"https:\/\/wegeblw.pl\/index.php\/wp-json\/wp\/v2\/product\/5103","targetHints":{"allow":["GET"]}}],"collection":[{"href":"https:\/\/wegeblw.pl\/index.php\/wp-json\/wp\/v2\/product"}],"about":[{"href":"https:\/\/wegeblw.pl\/index.php\/wp-json\/wp\/v2\/types\/product"}],"replies":[{"embeddable":true,"href":"https:\/\/wegeblw.pl\/index.php\/wp-json\/wp\/v2\/comments?post=5103"}],"wp:featuredmedia":[{"embeddable":true,"href":"https:\/\/wegeblw.pl\/index.php\/wp-json\/wp\/v2\/media\/5104"}],"wp:attachment":[{"href":"https:\/\/wegeblw.pl\/index.php\/wp-json\/wp\/v2\/media?parent=5103"}],"wp:term":[{"taxonomy":"product_cat","embeddable":true,"href":"https:\/\/wegeblw.pl\/index.php\/wp-json\/wp\/v2\/product_cat?post=5103"},{"taxonomy":"product_tag","embeddable":true,"href":"https:\/\/wegeblw.pl\/index.php\/wp-json\/wp\/v2\/product_tag?post=5103"}],"curies":[{"name":"wp","href":"https:\/\/api.w.org\/{rel}","templated":true}]}}