{"id":5159,"date":"2013-10-18T23:38:05","date_gmt":"2013-10-18T21:38:05","guid":{"rendered":"https:\/\/wegeblw.pl\/index.php\/produkt\/lowcy-plomienia\/"},"modified":"2026-04-08T06:26:53","modified_gmt":"2026-04-08T04:26:53","slug":"lowcy-plomienia","status":"publish","type":"product","link":"https:\/\/wegeblw.pl\/index.php\/produkt\/lowcy-plomienia\/","title":{"rendered":"\u0141owcy p\u0142omienia"},"content":{"rendered":"<p>Je\u015bli my\u015blisz o od\u015bwie\u017ceniu swojej garderoby, kup Ramki do okular\u00f3w Damski Rodenstock R5204-a Czarny (\u00f8 49 mm) i inne Rodenstock produkty! Najlepsza jako\u015b\u0107 w najlepszej cenie jest ju\u017c w zasi\u0119gu r\u0119ki!Kolor: CzarnyMateria\u0142: PlastikowySzk\u0142o: \u00f8 49 mmMost: 16 mmZauszniki: 135 mmZawiera: Zawiera markowe etuiW\u0142a\u015bciwo\u015bci: Standardowe soczewki<\/p>\n<p>Okulary oprawki i szk\u0142a<\/p>\n<p>czteroboran sodu, kasza gryczana niepalona jak gotowa\u0107, torras, surowa \u017curawina, krewetki jak oczy\u015bci\u0107, ekstrakt z wanilii, wit d3 dawkowanie, m\u0105ka \u017cytnia 720 do czego, kurkuma sklep, mas\u0142o ghee palce liza\u0107, kapusta z grzybami zasma\u017cana, mi\u00f3d z propolisem opinie, control stress, jogurt kokosowy bez cukru, new me healthlabs, garam masala sklad<\/p>\n<p>yyyyy<\/p>\n","protected":false},"excerpt":{"rendered":"<p>Je\u015bli my\u015blisz o od\u015bwie\u017ceniu swojej garderoby, kup Ramki do okular\u00f3w Damski Rodenstock R5204-a Czarny (\u00f8 49 mm) i inne Rodenstock&hellip;<\/p>\n","protected":false},"featured_media":5160,"comment_status":"closed","ping_status":"open","template":"","meta":[],"product_cat":[378],"product_tag":[873,850,817],"class_list":["post-5159","product","type-product","status-publish","has-post-thumbnail","hentry","product_cat-literatura-dla-dzieci-i-mlodziezy","product_tag-jak-przygotowac-komose-ryzowa","product_tag-mleko-ekologiczne","product_tag-niepasteryzowane-mleko"],"_links":{"self":[{"href":"https:\/\/wegeblw.pl\/index.php\/wp-json\/wp\/v2\/product\/5159","targetHints":{"allow":["GET"]}}],"collection":[{"href":"https:\/\/wegeblw.pl\/index.php\/wp-json\/wp\/v2\/product"}],"about":[{"href":"https:\/\/wegeblw.pl\/index.php\/wp-json\/wp\/v2\/types\/product"}],"replies":[{"embeddable":true,"href":"https:\/\/wegeblw.pl\/index.php\/wp-json\/wp\/v2\/comments?post=5159"}],"wp:featuredmedia":[{"embeddable":true,"href":"https:\/\/wegeblw.pl\/index.php\/wp-json\/wp\/v2\/media\/5160"}],"wp:attachment":[{"href":"https:\/\/wegeblw.pl\/index.php\/wp-json\/wp\/v2\/media?parent=5159"}],"wp:term":[{"taxonomy":"product_cat","embeddable":true,"href":"https:\/\/wegeblw.pl\/index.php\/wp-json\/wp\/v2\/product_cat?post=5159"},{"taxonomy":"product_tag","embeddable":true,"href":"https:\/\/wegeblw.pl\/index.php\/wp-json\/wp\/v2\/product_tag?post=5159"}],"curies":[{"name":"wp","href":"https:\/\/api.w.org\/{rel}","templated":true}]}}