{"id":5275,"date":"2013-01-10T12:52:58","date_gmt":"2013-01-10T11:52:58","guid":{"rendered":"https:\/\/wegeblw.pl\/index.php\/produkt\/bonda-katarzyna-bonda-wydawnictwo-muza-ilosc-stron-400-oprawa-miekka-rok-wydania-2015-ean-9788328701748\/"},"modified":"2026-04-08T06:12:29","modified_gmt":"2026-04-08T04:12:29","slug":"bonda-katarzyna-bonda-wydawnictwo-muza-ilosc-stron-400-oprawa-miekka-rok-wydania-2015-ean-9788328701748","status":"publish","type":"product","link":"https:\/\/wegeblw.pl\/index.php\/produkt\/bonda-katarzyna-bonda-wydawnictwo-muza-ilosc-stron-400-oprawa-miekka-rok-wydania-2015-ean-9788328701748\/","title":{"rendered":"Bonda Katarzyna Bonda Wydawnictwo: Muza Ilo\u015b\u0107 stron: 400 Oprawa: mi\u0119kka Rok wydania: 2015 EAN: 9788328701748"},"content":{"rendered":"<p>Chcesz poprawi\u0107 sw\u00f3j wygl\u0105d i podkre\u015bli\u0107 urod\u0119? W takim razie Szampon Przeciw\u0142upie\u017cowy Dercos Vichy (200 m) W\u0142osy z \u0142upie\u017cem pomo\u017ce Ci osi\u0105gn\u0105\u0107 Twoj cel! Ciesz si\u0119 korzy\u015bciami jakie nios\u0105 produkty Vichy oraz inne akcesoria fryzjerskie w 100% oryginalnych marek.P\u0142e\u0107: UnisexWydajno\u015b\u0107: 200 mNie zawiera paraben\u00f3wZalecane stosowanie: W\u0142osy z \u0141upie\u017cem&#8230;<\/p>\n<p>Dermokosmetyki<\/p>\n<p>uprawa szparag\u00f3w jak rosn\u0105 szparagi, glinka bentonitowa cena, mango na odchudzanie, herbatka granulowana dla dzieci, zdrowy s\u0142odzik, produkty z wysokim ig, yope szampon opinie, 4us smart me, tahini warto\u015bci od\u017cywcze, olejek z oregano swanson, makaron gryczany ig, oferty hurtowe, cipsy, jab\u0142ka w ci\u0105\u017cy, soda oczyszczona do kapieli, naw\u00f3z do warzyw, ashwagandha jak stosowa\u0107, sezonowe, chleb razowy sk\u0142ad, dynia \u017co\u0142\u0119dziowa, kora sosny nadmorskiej<\/p>\n<p>yyyyy<\/p>\n","protected":false},"excerpt":{"rendered":"<p>Chcesz poprawi\u0107 sw\u00f3j wygl\u0105d i podkre\u015bli\u0107 urod\u0119? W takim razie Szampon Przeciw\u0142upie\u017cowy Dercos Vichy (200 m) W\u0142osy z \u0142upie\u017cem pomo\u017ce&hellip;<\/p>\n","protected":false},"featured_media":0,"comment_status":"closed","ping_status":"open","template":"","meta":[],"product_cat":[],"product_tag":[705,797,669,754],"class_list":["post-5275","product","type-product","status-publish","hentry","product_tag-guma-guar-szkodliwosc","product_tag-organic-farma-zdrowia","product_tag-vigo-kombucha","product_tag-zamienniki-miesa"],"_links":{"self":[{"href":"https:\/\/wegeblw.pl\/index.php\/wp-json\/wp\/v2\/product\/5275","targetHints":{"allow":["GET"]}}],"collection":[{"href":"https:\/\/wegeblw.pl\/index.php\/wp-json\/wp\/v2\/product"}],"about":[{"href":"https:\/\/wegeblw.pl\/index.php\/wp-json\/wp\/v2\/types\/product"}],"replies":[{"embeddable":true,"href":"https:\/\/wegeblw.pl\/index.php\/wp-json\/wp\/v2\/comments?post=5275"}],"wp:attachment":[{"href":"https:\/\/wegeblw.pl\/index.php\/wp-json\/wp\/v2\/media?parent=5275"}],"wp:term":[{"taxonomy":"product_cat","embeddable":true,"href":"https:\/\/wegeblw.pl\/index.php\/wp-json\/wp\/v2\/product_cat?post=5275"},{"taxonomy":"product_tag","embeddable":true,"href":"https:\/\/wegeblw.pl\/index.php\/wp-json\/wp\/v2\/product_tag?post=5275"}],"curies":[{"name":"wp","href":"https:\/\/api.w.org\/{rel}","templated":true}]}}